000
CXUS53 KDLH 010654
CLSDLH


CLIMATE REPORT
NATIONAL WEATHER SERVICE DULUTH MN
151 AM CDT THU SEP 1 2016

...................................

...THE DULUTH CLIMATE SUMMARY FOR THE SEASON, FROM
6/1/2016 TO 8/31/2016...

CLIMATE NORMAL PERIOD 1981 TO 2010
CLIMATE RECORD PERIOD 1870 TO 2016

WEATHER         OBSERVED          NORMAL  DEPART  LAST YEAR`S
                 VALUE   DATE(S)  VALUE   FROM    VALUE
                                          NORMAL
.............................................................
TEMPERATURE (F)
RECORD
 HIGH             106   07/13/1936
 LOW               18   06/25/2015
HIGHEST            90   07/22        MM      MM       93
LOWEST             37   06/08        MM      MM       36
MEAN             65.3              63.4     1.9     65.3

PRECIPITATION (INCHES)
RECORD
 MAXIMUM        14.59   2010
TOTALS          13.81             11.78    2.03    10.74

SNOWFALL (INCHES)
SINCE 7/1         0.0

DEGREE_DAYS
HEATING TOTAL     196               329    -133      217
COOLING TOTAL     258               186      72      274
..............................................................

WIND (MPH)
AVERAGE WIND SPEED              8.7
HIGHEST WIND SPEED/DIRECTION    53/280
HIGHEST GUST SPEED/DIRECTION    69/290

SKY COVER
POSSIBLE SUNSHINE (PERCENT)   MM



-  INDICATES NEGATIVE NUMBERS.
R  INDICATES RECORD WAS SET OR TIED.
MM INDICATES DATA IS MISSING.
T  INDICATES TRACE AMOUNT.

$$

.THE 2016 SUMMER SEASON WAS WARMER AND WETTER THAN NORMAL AT DULUTH
MN...

THE AVERAGE TEMPERATURE FOR THE SUMMER SEASON WAS 65.3 DEGREES WHICH
WAS 1.9 DEGREES ABOVE THE NORMAL OF 63.4 DEGREES. THIS WAS THE 10TH
WARMEST SUMMER ON RECORD AT DULUTH. 13.81 INCHES OF PRECIPITATION
WAS RECORDED FOR THE SEASON WHICH WAS 2.03 INCHES ABOVE THE NORMAL
OF 11.78 INCHES. THIS WAS THE 33RD WETTEST SUMMER SEASON ON RECORD.

THE OUTLOOK FOR FALL...NORMAL HIGHS START IN THE LOW 70S IN EARLY
SEPTEMBER AND COOL TO THE LOW 30S BY THE END OF NOVEMBER. NORMAL
LOWS START IN THE MID 50S IN EARLY SEPTEMBER AND COOL TO THE UPPER
TEENS BY THE END OF NOVEMBER. NORMAL PRECIPITATION FOR THE FALL IS
8.17 INCHES. NORMAL SNOWFALL FOR THE FALL IS 16.1 INCHES. THE LATEST
CPC OUTLOOK INDICATES THAT THERE IS A CHANCE OF ABOVE NORMAL
TEMPERATURES FOR THE FALL...WITH NO CLEAR INDICATION FOR ABOVE OR
BELOW NORMAL PRECIPITATION.

$$
