000
CXUS53 KDVN 011200 CCA
CLSDVN

CLIMATE REPORT
NATIONAL WEATHER SERVICE QUAD CITIES IA IL
544 AM CST SUN MAR 1 2015

...................................

...THE DAVENPORT IA CLIMATE SUMMARY FOR THE SEASON, FROM
12/1/2014 TO 2/28/2015...

CLIMATE NORMAL PERIOD 1981 TO 2010
CLIMATE RECORD PERIOD 9999 TO 9999

WEATHER         OBSERVED          NORMAL  DEPART
                 VALUE   DATE(S)  VALUE   FROM
                                          NORMAL
................................................
TEMPERATURE (F)
HIGHEST            52   12/14        40      12
LOWEST            -19   02/27        12     -31
AVG. MAXIMUM     29.7              32.4    -2.7
AVG. MINIMUM     12.7              15.9    -3.2
MEAN             21.2              24.1    -2.9
DAYS MAX >= 90      0
DAYS MAX <= 32     44
DAYS MIN <= 32     82
DAYS MIN <= 0      23

PRECIPITATION (INCHES)
TOTALS           3.36              4.26   -0.90
DAILY AVG.       0.04              0.05   -0.01
DAYS >= .01        21
DAYS >= .10        10
DAYS >= .50         1
DAYS >= 1.00        1
GREATEST
 24 HR. TOTAL    1.60   01/31 TO 02/01

SNOWFALL (INCHES)
TOTALS           28.2
SINCE 7/1        32.2
SNOWDEPTH AVG.      2
DAYS >= TRACE      35
DAYS >= 1.0         7
GREATEST
 SNOW DEPTH         9   02/03
                        02/02
 24 HR TOTAL     13.1   01/31 TO 02/01

DEGREE_DAYS
HEATING TOTAL    3891              3677     214
 SINCE 7/1         MM              5025      MM
COOLING TOTAL       0                 0       0
 SINCE 1/1          0                 0       0
.................................................

WIND (MPH)
AVERAGE WIND SPEED              10.8
HIGHEST WIND SPEED/DIRECTION    40/290    DATE  01/08
HIGHEST GUST SPEED/DIRECTION    51/300    DATE  01/08

SKY COVER
POSSIBLE SUNSHINE (PERCENT)   MM
AVERAGE SKY COVER           0.50
NUMBER OF DAYS FAIR           36
NUMBER OF DAYS PC             30
NUMBER OF DAYS CLOUDY         24

AVERAGE RH (PERCENT)     74

WEATHER CONDITIONS. NUMBER OF DAYS WITH
THUNDERSTORM              0     HAIL                       0
SLEET                     0     FOG                       49
FOG W/VIS <= 1/4 MILE     7     HAZE                      35

-  INDICATES NEGATIVE NUMBERS.
R  INDICATES RECORD WAS SET OR TIED.
MM INDICATES DATA IS MISSING.
T  INDICATES TRACE AMOUNT.

$$
===========================================================

NOTE: SUPPLEMENTAL CLIMATE DATA WAS USED FROM A NEARBY
CLIMATOLOGICALLY REPRESENTATIVE STATION FOR THE
FOLLOWING DAYS.

PARAMETER    DATE
---------    ----
   SNW       ALL OBSERVED SNW ABOVE
12Z DPTH     ALL OBSERVED 12Z DPTH ABOVE

===========================================================
OLSEN
