000
CXUS55 KLKN 022142
CLSELY


CLIMATE REPORT
NATIONAL WEATHER SERVICE ELKO NV
109 PM PST MON MAR 2 2015

...................................

...THE ELY AIRPORT NV CLIMATE SUMMARY FOR THE SEASON, FROM
12/1/2014 TO 2/28/2015...

CLIMATE NORMAL PERIOD 1981 TO 2010
CLIMATE RECORD PERIOD 1893 TO 2015

WEATHER         OBSERVED          NORMAL  DEPART  LAST YEAR`S
                 VALUE   DATE(S)  VALUE   FROM    VALUE
                                          NORMAL
.............................................................
TEMPERATURE (F)
RECORD
 HIGH              68   01/25/1951
                        12/03/1910
                        12/01/1910
 LOW              -30   02/06/1989
HIGHEST            66   02/18        61       5       62
                        02/13
                        02/14
LOWEST                  01/02       -16      15      -23
                        12/27
AVG. MAXIMUM     48.0              40.4     7.6     43.9
AVG. MINIMUM     19.7              12.5     7.2     13.6
MEAN             33.9              26.5     7.4     28.7
DAYS MAX >= 90      0               0.0     0.0        0
DAYS MAX <= 32      7              17.5   -10.5       13
DAYS MIN <= 32     83              87.5    -4.5       87
DAYS MIN <= 0       2              13.6   -11.6       13

PRECIPITATION (INCHES)
RECORD
 MAXIMUM         7.65   1895
 MINIMUM         0.48   1977
TOTALS           1.25              2.04   -0.79     2.72
DAILY AVG.       0.01              0.02   -0.01     0.03
DAYS >= .01        18              20.4    -2.4       16
DAYS >= .10         5               7.1    -2.1        7
DAYS >= .50         0               0.4    -0.4        1
DAYS >= 1.00        0               0.0     0.0        0

SNOWFALL (INCHES)
RECORDS
 TOTAL           66.0   1895
TOTALS           10.3              25.4   -15.1     26.2
DAYS >= 1.0         4               7.8    -3.8        6
GREATEST
 SNOW DEPTH         3   12/30                          8
                        12/29

DEGREE_DAYS
HEATING TOTAL    2797              3469    -672     3254
COOLING TOTAL       0                 0       0        0
..............................................................

WIND (MPH)
AVERAGE WIND SPEED              9.2
HIGHEST WIND SPEED/DIRECTION    41/140    DATE  12/12
HIGHEST GUST SPEED/DIRECTION    54/150    DATE  12/12

AVERAGE RH (PERCENT)     62

WEATHER CONDITIONS. NUMBER OF DAYS WITH
THUNDERSTORM              0     MIXED PRECIP               0
HEAVY RAIN                0     RAIN                       1
LIGHT RAIN               13     FREEZING RAIN              0
LT FREEZING RAIN          0     HAIL                       0
HEAVY SNOW                0     SNOW                       4
LIGHT SNOW               13     SLEET                      0
FOG                      17     FOG W/VIS <= 1/4 MILE      2
HAZE                      3

-  INDICATES NEGATIVE NUMBERS.
R  INDICATES RECORD WAS SET OR TIED.
MM INDICATES DATA IS MISSING.
T  INDICATES TRACE AMOUNT.

&&

==============================================================

...2ND WARMEST METEOROLOGICAL WINTER ON RECORD IN ELY...
...18TH DRIEST METEOROLOGICAL WINTER ON RECORD IN ELY...
...11TH LEAST SNOWY METEOROLOGICAL WINTER ON RECORD IN ELY...

THE AVERAGE TEMPERATURE IN ELY DURING METEOROLOGICAL WINTER
(DECEMBER-FEBRUARY) 2014-15 WAS 33.9 DEGREES...WHICH IS 7.4
DEGREES ABOVE THE 1981-2010 CLIMATOLOGICAL NORMAL OF 26.5
DEGREES. THIS MAKES WINTER 2014-15 THE 2ND WARMEST ON RECORD.
THE TOTAL PRECIPITATION WAS 1.25 INCHES...WHICH IS 0.79 INCHES
OR 39 PERCENT BELOW THE 1981-2010 CLIMATOLOGICAL NORMAL OF
2.04 INCHES. THIS MAKES WINTER 2014-15 THE 18TH DRIEST ON
RECORD. THE TOTAL SNOWFALL WAS 10.3 INCHES...WHICH IS 15.3
INCHES OR 59 PERCENT BELOW THE 1981-2010 CLIMATOLOGICAL NORMAL
OF 25.4 INCHES. THIS MAKES WINTER 2014-15 THE 11TH LEAST SNOWY
ON RECORD.

FEBRUARY 2015 WAS THE WARMEST FEBRUARY ON RECORD WITH AN
AVERAGE TEMPERATURE OF 38.0 DEGREES.

$$

RCM
