000
CXUS53 KDLH 010654
CLSINL


CLIMATE REPORT
NATIONAL WEATHER SERVICE DULUTH MN
151 AM CDT THU SEP 1 2016

...................................

...THE INTERNATIONAL FALLS MN CLIMATE SUMMARY FOR THE SEASON, FROM
6/1/2016 TO 8/31/2016...

CLIMATE NORMAL PERIOD 1981 TO 2010
CLIMATE RECORD PERIOD 1895 TO 2016

WEATHER         OBSERVED          NORMAL  DEPART  LAST YEAR`S
                 VALUE   DATE(S)  VALUE   FROM    VALUE
                                          NORMAL
.............................................................
TEMPERATURE (F)
RECORD
 HIGH              99   06/18/1995
                        06/17/1995
 LOW               23   06/01/1964
HIGHEST            89   07/20        MM      MM       90
LOWEST             30   06/08        MM      MM       30
MEAN             63.1              63.1     0.0     63.0

PRECIPITATION (INCHES)
RECORD
 MAXIMUM        15.72   2014
TOTALS          12.76             10.43    2.33     8.29

SNOWFALL (INCHES)
SINCE 7/1         0.0

DEGREE_DAYS
HEATING TOTAL     284               346     -62      196
COOLING TOTAL     146               173     -27       95
..............................................................

WIND (MPH)
AVERAGE WIND SPEED              6.0
HIGHEST WIND SPEED/DIRECTION    38/320
HIGHEST GUST SPEED/DIRECTION    52/320

SKY COVER
POSSIBLE SUNSHINE (PERCENT)   MM



-  INDICATES NEGATIVE NUMBERS.
R  INDICATES RECORD WAS SET OR TIED.
MM INDICATES DATA IS MISSING.
T  INDICATES TRACE AMOUNT.

$$

.THE 2016 SUMMER SEASON WAS WETTER THAN NORMAL WITH
NORMAL TEMPERATURES AT INTERNATIONAL FALLS MN...

THE AVERAGE TEMPERATURE FOR THE SUMMER SEASON WAS 63.1 DEGREES WHICH
WAS NORMAL. 12.76 INCHES OF PRECIPITATION WAS RECORDED FOR THE
SEASON WHICH WAS 2.33 INCHES ABOVE THE NORMAL OF 10.43 INCHES. THIS
WAS THE 18TH WETTEST SUMMER SEASON ON RECORD.

THE OUTLOOK FOR FALL...NORMAL HIGHS START IN THE LOW 70S IN EARLY
SEPTEMBER AND BY THE END OF NOVEMBER NORMAL HIGHS COOL TO THE MID
20S. NORMAL LOWS START IN THE UPPER 40S IN EARLY SEPTEMBER AND COOL
TO THE SINGLE DIGITS ABOVE ZONE BY LATE NOVEMBER. NORMAL
PRECIPITATION FOR THE FALL IS 6.45 INCHES. NORMAL SNOWFALL FOR THE
FALL IS 16.0 INCHES. THE LATEST CPC OUTLOOK INDICATES THAT THERE IS
A CHANCE OF ABOVE NORMAL TEMPERATURES FOR THE FALL...WITH NO CLEAR
INDICATION FOR ABOVE OR BELOW NORMAL PRECIPITATION.

$$
