000
CXUS53 KJKL 011538
CLSLOZ

CLIMATE REPORT
NATIONAL WEATHER SERVICE JACKSON KY
1038 AM EST THU DEC 1 2016

...................................

...THE LONDON KY CLIMATE SUMMARY FOR THE SEASON, FROM
9/1/2016 TO 11/30/2016...

CLIMATE NORMAL PERIOD 1981 TO 2010
CLIMATE RECORD PERIOD 1954 TO 2016

WEATHER         OBSERVED          NORMAL  DEPART  LAST YEAR`S
                 VALUE   DATE(S)  VALUE   FROM    VALUE  DATE(S)
                                          NORMAL
................................................................
TEMPERATURE (F)
RECORD
 HIGH              97   09/05/2007
 LOW                2   11/30/1976
HIGHEST            91   09/16        MM      MM       93  09/05
                        09/10                             09/04
                        09/13
LOWEST             20   11/21        MM      MM       19  11/23
AVG. MAXIMUM     74.6              69.2     5.4     70.7
AVG. MINIMUM     48.2              46.3     1.9     48.9
MEAN             61.4              57.7     3.7     59.8
DAYS MAX >= 90      9               2.0     7.0        6
DAYS MAX <= 32      0               0.2    -0.2        0
DAYS MIN <= 32     10              13.8    -3.8       12
DAYS MIN <= 0       0               0.0     0.0        0

PRECIPITATION (INCHES)
RECORD
 MAXIMUM        20.16   2004
 MINIMUM         4.07   2008
TOTALS           4.67             10.22   -5.55    10.67
DAILY AVG.       0.05              0.11   -0.06     0.12
DAYS >= .01        15              27.5   -12.5       31
DAYS >= .10        10              17.9    -7.9       22
DAYS >= .50         3               7.1    -4.1        8
DAYS >= 1.00        1               2.5    -1.5        3
GREATEST
 24 HR. TOTAL    1.65   11/29 TO 11/30              1.40

SNOWFALL (INCHES)
RECORDS
 TOTAL            4.5   1963
                        1959
TOTALS             MM                 T      MM       MM
SINCE 7/1          MM                 T      MM       MM
SNOWDEPTH AVG.     MM                MM      MM       MM
DAYS >= 1.0        MM               0.0      MM       MM
GREATEST
 24 HR TOTAL       MM                                 MM

DEGREE_DAYS
HEATING TOTAL     591               829    -238      665
 SINCE 7/1        591               830    -239      665
COOLING TOTAL     284               165     119      216
 SINCE 1/1       1507              1190     317     1387
.................................................................

WIND (MPH)
AVERAGE WIND SPEED              3.8
RESULTANT WIND SPEED/DIRECTION   1/272
HIGHEST WIND SPEED/DIRECTION    35/280    DATE  11/19
HIGHEST GUST SPEED/DIRECTION    47/270    DATE  11/19

SKY COVER
POSSIBLE SUNSHINE (PERCENT)   MM
NUMBER OF DAYS FAIR           64
NUMBER OF DAYS PC             20
NUMBER OF DAYS CLOUDY          7

AVERAGE RH (PERCENT)     64

WEATHER CONDITIONS. NUMBER OF DAYS WITH
THUNDERSTORM              4     MIXED PRECIP               0
HEAVY RAIN                6     RAIN                       8
LIGHT RAIN               20     FREEZING RAIN              0
LT FREEZING RAIN          0     HAIL                       0
HEAVY SNOW                0     SNOW                       0
LIGHT SNOW                0     SLEET                      0
FOG                      46     FOG W/VIS <= 1/4 MILE      9
HAZE                     12

-  INDICATES NEGATIVE NUMBERS.
R  INDICATES RECORD WAS SET OR TIED.
MM INDICATES DATA IS MISSING.
T  INDICATES TRACE AMOUNT.

$$

CARICO
