000
CXUS53 KARX 011829
CLSLSE

CLIMATE REPORT
NATIONAL WEATHER SERVICE LA CROSSE WI
1228 PM CST SUN MAR 1 2015

...METEOROLOGICAL WINTER WAS DRIER AND SLIGHTLY COLDER THAN NORMAL
IN LA CROSSE WI...

DURING METEOROLOGICAL WINTER /DECEMBER 1 THROUGH FEBRUARY 28/...LA
CROSSE REGIONAL AIRPORT WAS DRIER AND SLIGHTLY COLDER THAN NORMAL.
THE INFORMATION BELOW PROVIDES MORE DETAILS ON THESE STATISTICS.

TEMPERATURES -  SLIGHTLY COOLER THAN NORMAL

FROM DECEMBER 1ST THROUGH FEBRUARY 28TH...THE AVERAGE TEMPERATURE AT LA CROSSE
REGIONAL AIRPORT WAS 20.2 DEGREES.  THIS WAS 0.3 DEGREES BELOW THE NORMAL OF
20.5 DEGREES.

THE AVERAGE MAXIMUM TEMPERATURE WAS 28.1 DEGREES.  THIS WAS 0.6 DEGREES COLDER
THAN THE 1981-2010 AVERAGE OF 28.7 DEGREES. THE AVERAGE MINIMUM TEMPERATURE WAS
12.4 DEGREES.  THIS WAS 0.2 DEGREES WARMER THAN THE 1981-2010 AVERAGE OF 12.2
DEGREES.

THE TABLE BELOW CONTAINS THE MONTHLY TEMPERATURES AND THEIR DEPARTURES FROM
NORMAL FOR THE WINTER OF 2014-15.

          WINTER 2014-15 TEMPERATURES
               IN LA CROSSE WI

                  AVERAGE            DEPARTURE
   MONTH        TEMPERATURE         FROM NORMAL
   -----        -----------         -----------
 DECEMBER       28.0 DEGREES        +6.4 DEGREES
 JANUARY        20.6 DEGREES        +3.2 DEGREES
 FEBRUARY       11.2 DEGREES       -11.2 DEGREES - 9TH COLDEST

 WINTER         20.2 DEGREES        -0.3 DEGREES

THE WARMEST TEMPERATURE WAS 49 DEGREES ON DECEMBER 15TH. THE COLDEST
TEMPERATURE WAS -15 DEGREES ON FEBRUARY 23RD.

THE DAILY AVERAGE TEMPERATURES WERE ABOVE NORMAL ON 49 DAYS /54.4 PERCENT/...
BELOW NORMAL ON 39 DAYS /24.4 PERCENT/...AND NORMAL ON 2 DAYS /2.2 PERCENT/.

THE TEMPERATURE FELL BELOW ZERO 27 TIMES. NORMALLY...THERE ARE 21 SUB-ZERO
TEMPERATURES IN A WINTER.

PRECIPITATION - DRIER-THAN-NORMAL

FROM DECEMBER 1ST THROUGH FEBRUARY 28TH...LA CROSSE REGIONAL AIRPORT RECEIVED
2.31 INCHES OF PRECIPITATION.  THIS WAS 1.22 INCHES DRIER THAN THE WINTER 1981-
2010 NORMAL OF 3.53 INCHES.  THE TABLE BELOW CONTAINS THE MONTHLY PRECIPITATION
TOTALS AND THEIR DEPARTURES FROM NORMAL FOR THE WINTER OF 2014-15.

          WINTER 2014-15 PRECIPITATION
               IN LA CROSSE WI

                PRECIPITATION         DEPARTURE
   MONTH            TOTAL            FROM NORMAL
   -----        ------------         -----------
 DECEMBER        1.10 INCHES        -0.26 INCHES
 JANUARY         0.67 INCHES        -0.45 INCHES
 FEBRUARY        0.54 INCHES        -0.51 INCHES

 WINTER          2.31 INCHES        -1.22 INCHES

THE WETTEST DAY WAS ON DECEMBER 23RD WHEN 0.37 INCHES OF PRECIPITATION FELL.

PRECIPITATION FELL ON 46 DAYS /51.2 PERCENT/. MEASURABLE PRECIPITATION FELL ON
23 DAYS /25.6 PERCENT/.  TRACE AMOUNTS OF PRECIPITATION FELL ON 23 DAYS /25.6
PERCENT/.

SNOWFALL - LESS SNOW THAN NORMAL

FROM DECEMBER 1ST THROUGH FEBRUARY 28TH...THE SNOW OBSERVER NEAR LA CROSSE
REGIONAL AIRPORT RECEIVED 20.6 INCHES OF SNOW.  THIS WAS 9.6 INCHES BELOW THE
1981-2010 NORMAL OF 30.2 INCHES.  THE TABLE BELOW CONTAINS THE MONTHLY SNOWFALL
TOTALS AND THEIR DEPARTURES FROM NORMAL FOR THE WINTER OF 2014-15.

           WINTER 2014-15 SNOWFALL
               IN LA CROSSE WI

                  SNOWFALL            DEPARTURE
   MONTH            TOTAL            FROM NORMAL
   -----        ------------         -----------
 DECEMBER         2.0 INCHES         -9.3 INCHES
 JANUARY          9.4 INCHES         -1.3 INCHES
 FEBRUARY         9.2 INCHES         +1.0 INCHES

 WINTER          20.6 INCHES         -9.6 INCHES

THE SNOWIEST DAY WAS 5.0 INCHES ON FEBRUARY 1ST.

SNOW FELL ON 42 DAYS /46.6 PERCENT/.  MEASURABLE SNOW FELL ON 21 DAYS /23.3
PERCENT/.  A TRACE OF SNOW FELL ON ANOTHER 21 DAYS /23.3 PERCENT/.

SNOW DEPTH -

FROM DECEMBER 1ST THROUGH FEBRUARY 28TH...THE OFFICIAL SNOW OBSERVER NEAR LA
CROSSE REGIONAL AIRPORT HAD AN AVERAGE SNOW DEPTH OF 3.5 INCHES. THIS WAS 0.8
INCHES LOWER THAN THE AVERAGE OF 4.4 INCHES.

THE GREATEST SNOW DEPTH WAS 8 INCHES ON FEBRUARY 4TH THROUGH FEBRUARY 6TH.

THERE WAS SNOW ON THE GROUND ON 77 DAYS /85.5 PERCENT/ THIS WINTER.  MEASURABLE
SNOW WAS ON THE GROUND ON 65 DAYS /72.2 PERCENT/ AND TRACE AMOUNTS OF SNOW ON
THE GROUND ON 12 DAYS /13.3 PERCENT/.

...................................

...THE LA CROSSE WI CLIMATE SUMMARY FOR THE SEASON, FROM
12/1/2014 TO 2/28/2015...

CLIMATE NORMAL PERIOD 1981 TO 2010
CLIMATE RECORD PERIOD 1873 TO 2015

WEATHER         OBSERVED          NORMAL  DEPART
                 VALUE   DATE(S)  VALUE   FROM
                                          NORMAL
................................................
TEMPERATURE (F)
RECORD
 HIGH              67   12/05/1998
 LOW              -43   01/18/1873
HIGHEST            49   12/15        MM      MM
LOWEST            -15   02/23        MM      MM
AVG. MAXIMUM     27.9              28.7    -0.8
AVG. MINIMUM     12.0              12.2    -0.2
MEAN             20.0              20.5    -0.5
DAYS MAX >= 90      0               0.0     0.0
DAYS MAX <= 32     53              51.8     1.2
DAYS MIN <= 32     83              85.4    -2.4
DAYS MIN <= 0      27              19.4     7.6

PRECIPITATION (INCHES)
RECORD
 MAXIMUM           MM   MM
 MINIMUM           MM   MM
TOTALS           2.31              3.53   -1.22
DAILY AVG.       0.03              0.04   -0.01
DAYS >= .01        23              26.3    -3.3
DAYS >= .10        10              10.4    -0.4
DAYS >= .50         0               1.4    -1.4
DAYS >= 1.00        0               0.2    -0.2
GREATEST
 24 HR. TOTAL    0.45   MM
 STORM TOTAL       MM
 (MM/DD(HH))            MM

SNOWFALL (INCHES)
RECORDS
 TOTAL             MM   5
 24 HR TOTAL       MM
TOTALS           20.6              30.2    -9.6
 LIQUID EQUIV    2.06              3.00   -0.94
SINCE 7/1        28.4              34.5    -6.1
 LIQUID 7/1      2.84
DAYS >= TRACE      42              21.2    20.8
DAYS >= 1.0         7               9.6    -2.6
GREATEST
 SNOW DEPTH         8   02/06
                        02/04
                        02/05
 24 HR TOTAL      5.0   MM
 STORM TOTAL       MM
 (MM/DD(HH))            MM

DEGREE_DAYS
HEATING TOTAL    4006              4009      -3
 SINCE 7/1         MM              5509      MM
COOLING TOTAL       0                 0       0
 SINCE 1/1          0                 0       0

FREEZE DATES
RECORD
 EARLIEST     MM
 LATEST       MM
EARLIEST                        MM
LATEST                          MM
.................................................

WIND (MPH)
AVERAGE WIND SPEED              8.0
HIGHEST WIND SPEED/DIRECTION    33/310    DATE  01/08
HIGHEST GUST SPEED/DIRECTION    44/310    DATE  01/08

SKY COVER
POSSIBLE SUNSHINE (PERCENT)   MM
AVERAGE SKY COVER           0.60
NUMBER OF DAYS FAIR           29
NUMBER OF DAYS PC             26
NUMBER OF DAYS CLOUDY         35

AVERAGE RH (PERCENT)     71

WEATHER CONDITIONS. NUMBER OF DAYS WITH
THUNDERSTORM              0     MIXED PRECIP               0
HEAVY RAIN                0     RAIN                       0
LIGHT RAIN                9     FREEZING RAIN              1
LT FREEZING RAIN          6     HAIL                       0
HEAVY SNOW                0     SNOW                       2
LIGHT SNOW               39     SLEET                      0
FOG                      37     FOG W/VIS <= 1/4 MILE      3
HAZE                     23

-  INDICATES NEGATIVE NUMBERS.
R  INDICATES RECORD WAS SET OR TIED.
MM INDICATES DATA IS MISSING.
T  INDICATES TRACE AMOUNT.

$$

BOYNE
