000
CXUS51 KCTP 011555
CLSMDT

CLIMATE REPORT
NATIONAL WEATHER SERVICE STATE COLLEGE PA
1147 AM EDT MON JUN 1 2015

...................................

...THE HARRISBURG PA CLIMATE SUMMARY FOR THE SEASON, FROM
3/1/2015 TO 5/31/2015...

CLIMATE NORMAL PERIOD 1981 TO 2010
CLIMATE RECORD PERIOD 1888 TO 2015

WEATHER         OBSERVED          NORMAL  DEPART  LAST YEAR`S
                 VALUE   DATE(S)  VALUE   FROM    VALUE  DATE(S)
                                          NORMAL
................................................................
TEMPERATURE (F)
RECORD
 HIGH              97   05/01/1942
                        05/31/1939
 LOW               -1   03/07/2015

HIGHEST            90   05/31
LOWEST             -1   03/07

AVG. MAXIMUM     63.4              61.6     1.8     60.7
AVG. MINIMUM     42.0              42.3    -0.3     40.1
MEAN             52.7              52.0     0.7     50.4
DAYS MAX >= 90      1               1.4    -0.4        0
DAYS MAX <= 32      2               1.1     0.9        4
DAYS MIN <= 32     26              15.7    10.3       25
DAYS MIN <= 0       2               0.0     2.0        0

PRECIPITATION (INCHES)
RECORD
 MAXIMUM        20.79   2011
 MINIMUM         5.40   1926

TOTALS           9.15             10.26   -1.11    14.93
DAILY AVG.       0.10              0.11   -0.01     0.17
DAYS >= .01        37              33.9     3.1       32
DAYS >= .10        20              20.7    -0.7       24
DAYS >= .50         7               7.1    -0.1        8
DAYS >= 1.00        2               2.4    -0.4        6
GREATEST
 24 HR. TOTAL    1.30   MM

STORM TOTAL       MM
 (MM/DD(HH))            MM

SNOWFALL (INCHES)
RECORDS
 TOTAL           24.0   1927
 24 HR TOTAL       MM
 SNOW DEPTH        MM   MM

TOTALS           11.8               5.6     6.2      1.4
 LIQUID EQUIV    1.18              0.00    1.18     0.14
SINCE 7/1        39.2              30.6     8.6     44.0
 LIQUID 7/1      3.92              3.10    0.82     4.40
SNOWDEPTH AVG.      0                MM      MM        0
DAYS >= TRACE       9               2.9     6.1        8
DAYS >= 1.0         3               1.4     1.6        0
GREATEST
 SNOW DEPTH         6   03/06
 24 HR TOTAL      6.3   MM

 STORM TOTAL       MM
 (MM/DD(HH))            MM


DEGREE_DAYS
HEATING TOTAL    1284              1262      22     1381
 SINCE 7/1       5587              5251     336     5725
COOLING TOTAL     174                64     110       60
 SINCE 1/1        174                65     109       60

FREEZE DATES
RECORD
 EARLIEST     09/24/1963
 LATEST       05/11/1966
EARLIEST                        09/24
LATEST                          05/11
..................................................

WIND (MPH)
AVERAGE WIND SPEED              7.5
RESULTANT WIND SPEED/DIRECTION   3/302
HIGHEST WIND SPEED/DIRECTION    41/240    DATE  05/16
HIGHEST GUST SPEED/DIRECTION    57/210    DATE  05/31

SKY COVER
POSSIBLE SUNSHINE (PERCENT)   MM
AVERAGE SKY COVER           0.60
NUMBER OF DAYS FAIR           15
NUMBER OF DAYS PC             45
NUMBER OF DAYS CLOUDY         32

AVERAGE RH (PERCENT)     60

WEATHER CONDITIONS. NUMBER OF DAYS WITH
THUNDERSTORM              9     MIXED PRECIP               1
HEAVY RAIN               10     RAIN                      20
LIGHT RAIN               45     FREEZING RAIN              1
LT FREEZING RAIN          3     HAIL                       0
HEAVY SNOW                1     SNOW                       4
LIGHT SNOW                7     SLEET                      5
FOG                      41     FOG W/VIS <= 1/4 MILE      8
HAZE                     27

-  INDICATES NEGATIVE NUMBERS.
R  INDICATES RECORD WAS SET OR TIED.
MM INDICATES DATA IS MISSING.
T  INDICATES TRACE AMOUNT.

$$

LA CORTE
