000
CXUS53 KDVN 011407
CLSMLI


CLIMATE REPORT
NATIONAL WEATHER SERVICE QUAD CITIES IA IL
0804 AM CST MON DEC 1 2014

...................................

...THE MOLINE CLIMATE SUMMARY FOR THE SEASON, FROM
9/1/2014 TO 11/30/2014...

CLIMATE NORMAL PERIOD 1981 TO 2010
CLIMATE RECORD PERIOD 1872 TO 2014

WEATHER         OBSERVED          NORMAL  DEPART
                 VALUE   DATE(S)  VALUE   FROM
                                          NORMAL
................................................
TEMPERATURE (F)
RECORD
 HIGH             100   09/15/1939
                        09/06/1922
 LOW              -10   11/29/1891
HIGHEST            88   09/04        82       6
LOWEST              5   11/21        24     -19
AVG. MAXIMUM     59.7              63.4    -3.7
AVG. MINIMUM     38.4              42.4    -4.0
MEAN             49.1              52.9    -3.8
DAYS MAX >= 90      0               2.1    -2.1
DAYS MAX <= 32     12               2.3     9.7
DAYS MIN <= 32     29              21.1     7.9
DAYS MIN <= 0       0               0.0     0.0

PRECIPITATION (INCHES)
RECORD
 MAXIMUM           MM   MM
 MINIMUM           MM   MM
TOTALS          10.00              8.62    1.38
DAILY AVG.       0.11              0.09    0.02
DAYS >= .01        26              27.1    -1.1
DAYS >= .10        15
DAYS >= .50         5
DAYS >= 1.00        3               1.9     1.1
GREATEST
 24 HR. TOTAL    3.24   09/09 TO 09/09

SNOWFALL (INCHES)
RECORDS
 TOTAL             MM   MM
TOTALS            4.6               1.2     3.4
SINCE 7/1         4.6               1.2     3.4
SNOWDEPTH AVG.      0
DAYS >= TRACE      14               1.7    12.3
DAYS >= 1.0         2               0.4     1.6
GREATEST
 SNOW DEPTH         2   11/25
                        11/16
 24 HR TOTAL      2.3   11/24 TO 11/24

DEGREE_DAYS
HEATING TOTAL    1500              1223     277
 SINCE 7/1       1505              1231     274
COOLING TOTAL      73               121     -48
 SINCE 1/1        839              1004    -165
.................................................

WIND (MPH)
AVERAGE WIND SPEED              8.1
HIGHEST WIND SPEED/DIRECTION    33/270    DATE  11/24
HIGHEST GUST SPEED/DIRECTION    48/300    DATE  09/04

SKY COVER
POSSIBLE SUNSHINE (PERCENT)   MM
AVERAGE SKY COVER           0.40
NUMBER OF DAYS FAIR           47
NUMBER OF DAYS PC             27
NUMBER OF DAYS CLOUDY         16

AVERAGE RH (PERCENT)     70

WEATHER CONDITIONS. NUMBER OF DAYS WITH
THUNDERSTORM              7     HAIL                       0
SLEET                     0     FOG                       55
FOG W/VIS <= 1/4 MILE     6     HAZE                      24

-  INDICATES NEGATIVE NUMBERS.
R  INDICATES RECORD WAS SET OR TIED.
MM INDICATES DATA IS MISSING.
T  INDICATES TRACE AMOUNT.

$$

================================================================

NOTE: SUPPLEMENTAL CLIMATE DATA WAS USED FROM A NEARBY
CLIMATOLOGICALLY REPRESENTATIVE STATION FOR THE
FOLLOWING DAYS.

PARAMETER    DATE
---------    ----
   SNW       ALL OBSERVED SNW
12Z DPTH     ALL OBSERVED 12Z DPTH ABOVE

================================================================

GROSS
