000
CXUS53 KILX 011423 RRA
CLSMTO

CLIMATE REPORT
NATIONAL WEATHER SERVICE LINCOLN IL
923 AM CDT WED JUN 1 2016

...................................

...THE MATTOON IL AIRPORT CLIMATE SUMMARY FOR THE SEASON, FROM
3/1/2016 TO 5/31/2016...

CLIMATE NORMAL PERIOD 1981 TO 2010
CLIMATE RECORD PERIOD 9999 TO 9999

WEATHER         OBSERVED          NORMAL  DEPART  LAST YEAR`S
                 VALUE   DATE(S)  VALUE   FROM    VALUE
                                          NORMAL
.............................................................
TEMPERATURE (F)
RECORD
 HIGH              MM   MM
 LOW               MM   MM
HIGHEST            86   05/31        MM      MM       84
LOWEST             17   03/02        MM      MM       -6
AVG. MAXIMUM     64.5              63.0     1.5     62.9
AVG. MINIMUM     44.7              43.1     1.6     43.0
MEAN             54.6              53.1     1.5     53.0
DAYS MAX >= 90      0               0.2    -0.2        0
DAYS MAX <= 32      0               1.2    -1.2        4
DAYS MIN <= 32     15              19.4    -4.4       19
DAYS MIN <= 0       0               0.0     0.0        2

PRECIPITATION (INCHES)
RECORD
 MAXIMUM           MM   MM
 MINIMUM           MM   MM
TOTALS          11.01             10.37    0.64     9.20
DAILY AVG.       0.12                               0.10
DAYS >= .01        40                MM      MM       32
DAYS >= .10        27                MM      MM       22
DAYS >= .50         7                MM      MM        7
DAYS >= 1.00        1                MM      MM        1
GREATEST
 24 HR. TOTAL    1.44   MM                          1.12

DEGREE_DAYS
HEATING TOTAL    1012              1186    -174     1211
 SINCE 7/1       4534              5390    -856     5904
COOLING TOTAL      75                88     -13      127
 SINCE 1/1         75                88     -13      127

FREEZE DATES
RECORD
 EARLIEST     MM
 LATEST       MM
EARLIEST                        MM
LATEST                          MM
..............................................................

WIND (MPH)
AVERAGE WIND SPEED              9.6
HIGHEST WIND SPEED/DIRECTION    47/300    DATE  04/02
HIGHEST GUST SPEED/DIRECTION    61/310    DATE  04/02

SKY COVER
POSSIBLE SUNSHINE (PERCENT)   MM
AVERAGE SKY COVER           0.40
NUMBER OF DAYS FAIR           42
NUMBER OF DAYS PC             30
NUMBER OF DAYS CLOUDY         20

AVERAGE RH (PERCENT)     68

WEATHER CONDITIONS. NUMBER OF DAYS WITH
THUNDERSTORM             19     MIXED PRECIP               0
HEAVY RAIN               18     RAIN                      26
LIGHT RAIN               52     FREEZING RAIN              0
LT FREEZING RAIN          1     HAIL                       0
HEAVY SNOW                0     SNOW                       0
LIGHT SNOW                1     SLEET                      0
FOG                      49     FOG W/VIS <= 1/4 MILE      3
HAZE                     16

-  INDICATES NEGATIVE NUMBERS.
R  INDICATES RECORD WAS SET OR TIED.
MM INDICATES DATA IS MISSING.
T  INDICATES TRACE AMOUNT.

$$
