000
CXUS51 KALY 011450
CLSPOU

CLIMATE REPORT
NATIONAL WEATHER SERVICE ALBANY NY
1049 AM EDT TUE SEP 1 2015

...................................

...THE POUGHKEEPSIE NY CLIMATE SUMMARY FOR THE SEASON, FROM
6/1/2015 TO 8/31/2015...

CLIMATE NORMAL PERIOD 1981 TO 2010
CLIMATE RECORD PERIOD 1949 TO 2015

WEATHER         OBSERVED          NORMAL  DEPART  LAST YEAR`S
                 VALUE   DATE(S)  VALUE   FROM    VALUE  DATE(S)
                                          NORMAL
................................................................
TEMPERATURE (F)
HIGHEST            96   07/29                         93  07/02
                        07/19
LOWEST             40   06/07                         48  08/29
                                                          06/15
                                                          06/01
AVG. MAXIMUM     83.4              82.2     1.2     81.9
AVG. MINIMUM     60.1              58.8     1.3     59.7
MEAN             71.7              70.5     1.2     70.8
DAYS MAX >= 90     15              12.5     2.5        6
DAYS MAX <= 32      0               0.0     0.0        0
DAYS MIN <= 32      0               0.0     0.0        0
DAYS MIN <= 0       0               0.0     0.0        0

PRECIPITATION (INCHES)
RECORD
 MAXIMUM        20.77   1975
 MINIMUM         2.87   1966
TOTALS           8.29             13.28   -4.99    10.64
DAILY AVG.       0.09              0.14   -0.05     0.12
DAYS >= .01        30              32.7    -2.7       33
DAYS >= .10        18              21.9    -3.9       21
DAYS >= .50         4               8.9    -4.9        6
DAYS >= 1.00        1               3.4    -2.4        3
GREATEST
 24 HR. TOTAL    1.08   08/11 TO 08/11

DEGREE_DAYS
HEATING TOTAL      46                65     -19
 SINCE 7/1          0                17     -17
COOLING TOTAL     692               567     125
 SINCE 1/1        805               604     201

FREEZE DATES
RECORD
 EARLIEST     09/15/1963
 LATEST       05/25/1949
EARLIEST                        10/09
LATEST                          04/29
.................................................................

WIND (MPH)
AVERAGE WIND SPEED              3.9
HIGHEST WIND SPEED/DIRECTION    25/010    DATE  08/21
HIGHEST GUST SPEED/DIRECTION    39/240    DATE  06/09


WEATHER CONDITIONS. NUMBER OF DAYS WITH
THUNDERSTORM             18     MIXED PRECIP               0
HEAVY RAIN               12     RAIN                      12
LIGHT RAIN               28     FREEZING RAIN              0
LT FREEZING RAIN          0     HAIL                       0
HEAVY SNOW                0     SNOW                       0
LIGHT SNOW                0     SLEET                      0
FOG                      42     FOG W/VIS <= 1/4 MILE      2
HAZE                     10

-  INDICATES NEGATIVE NUMBERS.
R  INDICATES RECORD WAS SET OR TIED.
MM INDICATES DATA IS MISSING.
T  INDICATES TRACE AMOUNT.

RECORDS FOR POUGHKEEPSIE DATE BACK TO 1949...HOWEVER DATA IS MISSING
FROM JANUARY 1993 THROUGH JULY 2000.

$$
