000
CXUS53 KGRB 051222
CLSRHI

CLIMATE REPORT
NATIONAL WEATHER SERVICE GREEN BAY
722 AM CST TUE DEC 5 2017

...THE RHINELANDER WI FALL CLIMATE SUMMARY FROM 9/1/2017 TO
11/30/2017...

CLIMATE NORMAL PERIOD 1981 TO 2010
CLIMATE RECORD PERIOD 1908 TO 2017

WEATHER         OBSERVED          NORMAL  DEPART  LAST YEAR`S
                 VALUE   DATE(S)  VALUE   FROM    VALUE  DATE(S)
                                          NORMAL
................................................................
TEMPERATURE (F)
RECORD
 HIGH              98   09/10/1908
 LOW              -16   11/30/1976
HIGHEST            87   09/24        86       1       79  09/05
LOWEST              0   11/10         2      -2       10  11/21
AVG. MAXIMUM     55.2              52.7     2.5     59.4
AVG. MINIMUM     35.9              33.6     2.3     39.2
MEAN             45.5              43.2     2.3     49.3
DAYS MAX >= 90      0               0.0     0.0        0
DAYS MAX <= 32      9              10.3    -1.3        2
DAYS MIN <= 32     42              42.4    -0.4       28
DAYS MIN <= 0       1               0.5     0.5        0

PRECIPITATION (INCHES)
RECORD
 MAXIMUM        17.47   1934
 MINIMUM         1.11   1976
TOTALS           7.47              9.08   -1.61    13.19
DAILY AVG.       0.08              0.10   -0.02     0.15
DAYS >= .01        37                MM      MM       32
DAYS >= .10        20                MM      MM       14
DAYS >= .50         4                MM      MM        6
DAYS >= 1.00        1                MM      MM        3

SNOWFALL (INCHES)
RECORDS
 TOTAL           35.1   2014
 24 HR TOTAL       MM
TOTALS           13.7                MM      MM      6.6
SINCE 7/1        13.7                MM      MM      6.6
DAYS >= TRACE      20                MM      MM        6
DAYS >= 1.0         4                MM      MM        1
GREATEST
 SNOW DEPTH         4   11/11                          5  11/24
                                                          11/23
 24 HR TOTAL      4.3   MM

DEGREE_DAYS
HEATING TOTAL    1771              2007    -236     1421
 SINCE 7/1       1937              2134    -197     1482
COOLING TOTAL      53                21      32       13
 SINCE 1/1        215               261     -46      321

FREEZE DATES
RECORD
 EARLIEST     08/27/1915    193
 LATEST       07/30/1928
EARLIEST                        09/23
LATEST                          05/20
.................................................................

WIND (MPH)
AVERAGE WIND SPEED              7.4
RESULTANT WIND SPEED/DIRECTION   3/227
HIGHEST WIND SPEED/DIRECTION    32/270    DATE  11/28
HIGHEST GUST SPEED/DIRECTION    42/270    DATE  11/28

SKY COVER
POSSIBLE SUNSHINE (PERCENT)   MM
AVERAGE SKY COVER           0.50
NUMBER OF DAYS FAIR           33
NUMBER OF DAYS PC             32
NUMBER OF DAYS CLOUDY         26

AVERAGE RH (PERCENT)     77

WEATHER CONDITIONS. NUMBER OF DAYS WITH
THUNDERSTORM              7     MIXED PRECIP               0
HEAVY RAIN                8     RAIN                       6
LIGHT RAIN               35     FREEZING RAIN              0
LT FREEZING RAIN          0     HAIL                       0
HEAVY SNOW                0     SNOW                       2
LIGHT SNOW               20     SLEET                      0
FOG                      61     FOG W/VIS <= 1/4 MILE     18
HAZE                      6

-  INDICATES NEGATIVE NUMBERS.
R  INDICATES RECORD WAS SET OR TIED.
MM INDICATES DATA IS MISSING.
T  INDICATES TRACE AMOUNT.

$$
ECKBERG
