000
CXUS53 KGRB 030330 RRA
CLSRHI

SEASONAL CLIMATE REPORT
NATIONAL WEATHER SERVICE GREEN BAY
1028 PM CDT TUE SEP 2 2014

...THE RHINELANDER WI SUMMER CLIMATE SUMMARY FROM 6/1/2014 TO
8/31/2014...

...14TH COLDEST AND 19TH WETTEST SUMMER ON RECORD...

................................................................

CLIMATE NORMAL PERIOD 1981 TO 2010
CLIMATE RECORD PERIOD 1908 TO 2014

WEATHER         OBSERVED          NORMAL  DEPART  LAST YEAR`S
                 VALUE   DATE(S)  VALUE   FROM    VALUE  DATE(S)
                                          NORMAL
................................................................
TEMPERATURE (F)
RECORD
 HIGH             108   07/13/1936
 LOW               27   06/01/2003
HIGHEST            85   06/17        92      -7       92  08/25
LOWEST             37   08/14        35       2       32  06/03
                        06/14
AVG. MAXIMUM     74.1              76.8    -2.7     75.2
AVG. MINIMUM     52.1              52.6    -0.5     51.8
MEAN             63.1              64.7    -1.6     63.5
DAYS MAX >= 90      0               2.1    -2.1        4
DAYS MAX <= 32      0               0.0     0.0        0
DAYS MIN <= 32      0               0.5    -0.5        1
DAYS MIN <= 0       0               0.0     0.0        0

PRECIPITATION (INCHES)
RECORD
 MAXIMUM        21.33   1978
 MINIMUM         4.71   2003
TOTALS          15.35             11.20    4.15    13.51
DAILY AVG.       0.17              0.12    0.05     0.15
DAYS >= .01        43                MM      MM       37
DAYS >= .10        23                MM      MM       20
DAYS >= .50        12                MM      MM       12
DAYS >= 1.00        5                MM      MM        4

SNOWFALL (INCHES)
RECORDS
 TOTAL            0.0   MM
 24 HR TOTAL      0.0
TOTALS            0.0                MM      MM      0.0
SINCE 7/1         0.0                MM      MM      0.0
DAYS >= TRACE       0                MM      MM        0
DAYS >= 1.0         0                MM      MM        0
GREATEST
 SNOW DEPTH         0   MM                             0  MM
 24 HR TOTAL      0.0   MM

DEGREE_DAYS
HEATING TOTAL     293               261      32      364
 SINCE 7/1        200               127      73      190
COOLING TOTAL     140               230     -90      250
 SINCE 1/1        147               241     -94      264

FREEZE DATES
RECORD
 EARLIEST     08/27/1915
 LATEST       07/30/1928
EARLIEST                        09/23
LATEST                          05/20
.................................................................

WIND (MPH)
AVERAGE WIND SPEED              6.0
HIGHEST WIND SPEED/DIRECTION    30/260    DATE  07/12
HIGHEST GUST SPEED/DIRECTION    40/330    DATE  07/06

SKY COVER
POSSIBLE SUNSHINE (PERCENT)   MM
AVERAGE SKY COVER           0.50
NUMBER OF DAYS FAIR           28
NUMBER OF DAYS PC             43
NUMBER OF DAYS CLOUDY         21

AVERAGE RH (PERCENT)     75

WEATHER CONDITIONS. NUMBER OF DAYS WITH
THUNDERSTORM             22     MIXED PRECIP               0
HEAVY RAIN               15     RAIN                      23
LIGHT RAIN               46     FREEZING RAIN              0
LT FREEZING RAIN          0     HAIL                       0
HEAVY SNOW                0     SNOW                       0
LIGHT SNOW                0     SLEET                      0
FOG                      67     FOG W/VIS <= 1/4 MILE     24
HAZE                      4

-  INDICATES NEGATIVE NUMBERS.
R  INDICATES RECORD WAS SET OR TIED.
MM INDICATES DATA IS MISSING.
T  INDICATES TRACE AMOUNT.

$$
ECKBERG
