000
CXUS51 KRNK 012232
CLSROA


CLIMATE REPORT
NATIONAL WEATHER SERVICE BLACKSBURG VA
626 PM EDT THU SEP 1 2016

...................................

...THE ROANOKE VA CLIMATE SUMMARY FOR THE SEASON, FROM
6/1/2016 TO 8/31/2016...

CLIMATE NORMAL PERIOD 1981 TO 2010
CLIMATE RECORD PERIOD 1912 TO 2016

WEATHER         OBSERVED          NORMAL  DEPART  LAST YEAR`S
                 VALUE   DATE(S)  VALUE   FROM    VALUE
                                          NORMAL
.............................................................
TEMPERATURE (F)
RECORD
 HIGH             105   08/21/1983
                        07/10/1936
                        08/05/1930
 LOW               36   06/11/1913
HIGHEST            98   07/26                         94
LOWEST             51   06/09                         54
AVG. MAXIMUM     86.7              85.4     1.3     85.5
AVG. MINIMUM     67.2              64.6     2.6     66.5
MEAN             76.9              75.0     1.9     76.0
DAYS MAX >= 90     33              22.2    10.8       19
DAYS MAX <= 32      0               0.0     0.0        0
DAYS MIN <= 32      0               0.0     0.0        0
DAYS MIN <= 0       0               0.0     0.0        0

PRECIPITATION (INCHES)
RECORD
 MAXIMUM        26.85   1940
 MINIMUM         4.77   1993
TOTALS          16.04             11.43    4.61    16.45
DAILY AVG.       0.17              0.12    0.05     0.18
DAYS >= .01        40              31.9     8.1       36
DAYS >= .10        25              19.5     5.5       23
DAYS >= .50        12               7.3     4.7       10
DAYS >= 1.00        4               2.9     1.1        7
GREATEST
 24 HR. TOTAL    2.18                               3.45

SNOWFALL (INCHES)
TOTALS            0.0                                  T
DAYS >= TRACE       0                                  1
DAYS >= 1.0         0                                  0
GREATEST
 24 HR TOTAL      0.0                                0.0

DEGREE_DAYS
HEATING TOTAL       0                13     -13        7
COOLING TOTAL    1124               932     192     1048
..............................................................

WIND (MPH)
AVERAGE WIND SPEED              5.1
HIGHEST WIND SPEED/DIRECTION    44/330    DATE  07/08
HIGHEST GUST SPEED/DIRECTION    60/320    DATE  07/08

SKY COVER
AVERAGE SKY COVER           0.40

AVERAGE RH (PERCENT)     71

WEATHER CONDITIONS. NUMBER OF DAYS WITH
THUNDERSTORM             23     MIXED PRECIP               0
HEAVY RAIN               13     RAIN                      26
LIGHT RAIN               50     FREEZING RAIN              0
LT FREEZING RAIN          0     HAIL                       0
HEAVY SNOW                0     SNOW                       0
LIGHT SNOW                0     SLEET                      0
FOG                      34     FOG W/VIS <= 1/4 MILE      1
HAZE                      3

-  INDICATES NEGATIVE NUMBERS.
R  INDICATES RECORD WAS SET OR TIED.
MM INDICATES DATA IS MISSING.
T  INDICATES TRACE AMOUNT.

$$

PW
