000
CXUS53 KARX 031632
CLSRST

CLIMATE REPORT
NATIONAL WEATHER SERVICE LA CROSSE WI
1032 AM CST WED DEC 3 2014

...METEOROLOGICAL AUTUMN OF 2014 WAS COLDER AND DRIER AT ROCHESTER MN...

AUTUMN OF 2014 WAS COLDER AND DRIER AT ROCHESTER MN.  MORE DETAILS
CAN BE FOUND BELOW.

TEMPERATURES...

FROM SEPTEMBER 1 THROUGH NOVEMBER 30 2013...ROCHESTER INTERNATIONAL
AIRPORT HAD AN AVERAGE TEMPERATURE OF 44.0 DEGREES.  THIS WAS
3.7 DEGREES COLDER THAN THE 1981-2010 NORMAL OF 47.7 DEGREES. BOTH
SEPTEMBER AND OCTOBER WERE ABOUT 1 DEGREE COLDER THAN NORMAL. NOVEMBER
WAS 9.1 COLDER THAN NORMAL.  THIS IS TIED WITH 1959 FOR THE SIXTH
COLDEST AND THE COLDEST SINCE 1991 /23.9 DEGREES - 5TH COLDEST/.
THIS AUTUMN WAS THE 12TH COLDEST AND THE COLDEST SINCE 1996
/43.7 DEGREE - 9TH COLDEST/.  THE COLDEST AUTUMN OCCURRED BACK IN 1976
WHEN THE AVERAGE TEMPERATURE WAS 41.8 DEGREES.

THE TABLE BELOW CONTAINS THE MONTHLY AVERAGE TEMPERATURES AND THEIR
DEPARTURES FROM NORMAL FOR THE AUTUMN OF 2014.

           AUTUMN 2014 TEMPERATURES
               IN ROCHESTER MN

                  AVERAGE            DEPARTURE
   MONTH        TEMPERATURE         FROM NORMAL
   -----        -----------         -----------
   SEPTEMBER   59.8 DEGREES        -1.1 DEGREES
   OCTOBER     47.4 DEGREES        -1.0 DEGREES
   NOVEMBER    24.7 DEGREES        -9.1 DEGREES - 6TH COLDEST

   AUTUMN      44.0 DEGREES        -3.7 DEGREES - 12TH COLDEST

THE AVERAGE HIGH TEMPERATURE WAS 53.4 DEGREES WHICH WAS 3.7 DEGREES
COLDER THAN 1981-2010 NORMAL OF 57.1 DEGREES.

THE AVERAGE LOW TEMPERATURE WAS 34.6 DEGREES WHICH WAS 3.7 DEGREES
COLDER THAN 1981-2010 NORMAL OF 38.3 DEGREES.

THE WARMEST TEMPERATURE WAS 85 DEGREES ON SEPTEMBER 4TH.
THE COLDEST TEMPERATURE WAS -8 DEGREES ON NOVEMBER 27TH.

PRECIPITATION...

FROM SEPTEMBER 1 THROUGH NOVEMBER 30 2014...ROCHESTER INTERNATIONAL
AIRPORT RECEIVED 6.82 INCHES OF PRECIPITATION.  THIS WAS 0.78 INCHES
DRIER THAN THE 1981-2010 NORMAL 7.60 INCHES.

THE TABLE BELOW CONTAINS THE MONTHLY PRECIPITATION TOTALS AND THEIR
DEPARTURES FROM NORMAL FOR THE AUTUMN OF 2014.

          AUTUMN 2014 PRECIPITATION
               IN ROCHESTER MN

                PRECIPITATION         DEPARTURE
   MONTH            TOTAL            FROM NORMAL
   -----        ------------         -----------
   SEPTEMBER    3.54 INCHES         +0.09 INCHES
   OCTOBER      2.37 INCHES         +0.13 INCHES
   NOVEMBER     0.91 INCHES         -1.00 INCHES

   AUTUMN       6.82 INCHES         -0.78 INCHES

THE HIGHEST DAILY PRECIPITATION TOTAL WAS 0.98 INCHES ON SEPTEMBER 1ST.
THIS WAS 14.4 PERCENT OF THE AUTUMN PRECIPITATION.

SNOWFALL...

FROM SEPTEMBER 1 THROUGH NOVEMBER 30 2014...ROCHESTER INTERNATIONAL AIRPORT
RECEIVED JUST 9.2 INCHES OF SNOW.  THIS WAS 2.3 INCHES SNOWIER THE 1981-2010
NORMAL OF 6.9 INCHES.

THE TABLE BELOW CONTAINS THE MONTHLY SNOWFALL TOTALS AND THEIR DEPARTURES
FROM NORMAL FOR THE AUTUMN OF 2014.

            AUTUMN 2014 SNOWFALL
               IN ROCHESTER MN

                  SNOWFALL            DEPARTURE
   MONTH            TOTAL            FROM NORMAL
   -----        ------------         -----------
   SEPTEMBER     0.0 INCHES           0.0 INCHES
   OCTOBER         TRACE             -0.8 INCHES
   NOVEMBER      9.2 INCHES          +3.1 INCHES

   AUTUMN        9.2 INCHES          +2.3 INCHES

THE HIGHEST DAILY SNOWFALL TOTAL WAS 2.8 INCHES ON NOVEMBER 26TH.

...................................

...THE ROCHESTER MN CLIMATE SUMMARY FOR THE SEASON, FROM
9/1/2014 TO 11/30/2014...

CLIMATE NORMAL PERIOD 1981 TO 2010
CLIMATE RECORD PERIOD 1886 TO 2014

WEATHER         OBSERVED          NORMAL  DEPART  LAST YEAR`S
                 VALUE   DATE(S)  VALUE   FROM    VALUE  DATE(S)
                                          NORMAL
................................................................
TEMPERATURE (F)
RECORD
 HIGH             100   09/06/1913
 LOW              -24   11/28/1887
HIGHEST            85   09/04        MM      MM       92  09/09
LOWEST             -8   11/27        MM      MM        2  11/24
AVG. MAXIMUM     53.3              57.1    -3.8
AVG. MINIMUM     34.6              38.3    -3.7     37.9
MEAN             44.0              47.7    -3.7     47.6
DAYS MAX >= 90      0               0.2    -0.2        2
DAYS MAX <= 32     16               6.2     9.8        8
DAYS MIN <= 32     34              29.9     4.1       37
DAYS MIN <= 0       3               0.7     2.3        0

PRECIPITATION (INCHES)
RECORD
 MAXIMUM           MM   MM
 MINIMUM           MM   MM
TOTALS           6.82              7.60   -0.78     5.96
DAILY AVG.       0.08              0.08    0.00
DAYS >= .01        31              28.6     2.4       25
DAYS >= .10        15              14.7     0.3       12
DAYS >= .50         4               4.5    -0.5        5
DAYS >= 1.00        2               1.6     0.4        0
GREATEST
 24 HR. TOTAL    1.61   MM
 STORM TOTAL     1.18
 (MM/DD(HH))            MM

SNOWFALL (INCHES)
RECORDS
 TOTAL             MM   5
 24 HR TOTAL       MM
TOTALS            9.2               6.9     2.3
 LIQUID EQUIV    0.92              0.70    0.22
SINCE 7/1         9.2               6.9     2.3
DAYS >= TRACE      18               6.1    11.9
DAYS >= 1.0         2               2.0     0.0
GREATEST
 SNOW DEPTH         5R  11/28
                        11/19
                        11/20
 24 HR TOTAL      2.8   MM
 STORM TOTAL      2.8
 (MM/DD(HH))            MM

DEGREE_DAYS
HEATING TOTAL    1922              1633     289
 SINCE 7/1         MM              1672      MM
COOLING TOTAL      31                60     -29
 SINCE 1/1        491               585     -94

FREEZE DATES
RECORD
 EARLIEST     MM
 LATEST       MM
EARLIEST                        MM
LATEST                          MM
.................................................................

WIND (MPH)
AVERAGE WIND SPEED              11.2
HIGHEST WIND SPEED/DIRECTION    37/310    DATE  11/08
HIGHEST GUST SPEED/DIRECTION    45/320    DATE  11/08

SKY COVER
POSSIBLE SUNSHINE (PERCENT)   MM
AVERAGE SKY COVER           0.50
NUMBER OF DAYS FAIR           39
NUMBER OF DAYS PC             32
NUMBER OF DAYS CLOUDY         20

AVERAGE RH (PERCENT)     74

WEATHER CONDITIONS. NUMBER OF DAYS WITH
THUNDERSTORM              3     MIXED PRECIP               0
HEAVY RAIN                5     RAIN                       9
LIGHT RAIN               33     FREEZING RAIN              0
LT FREEZING RAIN          2     HAIL                       0
HEAVY SNOW                0     SNOW                       1
LIGHT SNOW               18     SLEET                      1
FOG                      51     FOG W/VIS <= 1/4 MILE      7
HAZE                     15

-  INDICATES NEGATIVE NUMBERS.
R  INDICATES RECORD WAS SET OR TIED.
MM INDICATES DATA IS MISSING.
T  INDICATES TRACE AMOUNT.

$$

BOYNE
