000
CXUS52 KMLB 071447
CF6DAB
PRELIMINARY LOCAL CLIMATOLOGICAL DATA (WS FORM: F-6)

                                          STATION:   DAYTONA BEACH
                                          MONTH:     NOVEMBER
                                          YEAR:      2011
                                          LATITUDE:   29 10 N
                                          LONGITUDE:  81  3 W

  TEMPERATURE IN F:       :PCPN:    SNOW:  WIND      :SUNSHINE: SKY     :PK WND
================================================================================
1   2   3   4   5  6A  6B    7    8   9   10  11  12  13   14  15   16   17  18
                                     12Z  AVG MX 2MIN
DY MAX MIN AVG DEP HDD CDD  WTR  SNW DPTH SPD SPD DIR MIN PSBL S-S WX    SPD DR
================================================================================

 1  74  60  67  -3   0   2 0.00  0.0    0 14.6 23  20   M    M   5 8      31  30
 2  78  62  70   0   0   5    T  0.0    0 10.7 20  50   M    M   4        25  50
 3  79  61  70   1   0   5 0.00  0.0    0  2.7  9 110   M    M   4        14  60
 4  69  51  60  -9   5   0    T  0.0    0  9.0 21 290   M    M   3 1      26 290
 5  70  54  62  -7   3   0    T  0.0    0 15.8 29  20   M    M   9 8      37  20
 6  80  64  72   3   0   7    T  0.0    0 10.7 25  40   M    M   7        31  40
 7  79  62  71   3   0   6    T  0.0    0  8.1 24  50   M    M   6 1      30  60
 8  81  61  71   3   0   6 0.00  0.0    0  7.2 18  30   M    M   5        23  50
 9  77  61  69   1   0   4 0.00  0.0    0  9.0 18  20   M    M   4 1      22  20
10  77  56  67  -1   0   2    T  0.0    0  6.6 20 310   M    M   3 1      25 320
11  63  46  55 -13  10   0 0.00  0.0    0  9.3 22 330   M    M   3        29  20
12  72  43  58  -9   7   0 0.00  0.0    0  3.8 14  50   M    M   3        17  80
13  77  50  64  -3   1   0 0.00  0.0    0  2.5 13  70   M    M   4        17 100
14  80  55  68   1   0   3 0.00  0.0    0  2.5 14  80   M    M   3 1      17 100
15  83  67  75   8   0  10 0.04  0.0    0  3.6 12 160   M    M   7 1      15 160
16  85  70  78  11   0  13    T  0.0    0  5.6 16 220   M    M   6 1      21 200
17  82  66  74   8   0   9 0.01  0.0    0  9.0 20 360   M    M   5 1      24 360
18  76  53  65  -1   0   0 0.00  0.0    0 14.3 24  70   M    M   3        30  70
19  78  65  72   6   0   7 0.00  0.0    0  5.6 15  90   M    M   6        23 110
20  80  62  71   5   0   6    T  0.0    0  5.1 15  80   M    M   2 1      20  70
21  81  58  70   4   0   5 0.00  0.0    0  4.3 14  40   M    M   3        18  50
22  80  65  73   8   0   8    T  0.0    0  3.8 12 110   M    M   5 1      17 110
23  80  64  72   7   0   7    T  0.0    0  7.4 18 240   M    M   6 1      23 240
24  75  57  66   1   0   1 0.00  0.0    0 13.4 22  40   M    M   4        26  40
25  78  66  72   7   0   7    T  0.0    0  9.5 21  60   M    M   5        26 100
26  78  66  72   8   0   7    T  0.0    0  7.1 16  80   M    M   5        23 120
27  78  64  71   7   0   6    T  0.0    0  4.5 15 170   M    M   6        21 160
28  83  58  71   7   0   6 0.05  0.0    0  8.2 21 270   M    M   6 1      29 160
29  68  51  60  -4   5   0 0.00  0.0    0  6.9 26 260   M    M   4        35 260
30  63  49  56  -8   9   0 0.00  0.0    0  6.2 12 320   M    M   3        15 320
================================================================================
SM 2304 1767        40 132  0.10     0.0 227.0          M      139
================================================================================
AV 76.8 58.9                               7.6 FASTST   M    M   5    MAX(MPH)
                                 MISC ---->  # 29  20               # 37   20
================================================================================
NOTES:
# LAST OF SEVERAL OCCURRENCES

COLUMN 17 PEAK WIND IN M.P.H.

PRELIMINARY LOCAL CLIMATOLOGICAL DATA (WS FORM: F-6) , PAGE 2

                                          STATION:  DAYTONA BEACH
                                          MONTH:    NOVEMBER
                                          YEAR:     2011
                                          LATITUDE:   29 10 N
                                          LONGITUDE:  81  3 W

[TEMPERATURE DATA]      [PRECIPITATION DATA]       SYMBOLS USED IN COLUMN 16

AVERAGE MONTHLY: 67.9   TOTAL FOR MONTH:   0.10    1 = FOG OR MIST
DPTR FM NORMAL:   1.3   DPTR FM NORMAL:   -2.59    2 = FOG REDUCING VISIBILITY
HIGHEST:    85 ON 16    GRTST 24HR  1.26 ON 31- 1      TO 1/4 MILE OR LESS
LOWEST:     43 ON 12                               3 = THUNDER
                        SNOW, ICE PELLETS, HAIL    4 = ICE PELLETS
                        TOTAL MONTH:   0.0 INCH    5 = HAIL
                        GRTST 24HR     0.0         6 = FREEZING RAIN OR DRIZZLE
                        GRTST DEPTH:   0           7 = DUSTSTORM OR SANDSTORM:
                                                       VSBY 1/2 MILE OR LESS
                                                   8 = SMOKE OR HAZE
[NO. OF DAYS WITH]      [WEATHER - DAYS WITH]      9 = BLOWING SNOW
                                                   X = TORNADO
MAX 32 OR BELOW:   0    0.01 INCH OR MORE:   3
MAX 90 OR ABOVE:   0    0.10 INCH OR MORE:   0
MIN 32 OR BELOW:   0    0.50 INCH OR MORE:   0
MIN  0 OR BELOW:   0    1.00 INCH OR MORE:   0

[HDD (BASE 65) ]
TOTAL THIS MO.    40    CLEAR  (SCALE 0-3)   4
DPTR FM NORMAL   -26    PTCLDY (SCALE 4-7)  25
TOTAL FM JUL 1    57    CLOUDY (SCALE 8-10)  1
DPTR FM NORMAL   -17

[CDD (BASE 65) ]
TOTAL THIS MO.   132
DPTR FM NORMAL    16    [PRESSURE DATA]
TOTAL FM JAN 1  3108    HIGHEST SLP 30.31 ON 12
DPTR FM NORMAL   196    LOWEST  SLP 29.81 ON 28

[REMARKS]
CORRECTED PRECIPITATION ON THE 15TH.
#FINAL-11-11#
