000
CXUS52 KMLB 011252
CF6DAB
PRELIMINARY LOCAL CLIMATOLOGICAL DATA (WS FORM: F-6)

                                          STATION:   DAYTONA BEACH
                                          MONTH:     APRIL
                                          YEAR:      2012
                                          LATITUDE:   29 10 N
                                          LONGITUDE:  81  3 W

  TEMPERATURE IN F:       :PCPN:    SNOW:  WIND      :SUNSHINE: SKY     :PK WND
================================================================================
1   2   3   4   5  6A  6B    7    8   9   10  11  12  13   14  15   16   17  18
                                     12Z  AVG MX 2MIN
DY MAX MIN AVG DEP HDD CDD  WTR  SNW DPTH SPD SPD DIR MIN PSBL S-S WX    SPD DR
================================================================================

 1  87  61  74   7   0   9 0.00  0.0    0  5.3 13  70   M    M   4        17  60
 2  90  65  78  11   0  13 0.00  0.0    0  5.0 12 100   M    M   3 1      14 260
 3  86  64  75   8   0  10 0.00  0.0    0  5.0 13  80   M    M   5 12     16  80
 4  91  62  77  10   0  12 0.01  0.0    0  5.7 33  20   M    M   3 13     43  10
 5  88  66  77  10   0  12 0.01  0.0    0  6.7 22 270   M    M   8 1      29 280
 6  85  64  75   8   0  10    T  0.0    0 13.5 30  20   M    M   5        39  10
 7  76  65  71   3   0   6 0.00  0.0    0 14.2 23  20   M    M   6        30  50
 8  77  59  68   0   0   3 0.00  0.0    0  3.3 15  70   M    M   5        21  40
 9  82  54  68   0   0   3 0.00  0.0    0  4.3 12  70   M    M   2        16  70
10  84  58  71   3   0   6 0.00  0.0    0  4.3 12  70   M    M   4 8      16  80
11  80  60  70   2   0   5 0.00  0.0    0  5.7 15  50   M    M   3 18     20  40
12  78  57  68   0   0   3    T  0.0    0  6.9 20  20   M    M   5        26  30
13  81  59  70   2   0   5    T  0.0    0  8.0 20  50   M    M   5        25  80
14  77  67  72   3   0   7    T  0.0    0  7.1 15 150   M    M   6        23 130
15  81  58  70   1   0   5 0.00  0.0    0  5.5 16  90   M    M   2        24 130
16  84  59  72   3   0   7 0.00  0.0    0  4.3 15  80   M    M   3        22 100
17  82  60  71   2   0   6 0.00  0.0    0  4.9 16  80   M    M   2        24 120
18  85  62  74   5   0   9    T  0.0    0  5.6 17  70   M    M   6        22  90
19  84  65  75   6   0  10 0.58  0.0    0  5.7 17 290   M    M   5 18     21 290
20  82  65  74   4   0   9    T  0.0    0  5.8 16  70   M    M   5 13     20  70
21  80  66  73   3   0   8    T  0.0    0  5.3 14 160   M    M   8        22 170
22  79  63  71   1   0   6 0.73  0.0    0  8.5 22 260   M    M   7 13     25 250
23  73  52  63  -7   2   0 0.00  0.0    0 11.0 28 270   M    M   1        38 260
24  73  44  59 -11   6   0 0.00  0.0    0  8.1 21 320   M    M   0        28 320
25  82  48  65  -6   0   0 0.00  0.0    0  5.2 13  90   M    M   0        18 120
26  89  53  71   0   0   6 0.00  0.0    0  5.4 14 260   M    M   1        21 290
27  85  58  72   1   0   7 0.00  0.0    0  4.6 14  80   M    M   1 1      20 110
28  85  61  73   2   0   8 0.00  0.0    0  4.1 14  80   M    M   2 1      18  80
29  83  67  75   4   0  10 0.00  0.0    0  4.6 14  80   M    M   8 1      18  80
30  83  67  75   3   0  10 0.00  0.0    0  6.5 16  70   M    M   6 1      22  70
================================================================================
SM 2472 1809         8 205  1.33     0.0 190.1          M      121
================================================================================
AV 82.4 60.3                               6.3 FASTST   M    M   4    MAX(MPH)
                                 MISC ---->  # 33  20               # 43   10
================================================================================
NOTES:
# LAST OF SEVERAL OCCURRENCES

COLUMN 17 PEAK WIND IN M.P.H.

PRELIMINARY LOCAL CLIMATOLOGICAL DATA (WS FORM: F-6) , PAGE 2

                                          STATION:  DAYTONA BEACH
                                          MONTH:    APRIL
                                          YEAR:     2012
                                          LATITUDE:   29 10 N
                                          LONGITUDE:  81  3 W

[TEMPERATURE DATA]      [PRECIPITATION DATA]       SYMBOLS USED IN COLUMN 16

AVERAGE MONTHLY: 71.3   TOTAL FOR MONTH:   1.33    1 = FOG OR MIST
DPTR FM NORMAL:   2.4   DPTR FM NORMAL:   -0.85    2 = FOG REDUCING VISIBILITY
HIGHEST:    91 ON  4    GRTST 24HR  0.73 ON 22-22      TO 1/4 MILE OR LESS
LOWEST:     44 ON 24                               3 = THUNDER
                        SNOW, ICE PELLETS, HAIL    4 = ICE PELLETS
                        TOTAL MONTH:   0.0 INCH    5 = HAIL
                        GRTST 24HR     0.0         6 = FREEZING RAIN OR DRIZZLE
                        GRTST DEPTH:   0           7 = DUSTSTORM OR SANDSTORM:
                                                       VSBY 1/2 MILE OR LESS
                                                   8 = SMOKE OR HAZE
[NO. OF DAYS WITH]      [WEATHER - DAYS WITH]      9 = BLOWING SNOW
                                                   X = TORNADO
MAX 32 OR BELOW:   0    0.01 INCH OR MORE:   4
MAX 90 OR ABOVE:   2    0.10 INCH OR MORE:   2
MIN 32 OR BELOW:   0    0.50 INCH OR MORE:   2
MIN  0 OR BELOW:   0    1.00 INCH OR MORE:   0

[HDD (BASE 65) ]
TOTAL THIS MO.     8    CLEAR  (SCALE 0-3)  12
DPTR FM NORMAL   -20    PTCLDY (SCALE 4-7)  17
TOTAL FM JUL 1   428    CLOUDY (SCALE 8-10)  1
DPTR FM NORMAL  -379

[CDD (BASE 65) ]
TOTAL THIS MO.   205
DPTR FM NORMAL    60    [PRESSURE DATA]
TOTAL FM JAN 1   486    HIGHEST SLP 30.29 ON 14
DPTR FM NORMAL   199    LOWEST  SLP 29.49 ON 22

[REMARKS]
#FINAL-04-12#
