000
CXUS52 KMLB 011121
CF6DAB
PRELIMINARY LOCAL CLIMATOLOGICAL DATA (WS FORM: F-6)

                                          STATION:   DAYTONA BEACH
                                          MONTH:     OCTOBER
                                          YEAR:      2011
                                          LATITUDE:   29 10 N
                                          LONGITUDE:  81  3 W

  TEMPERATURE IN F:       :PCPN:    SNOW:  WIND      :SUNSHINE: SKY     :PK WND
================================================================================
1   2   3   4   5  6A  6B    7    8   9   10  11  12  13   14  15   16   17  18
                                     12Z  AVG MX 2MIN
DY MAX MIN AVG DEP HDD CDD  WTR  SNW DPTH SPD SPD DIR MIN PSBL S-S WX    SPD DR
================================================================================

 1  80  64  72  -6   0   7 0.00  0.0    0  9.4 17  10   M    M   1        28 230
 2  79  56  68  -9   0   3 0.00  0.0    0  4.0 12  50   M    M   1        16  50
 3  83  58  71  -6   0   6 0.00  0.0    0  3.9 13  30   M    M   1        17  40
 4  81  58  70  -7   0   5 0.00  0.0    0  6.6 16  50   M    M   2        22  50
 5  83  70  77   0   0  12 0.03  0.0    0 10.7 21  30   M    M   7        25  30
 6  84  72  78   1   0  13    T  0.0    0 12.6 20  60   M    M   5        24  50
 7  83  70  77   1   0  12 0.16  0.0    0 10.8 25  60   M    M   6 13     32  60
 8  78  68  73  -3   0   8 2.95  0.0    0 15.4 31  60   M    M   9 13     40  60
 9  81  70  76   0   0  11 1.11  0.0    0 23.0 41  30   M    M   9 18     51  30
10  84  70  77   1   0  12 0.11  0.0    0  7.7 38  70   M    M   5 1      51  80
11  88  71  80   5   0  15 0.00  0.0    0  3.5 10 170   M    M   5 1      15 170
12  84  70  77   2   0  12 0.00  0.0    0  4.1 12 240   M    M   6        15 240
13  84  69  77   2   0  12 0.01  0.0    0  2.6 13 310   M    M   6 3      21 310
14  80  64  72  -3   0   7 0.00  0.0    0  4.2 13  30   M    M   3        17  50
15  82  62  72  -2   0   7 0.00  0.0    0  4.3 18  50   M    M   9 1      23  20
16  83  66  75   1   0  10 0.00  0.0    0  4.9 16  40   M    M   6        20  40
17  82  67  75   1   0  10 0.00  0.0    0  2.4 10  70   M    M   7        14  80
18  82  73  78   4   0  13 0.02  0.0    0  7.4 18 170   M    M   9 1      26 160
19  84  58  71  -2   0   6 0.21  0.0    0 13.0 28 260   M    M   6 1      36 250
20  67  49  58 -15   7   0 0.00  0.0    0  7.2 20 280   M    M   2        28 220
21  69  47  58 -15   7   0 0.00  0.0    0  4.4 12  50   M    M   2        15  40
22  74  51  63  -9   2   0 0.00  0.0    0  6.5 14  40   M    M   1        21 360
23  77  51  64  -8   1   0 0.00  0.0    0  3.9 14  40   M    M   1        18  30
24  76  56  66  -6   0   1 0.00  0.0    0  6.1 18  20   M    M   1 1      28  20
25  80  58  69  -3   0   4 0.00  0.0    0  6.3 20  40   M    M   3        24  80
26  82  62  72   1   0   7 0.00  0.0    0  1.9 10  70   M    M   6        14  70
27  84  63  74   3   0   9 0.00  0.0    0  2.3 12 250   M    M   5 1      14 240
28  77  67  72   1   0   7 0.02  0.0    0  1.7  7 350   M    M   9 1      12 200
29  77  64  71   0   0   6    T  0.0    0  9.4 21  20   M    M   8        26  20
30  76  54  65  -5   0   0 0.00  0.0    0 14.5 23  50   M    M   5        28  60
31  75  66  71   1   0   6 1.26  0.0    0 10.9 21  10   M    M   9 1      26  10
================================================================================
SM 2479 1944        17 221  5.88     0.0 225.6          M      155
================================================================================
AV 80.0 62.7                               7.3 FASTST   M    M   5    MAX(MPH)
                                 MISC ---->  # 41  30               # 51   30
================================================================================
NOTES:
# LAST OF SEVERAL OCCURRENCES

COLUMN 17 PEAK WIND IN M.P.H.

PRELIMINARY LOCAL CLIMATOLOGICAL DATA (WS FORM: F-6) , PAGE 2

                                          STATION:  DAYTONA BEACH
                                          MONTH:    OCTOBER
                                          YEAR:     2011
                                          LATITUDE:   29 10 N
                                          LONGITUDE:  81  3 W

[TEMPERATURE DATA]      [PRECIPITATION DATA]       SYMBOLS USED IN COLUMN 16

AVERAGE MONTHLY: 71.3   TOTAL FOR MONTH:   5.88    1 = FOG OR MIST
DPTR FM NORMAL:  -2.7   DPTR FM NORMAL:    1.67    2 = FOG REDUCING VISIBILITY
HIGHEST:    88 ON 11    GRTST 24HR  3.06 ON  8- 9      TO 1/4 MILE OR LESS
LOWEST:     47 ON 21                               3 = THUNDER
                        SNOW, ICE PELLETS, HAIL    4 = ICE PELLETS
                        TOTAL MONTH:   0.0 INCH    5 = HAIL
                        GRTST 24HR     0.0         6 = FREEZING RAIN OR DRIZZLE
                        GRTST DEPTH:   0           7 = DUSTSTORM OR SANDSTORM:
                                                       VSBY 1/2 MILE OR LESS
                                                   8 = SMOKE OR HAZE
[NO. OF DAYS WITH]      [WEATHER - DAYS WITH]      9 = BLOWING SNOW
                                                   X = TORNADO
MAX 32 OR BELOW:   0    0.01 INCH OR MORE:  10
MAX 90 OR ABOVE:   0    0.10 INCH OR MORE:   6
MIN 32 OR BELOW:   0    0.50 INCH OR MORE:   3
MIN  0 OR BELOW:   0    1.00 INCH OR MORE:   3

[HDD (BASE 65) ]
TOTAL THIS MO.    17    CLEAR  (SCALE 0-3)  11
DPTR FM NORMAL     9    PTCLDY (SCALE 4-7)  13
TOTAL FM JUL 1    17    CLOUDY (SCALE 8-10)  7
DPTR FM NORMAL     9

[CDD (BASE 65) ]
TOTAL THIS MO.   221
DPTR FM NORMAL   -65    [PRESSURE DATA]
TOTAL FM JAN 1  2976    HIGHEST SLP 30.20 ON  8
DPTR FM NORMAL   180    LOWEST  SLP 29.49 ON 19

[REMARKS]
#FINAL-10-11#
