000
CXUS52 KMLB 250313
CF6DAB
PRELIMINARY LOCAL CLIMATOLOGICAL DATA (WS FORM: F-6)

                                          STATION:   DAYTONA BEACH
                                          MONTH:     DECEMBER
                                          YEAR:      2013
                                          LATITUDE:   29 10 N
                                          LONGITUDE:  81  3 W

  TEMPERATURE IN F:       :PCPN:    SNOW:  WIND      :SUNSHINE: SKY     :PK WND
================================================================================
1   2   3   4   5  6A  6B    7    8   9   10  11  12  13   14  15   16   17  18
                                     12Z  AVG MX 2MIN
DY MAX MIN AVG DEP HDD CDD  WTR  SNW DPTH SPD SPD DIR MIN PSBL S-S WX    SPD DR
================================================================================

 1  73  62  68   5   0   3    T  0.0    0  6.6 15  20   M    M   9 18     18 360
 2  72  55  64   1   1   0 0.00  0.0    0  4.2 13 280   M    M   7 1      17 310
 3  76  51  64   1   1   0 0.00  0.0    0  1.6  9  90   M    M   3 12     16 220
 4  82  60  71   8   0   6 0.00  0.0    0  3.1 13 250   M    M   4 1      16 250
 5  83  60  72   9   0   7 0.00  0.0    0  3.2 10  80   M    M   4 1      13 110
 6  84  63  74  12   0   9 0.00  0.0    0  3.7 15 200   M    M   3 1      21 170
 7  83  65  74  12   0   9 0.00  0.0    0  3.3  9 220   M    M   3 1      12 100
 8  82  61  72  10   0   7 0.00  0.0    0  2.3 12 100   M    M   2 1      16 160
 9  84  62  73  11   0   8 0.00  0.0    0  3.8 14 170   M    M   3 1      20 150
10  84  61  73  11   0   8 0.05  0.0    0  8.7 20  10   M    M   6 18     24 320
11  79  62  71  10   0   6 0.00  0.0    0  8.1 20  20   M    M   6        25  30
12  65  52  59  -2   6   0    T  0.0    0 12.4 23  10   M    M   5        29  20
13  73  45  59  -2   6   0 0.00  0.0    0  3.5 15  50   M    M   5        21  60
14  80  65  73  12   0   8 0.12  0.0    0  6.9 18 150   M    M   9 1      29 160
15  73  56  65   4   0   0 0.80  0.0    0  8.2 26 320   M    M   8 13     33 310
16  61  44  53  -7  12   0 0.00  0.0    0  7.0 13  20   M    M   4         M  M
17  68  44  56  -4   9   0 0.00  0.0    0  3.6 13  10   M    M   0        17  20
18  67  43  55  -5  10   0 0.00  0.0    0  4.6 16  20   M    M   0        21  20
19  73  42  58  -2   7   0 0.00  0.0    0  1.9 12  80   M    M   1 1      18  60
20  79  51  65   5   0   0 0.00  0.0    0  2.4 13 170   M    M   3 1      17 170
21  83  59  71  12   0   6 0.00  0.0    0  5.8 18 160   M    M   4 1      24 160
22  85  69  77  18   0  12 0.00  0.0    0  6.4 18 170   M    M   3 1      26 190
23  85  68  77  18   0  12 0.00  0.0    0  5.5 18 210   M    M   3 12     25 200
24  71  48  60   1   5   0 0.30    M    0 10.1 26 360   M    M   5 1      33 350
25  73  44  59   0   6   0 0.00  0.0    0  5.6 16  60   M    M   6 1      22  70
26  69  56  63   4   2   0    T  0.0    0  8.0 17  10   M    M   9 12     22 350
27  68  62  65   6   0   0 0.03  0.0    0  9.4 18  20   M    M  10 1      23  10
28  76  65  71  13   0   6 0.14  0.0    0  7.5 14  70   M    M  10 1      22 140
29  77  66  72  14   0   7 0.25  0.0    0  7.3 16 160   M    M   9 1      24 160
30  67  54  61   3   4   0    T  0.0    0  5.2 13  20   M    M   7 1      15  20
31  67  54  61   3   4   0    T  0.0    0  6.5 14  20   M    M   9        16  20
================================================================================
SM 2342 1749        73 114  1.69     0.0 176.4          M      160
================================================================================
AV 75.5 56.4                               5.7 FASTST   M    M   5    MAX(MPH)
                                 MISC ---->  # 26 320               # 33  310
================================================================================
NOTES:
# LAST OF SEVERAL OCCURRENCES

COLUMN 17 PEAK WIND IN M.P.H.

PRELIMINARY LOCAL CLIMATOLOGICAL DATA (WS FORM: F-6) , PAGE 2

                                          STATION:  DAYTONA BEACH
                                          MONTH:    DECEMBER
                                          YEAR:     2013
                                          LATITUDE:   29 10 N
                                          LONGITUDE:  81  3 W

[TEMPERATURE DATA]      [PRECIPITATION DATA]       SYMBOLS USED IN COLUMN 16

AVERAGE MONTHLY: 66.0   TOTAL FOR MONTH:   1.69    1 = FOG OR MIST
DPTR FM NORMAL:   5.5   DPTR FM NORMAL:   -0.94    2 = FOG REDUCING VISIBILITY
HIGHEST:    85 ON 23,22 GRTST 24HR  0.80 ON 15-15      TO 1/4 MILE OR LESS
LOWEST:     42 ON 19                               3 = THUNDER
                        SNOW, ICE PELLETS, HAIL    4 = ICE PELLETS
                        TOTAL MONTH:   0.0 INCH    5 = HAIL
                        GRTST 24HR     0.0         6 = FREEZING RAIN OR DRIZZLE
                        GRTST DEPTH:   0           7 = DUSTSTORM OR SANDSTORM:
                                                       VSBY 1/2 MILE OR LESS
                                                   8 = SMOKE OR HAZE
[NO. OF DAYS WITH]      [WEATHER - DAYS WITH]      9 = BLOWING SNOW
                                                   X = TORNADO
MAX 32 OR BELOW:   0    0.01 INCH OR MORE:   7
MAX 90 OR ABOVE:   0    0.10 INCH OR MORE:   5
MIN 32 OR BELOW:   0    0.50 INCH OR MORE:   1
MIN  0 OR BELOW:   0    1.00 INCH OR MORE:   0

[HDD (BASE 65) ]
TOTAL THIS MO.    73    CLEAR  (SCALE 0-3)   8
DPTR FM NORMAL  -119    PTCLDY (SCALE 4-7)  15
TOTAL FM JUL 1   104    CLOUDY (SCALE 8-10)  8
DPTR FM NORMAL  -162

[CDD (BASE 65) ]
TOTAL THIS MO.   114
DPTR FM NORMAL    63    [PRESSURE DATA]
TOTAL FM JAN 1  3256    HIGHEST SLP M ON M
DPTR FM NORMAL   293    LOWEST  SLP 29.83 ON  2

[REMARKS]
#FINAL-12-13#
