000
CXUS52 KMLB 011220
CF6DAB
PRELIMINARY LOCAL CLIMATOLOGICAL DATA (WS FORM: F-6)

                                          STATION:   DAYTONA BEACH
                                          MONTH:     OCTOBER
                                          YEAR:      2013
                                          LATITUDE:   29 10 N
                                          LONGITUDE:  81  3 W

  TEMPERATURE IN F:       :PCPN:    SNOW:  WIND      :SUNSHINE: SKY     :PK WND
================================================================================
1   2   3   4   5  6A  6B    7    8   9   10  11  12  13   14  15   16   17  18
                                     12Z  AVG MX 2MIN
DY MAX MIN AVG DEP HDD CDD  WTR  SNW DPTH SPD SPD DIR MIN PSBL S-S WX    SPD DR
================================================================================

 1  83  71  77  -1   0  12 0.00  0.0    0  6.7 16  30   M    M   6        20  30
 2  84  68  76  -1   0  11 0.00  0.0    0  5.2 14  30   M    M   2        17  70
 3  85  68  77   0   0  12 0.00  0.0    0  3.0 12  70   M    M   5        18  80
 4  87  71  79   2   0  14 0.00  0.0    0  4.3 14  60   M    M   5        18  40
 5  86  69  78   1   0  13    T  0.0    0  6.4 17  30   M    M   6        22  40
 6  86  74  80   3   0  15 0.01  0.0    0  3.1 12 230   M    M   5 1      15 100
 7  86  73  80   4   0  15 0.16  0.0    0  5.0 25 230   M    M   6 1      31 220
 8  83  72  78   2   0  13 1.43  0.0    0  7.7 21  10   M    M   9 1      26 360
 9  76  67  72  -4   0   7    T  0.0    0  9.4 18  10   M    M   9        24  20
10  81  64  73  -3   0   8 0.00  0.0    0  5.4 13  40   M    M   2        17  50
11  85  63  74  -1   0   9 0.00  0.0    0  2.5 12 300   M    M   2        21 340
12  85  63  74  -1   0   9 0.00  0.0    0  2.8 13 300   M    M   3        21 280
13  84  64  74  -1   0   9 0.00  0.0    0  4.4 14  30   M    M   5        18  40
14  82  66  74  -1   0   9 0.39  0.0    0  7.3 16  10   M    M   6 1      24  20
15  81  68  75   1   0  10    T  0.0    0  5.2 12 310   M    M   7 1      15 320
16  84  69  77   3   0  12    T  0.0    0  5.7 15  20   M    M   5 12     17  10
17  84  67  76   2   0  11 0.00  0.0    0  2.8 10  70   M    M   2 1      13  70
18  86  69  78   4   0  13 0.00  0.0    0  2.6 12 100   M    M   2 1      15  90
19  89  69  79   6   0  14    T  0.0    0  3.4 10 220   M    M   4 1      14 160
20  83  72  78   5   0  13 0.00  0.0    0  6.7 17  10   M    M   6        21  10
21  85  71  78   5   0  13    T  0.0    0  4.9 15  40   M    M   6        17  20
22  90  73  82  10   0  17    T  0.0    0  4.3 17 230   M    M   7 1      24 250
23  81  64  73   1   0   8    T  0.0    0  6.9 16 310   M    M   7        20 320
24  74  58  66  -6   0   1 0.00  0.0    0  6.0 15 360   M    M   7        22 340
25  78  56  67  -5   0   2 0.00  0.0    0  7.1 16  30   M    M   2        21  40
26  77  55  66  -5   0   1 0.00  0.0    0  5.6 14  30   M    M   2        17  30
27  75  53  64  -7   1   0 0.00  0.0    0  3.8 14  10   M    M   1        17  10
28  81  55  68  -3   0   3 0.00  0.0    0  4.5 16  40   M    M   2        21  40
29  82  62  72   1   0   7    T  0.0    0  9.1 21  40   M    M   3 1      26 360
30  83  67  75   5   0  10 0.17  0.0    0  4.3 17  50   M    M   5 1      21  50
31  84  67  76   6   0  11 0.10  0.0    0  4.2 12 110   M    M   6 1      20 110
================================================================================
SM 2570 2048         1 302  2.26     0.0 160.3          M      145
================================================================================
AV 82.9 66.1                               5.2 FASTST   M    M   5    MAX(MPH)
                                 MISC ---->  # 25 230               # 31  220
================================================================================
NOTES:
# LAST OF SEVERAL OCCURRENCES

COLUMN 17 PEAK WIND IN M.P.H.

PRELIMINARY LOCAL CLIMATOLOGICAL DATA (WS FORM: F-6) , PAGE 2

                                          STATION:  DAYTONA BEACH
                                          MONTH:    OCTOBER
                                          YEAR:     2013
                                          LATITUDE:   29 10 N
                                          LONGITUDE:  81  3 W

[TEMPERATURE DATA]      [PRECIPITATION DATA]       SYMBOLS USED IN COLUMN 16

AVERAGE MONTHLY: 74.5   TOTAL FOR MONTH:   2.26    1 = FOG OR MIST
DPTR FM NORMAL:   0.5   DPTR FM NORMAL:   -1.95    2 = FOG REDUCING VISIBILITY
HIGHEST:    90 ON 22    GRTST 24HR  1.43 ON  8- 8      TO 1/4 MILE OR LESS
LOWEST:     53 ON 27                               3 = THUNDER
                        SNOW, ICE PELLETS, HAIL    4 = ICE PELLETS
                        TOTAL MONTH:   0.0 INCH    5 = HAIL
                        GRTST 24HR     0.0         6 = FREEZING RAIN OR DRIZZLE
                        GRTST DEPTH:   0           7 = DUSTSTORM OR SANDSTORM:
                                                       VSBY 1/2 MILE OR LESS
                                                   8 = SMOKE OR HAZE
[NO. OF DAYS WITH]      [WEATHER - DAYS WITH]      9 = BLOWING SNOW
                                                   X = TORNADO
MAX 32 OR BELOW:   0    0.01 INCH OR MORE:   6
MAX 90 OR ABOVE:   1    0.10 INCH OR MORE:   5
MIN 32 OR BELOW:   0    0.50 INCH OR MORE:   1
MIN  0 OR BELOW:   0    1.00 INCH OR MORE:   1

[HDD (BASE 65) ]
TOTAL THIS MO.     1    CLEAR  (SCALE 0-3)  11
DPTR FM NORMAL    -7    PTCLDY (SCALE 4-7)  18
TOTAL FM JUL 1     1    CLOUDY (SCALE 8-10)  2
DPTR FM NORMAL    -7

[CDD (BASE 65) ]
TOTAL THIS MO.   302
DPTR FM NORMAL    16    [PRESSURE DATA]
TOTAL FM JAN 1  2960    HIGHEST SLP 30.26 ON 30
DPTR FM NORMAL   164    LOWEST  SLP 29.77 ON  7

[REMARKS]
#FINAL-10-13#
