000
CXUS52 KMLB 011134
CF6DAB
PRELIMINARY LOCAL CLIMATOLOGICAL DATA (WS FORM: F-6)

                                          STATION:   DAYTONA BEACH
                                          MONTH:     AUGUST
                                          YEAR:      2013
                                          LATITUDE:   29 10 N
                                          LONGITUDE:  81  3 W

  TEMPERATURE IN F:       :PCPN:    SNOW:  WIND      :SUNSHINE: SKY     :PK WND
================================================================================
1   2   3   4   5  6A  6B    7    8   9   10  11  12  13   14  15   16   17  18
                                     12Z  AVG MX 2MIN
DY MAX MIN AVG DEP HDD CDD  WTR  SNW DPTH SPD SPD DIR MIN PSBL S-S WX    SPD DR
================================================================================

 1  91  73  82   0   0  17 0.03  0.0    0  2.9 12 200   M    M   6 13     15 200
 2  88  74  81  -1   0  16 0.00  0.0    0  3.7 14  60   M    M   5        17  60
 3  93  74  84   2   0  19 0.61  0.0    0  6.9 22 340   M    M   6 123    29 300
 4  90  75  83   1   0  18 0.35  0.0    0  4.4 20 320   M    M   6 138    28 320
 5  91  77  84   2   0  19 1.21  0.0    0  4.5 30  50   M    M   6 1238   45  70
 6  90  74  82   0   0  17 0.00  0.0    0  3.4 13  70   M    M   3 1      18  60
 7  89  77  83   1   0  18    T  0.0    0  5.0 16  80   M    M   6 1      22  40
 8  89  78  84   2   0  19 0.54  0.0    0  3.8 17 200   M    M   4 1      22 180
 9  89  79  84   2   0  19 0.00  0.0    0  5.0 14 110   M    M   3        20  90
10  90  75  83   1   0  18 0.03  0.0    0  4.2 14  70   M    M   3 3      20 310
11  91  75  83   1   0  18 0.00  0.0    0  3.8 13  70   M    M   3 1      17  80
12  92  75  84   2   0  19 0.00  0.0    0  2.6 12  40   M    M   4 18     15  60
13  93  75  84   2   0  19 0.00  0.0    0  4.7 13  70   M    M   3        15  80
14  92  74  83   1   0  18 0.05  0.0    0  4.7 16 240   M    M   5 3      21 240
15  92  74  83   1   0  18 0.00  0.0    0  3.9 13 190   M    M   5 3      20 200
16  91  76  84   2   0  19 0.29  0.0    0  4.3 28 210   M    M   7 13     38 200
17  88  76  82   0   0  17 0.17  0.0    0  3.6 14  80   M    M   8 13     18  80
18  90  76  83   1   0  18 0.00  0.0    0  4.5 15  90   M    M   6        21  70
19  90  78  84   3   0  19    T  0.0    0  3.8 12 110   M    M   4 3      17  80
20  90  76  83   2   0  18 0.00  0.0    0  4.9 15  70   M    M   3        22  70
21  88  79  84   3   0  19 0.22  0.0    0  5.3 18  40   M    M   7 138    20  40
22  89  77  83   2   0  18 0.11  0.0    0  4.3 22  60   M    M   8 13     26  60
23  88  77  83   2   0  18 0.03  0.0    0  2.2 13  80   M    M   8 13     16  60
24  87  75  81   0   0  16 1.08  0.0    0  2.8 22 320   M    M   8 13     26 360
25  87  75  81   0   0  16 0.00  0.0    0  6.8 18  70   M    M   8        22  70
26  88  76  82   1   0  17 0.98  0.0    0  8.9 26  70   M    M   7 18     32  70
27  87  72  80  -1   0  15 0.02  0.0    0  4.2 15  60   M    M   3        21  70
28  87  70  79  -2   0  14 0.00  0.0    0  2.8 13  70   M    M   3        16  80
29  92  72  82   1   0  17 0.00  0.0    0  4.6 10 110   M    M   3        15 150
30  93  73  83   2   0  18 0.00  0.0    0  3.8 12  90   M    M   2 1      15 130
31  94  71  83   2   0  18 0.49  0.0    0  5.6 26 220   M    M   6 13     35 220
================================================================================
SM 2789 2328         0 549  6.21     0.0 135.9          M      159
================================================================================
AV 90.0 75.1                               4.4 FASTST   M    M   5    MAX(MPH)
                                 MISC ---->  # 30  50               # 45   70
================================================================================
NOTES:
# LAST OF SEVERAL OCCURRENCES

COLUMN 17 PEAK WIND IN M.P.H.

PRELIMINARY LOCAL CLIMATOLOGICAL DATA (WS FORM: F-6) , PAGE 2

                                          STATION:  DAYTONA BEACH
                                          MONTH:    AUGUST
                                          YEAR:     2013
                                          LATITUDE:   29 10 N
                                          LONGITUDE:  81  3 W

[TEMPERATURE DATA]      [PRECIPITATION DATA]       SYMBOLS USED IN COLUMN 16

AVERAGE MONTHLY: 82.5   TOTAL FOR MONTH:   6.21    1 = FOG OR MIST
DPTR FM NORMAL:   1.0   DPTR FM NORMAL:   -0.19    2 = FOG REDUCING VISIBILITY
HIGHEST:    94 ON 31    GRTST 24HR  1.21 ON  5- 5      TO 1/4 MILE OR LESS
LOWEST:     70 ON 28                               3 = THUNDER
                        SNOW, ICE PELLETS, HAIL    4 = ICE PELLETS
                        TOTAL MONTH:   0.0 INCH    5 = HAIL
                        GRTST 24HR     0.0         6 = FREEZING RAIN OR DRIZZLE
                        GRTST DEPTH:   0           7 = DUSTSTORM OR SANDSTORM:
                                                       VSBY 1/2 MILE OR LESS
                                                   8 = SMOKE OR HAZE
[NO. OF DAYS WITH]      [WEATHER - DAYS WITH]      9 = BLOWING SNOW
                                                   X = TORNADO
MAX 32 OR BELOW:   0    0.01 INCH OR MORE:  16
MAX 90 OR ABOVE:  18    0.10 INCH OR MORE:  11
MIN 32 OR BELOW:   0    0.50 INCH OR MORE:   5
MIN  0 OR BELOW:   0    1.00 INCH OR MORE:   2

[HDD (BASE 65) ]
TOTAL THIS MO.     0    CLEAR  (SCALE 0-3)   8
DPTR FM NORMAL     0    PTCLDY (SCALE 4-7)  22
TOTAL FM JUL 1     0    CLOUDY (SCALE 8-10)  1
DPTR FM NORMAL     0

[CDD (BASE 65) ]
TOTAL THIS MO.   549
DPTR FM NORMAL    38    [PRESSURE DATA]
TOTAL FM JAN 1  2196    HIGHEST SLP 30.19 ON 25
DPTR FM NORMAL   122    LOWEST  SLP 29.89 ON 31

[REMARKS]
#FINAL-08-13#
