000
CXUS52 KMLB 081628
CF6DAB
PRELIMINARY LOCAL CLIMATOLOGICAL DATA (WS FORM: F-6)

                                          STATION:   DAYTONA BEACH
                                          MONTH:     MAY
                                          YEAR:      2013
                                          LATITUDE:   29 10 N
                                          LONGITUDE:  81  3 W

  TEMPERATURE IN F:       :PCPN:    SNOW:  WIND      :SUNSHINE: SKY     :PK WND
================================================================================
1   2   3   4   5  6A  6B    7    8   9   10  11  12  13   14  15   16   17  18
                                     12Z  AVG MX 2MIN
DY MAX MIN AVG DEP HDD CDD  WTR  SNW DPTH SPD SPD DIR MIN PSBL S-S WX    SPD DR
================================================================================

 1  81  68  75   3   0  10    T  0.0    0  8.9 18  20   M    M   7        22  20
 2  73  67  70  -2   0   5 1.31  0.0    0  5.9 18  60   M    M  10 1      22  40
 3  72  68  70  -2   0   5 2.26  0.0    0 16.8 37  50   M    M  10 18     51  40
 4  82  68  75   3   0  10 0.23  0.0    0  8.0 32  70   M    M   9 13     38  70
 5  78  60  69  -4   0   4    T  0.0    0 10.3 17 260   M    M   5 1      23 310
 6  76  55  66  -7   0   1 0.00  0.0    0  8.1 20 280   M    M   2        24 230
 7  79  52  66  -7   0   1 0.00  0.0    0  8.2 20 260   M    M   3        24 260
 8  82  57  70  -3   0   5 0.00  0.0    0  3.5  7 260   M    M   3 1       7 260
 9  82  60  71  -3   0   6 0.00  0.0    0  6.1 12 100   M    M   3 1       M  M
10  87  65  76   2   0  11 0.60  0.0    0  4.7 15  80   M    M   3 1238   20 110
11  90  69  80   6   0  15    T  0.0    0  5.8 21 300   M    M   6 13     25 290
12  88  67  78   4   0  13    T  0.0    0  5.3 16 240   M    M   7        20 260
13  80  59  70  -4   0   5 0.00  0.0    0  7.1 15  20   M    M   7        20 330
14  79  56  68  -7   0   3 0.00  0.0    0  5.1 14  50   M    M   1        18  50
15  82  58  70  -5   0   5 0.00  0.0    0  3.5 14  70   M    M   2        18  70
16  84  61  73  -2   0   8 0.00  0.0    0  4.5 13  80   M    M   5 1      16 120
17  83  63  73  -2   0   8 0.00  0.0    0  4.0 16  80   M    M   2 1      24  80
18  85  65  75  -1   0  10 0.00  0.0    0  5.0 16  70   M    M   3 13     21  70
19  85  69  77   1   0  12 3.93  0.0    0  5.4 22  60   M    M   8 13     28  90
20  86  72  79   3   0  14 0.01  0.0    0  3.0 15  80   M    M   7 13     20 110
21  82  71  77   1   0  12    T  0.0    0  3.9 14  80   M    M   6        18 100
22  82  70  76  -1   0  11 0.43  0.0    0  2.7 15 320   M    M   5 1      18 320
23  90  68  79   2   0  14 0.25  0.0    0  3.7 16  70   M    M   4 13     20  70
24  89  68  79   2   0  14 0.00  0.0    0  6.1 14  20   M    M   3 12     17  40
25  83  65  74  -3   0   9 0.00  0.0    0  8.7 21  50   M    M   5        26  50
26  80  60  70  -7   0   5 0.00  0.0    0  3.6 13  70   M    M   7        20  80
27  82  63  73  -5   0   8 0.00  0.0    0  6.4 17  70   M    M   6        22  70
28  84  72  78   0   0  13 0.00  0.0    0  7.5 18  70   M    M   6        24  70
29  84  76  80   2   0  15    T  0.0    0  9.4 16  90   M    M   5        26 120
30  85  76  81   3   0  16 0.02  0.0    0  9.9 18  80   M    M   5        28  90
31  85  77  81   3   0  16 0.00  0.0    0 10.1 12  90   M    M   5        22  90
================================================================================
SM 2560 2025         0 284  9.04     0.0 201.2          M      160
================================================================================
AV 82.6 65.3                               6.5 FASTST   M    M   5    MAX(MPH)
                                 MISC ---->  # 37  50               # 51   40
================================================================================
NOTES:
# LAST OF SEVERAL OCCURRENCES

COLUMN 17 PEAK WIND IN M.P.H.

PRELIMINARY LOCAL CLIMATOLOGICAL DATA (WS FORM: F-6) , PAGE 2

                                          STATION:  DAYTONA BEACH
                                          MONTH:    MAY
                                          YEAR:     2013
                                          LATITUDE:   29 10 N
                                          LONGITUDE:  81  3 W

[TEMPERATURE DATA]      [PRECIPITATION DATA]       SYMBOLS USED IN COLUMN 16

AVERAGE MONTHLY: 74.0   TOTAL FOR MONTH:   9.04    1 = FOG OR MIST
DPTR FM NORMAL:  -1.0   DPTR FM NORMAL:    5.91    2 = FOG REDUCING VISIBILITY
HIGHEST:    90 ON 23,11 GRTST 24HR  3.93 ON 19-19      TO 1/4 MILE OR LESS
LOWEST:     52 ON  7                               3 = THUNDER
                        SNOW, ICE PELLETS, HAIL    4 = ICE PELLETS
                        TOTAL MONTH:   0.0 INCH    5 = HAIL
                        GRTST 24HR     0.0         6 = FREEZING RAIN OR DRIZZLE
                        GRTST DEPTH:   0           7 = DUSTSTORM OR SANDSTORM:
                                                       VSBY 1/2 MILE OR LESS
                                                   8 = SMOKE OR HAZE
[NO. OF DAYS WITH]      [WEATHER - DAYS WITH]      9 = BLOWING SNOW
                                                   X = TORNADO
MAX 32 OR BELOW:   0    0.01 INCH OR MORE:   9
MAX 90 OR ABOVE:   2    0.10 INCH OR MORE:   7
MIN 32 OR BELOW:   0    0.50 INCH OR MORE:   4
MIN  0 OR BELOW:   0    1.00 INCH OR MORE:   3

[HDD (BASE 65) ]
TOTAL THIS MO.     0    CLEAR  (SCALE 0-3)   6
DPTR FM NORMAL    -2    PTCLDY (SCALE 4-7)  22
TOTAL FM JUL 1   694    CLOUDY (SCALE 8-10)  3
DPTR FM NORMAL  -115

[CDD (BASE 65) ]
TOTAL THIS MO.   284
DPTR FM NORMAL   -30    [PRESSURE DATA]
TOTAL FM JAN 1   652    HIGHEST SLP M ON M
DPTR FM NORMAL    51    LOWEST  SLP 29.69 ON  4

[REMARKS]
#FINAL-05-13#
