000
CXUS52 KMLB 011134
CF6DAB
PRELIMINARY LOCAL CLIMATOLOGICAL DATA (WS FORM: F-6)

                                          STATION:   DAYTONA BEACH
                                          MONTH:     JULY
                                          YEAR:      2011
                                          LATITUDE:   29 10 N
                                          LONGITUDE:  81  3 W

  TEMPERATURE IN F:       :PCPN:    SNOW:  WIND      :SUNSHINE: SKY     :PK WND
================================================================================
1   2   3   4   5  6A  6B    7    8   9   10  11  12  13   14  15   16   17  18
                                     12Z  AVG MX 2MIN
DY MAX MIN AVG DEP HDD CDD  WTR  SNW DPTH SPD SPD DIR MIN PSBL S-S WX    SPD DR
================================================================================

 1  86  73  80  -1   0  15    T  0.0    0  3.9 15  70   M    M   8 1      18  60
 2  86  72  79  -2   0  14 0.00  0.0    0  6.2 16  70   M    M   6 1      21  60
 3  86  72  79  -2   0  14 0.00  0.0    0  4.0 12  80   M    M   4 1      17  70
 4  86  73  80  -1   0  15 0.00  0.0    0  4.1 14  70   M    M   4        18 110
 5  89  74  82   1   0  17 0.00  0.0    0  4.3 13  80   M    M   5 18     17  80
 6  87  73  80  -1   0  15 0.00  0.0    0  5.3 13  60   M    M   5 1      16  80
 7  84  74  79  -2   0  14 0.63  0.0    0  2.6 12  80   M    M   7 13     15 160
 8  89  74  82   1   0  17 0.15  0.0    0  8.4 28 230   M    M   9 1      38 230
 9  90  74  82   1   0  17    T  0.0    0  4.8 15 230   M    M   7 3      20 230
10  87  75  81  -1   0  16 1.16  0.0    0  2.4 18  10   M    M   7 123    22  10
11  90  74  82   0   0  17 0.04  0.0    0  3.0 17 310   M    M   3 13     24 300
12  93  75  84   2   0  19 0.79  0.0    0  4.2 14 120   M    M   4 13     20 110
13  93  75  84   2   0  19 0.00  0.0    0  6.1 16 270   M    M   3 1      22 230
14  94  76  85   3   0  20 0.00  0.0    0  5.3 14 250   M    M   5 3      17 260
15  91  75  83   1   0  18 0.26  0.0    0  3.4 14 320   M    M   7 13     16 320
16  88  73  81  -1   0  16 0.00  0.0    0  4.5 18  20   M    M   7 1      22  10
17  87  77  82   0   0  17 0.01  0.0    0 10.4 20  50   M    M   6 1      26  70
18  86  75  81  -1   0  16    T  0.0    0 10.5 18  30   M    M   4        24  70
19  88  70  79  -3   0  14 0.00  0.0    0  3.3 15  30   M    M   5        21  40
20  94  71  83   1   0  18 0.00  0.0    0  4.0 10 160   M    M   5        14 100
21  91  74  83   1   0  18 0.00  0.0    0  4.8 13  80   M    M   3        16 150
22  90  72  81  -1   0  16 0.06  0.0    0  4.8 21 230   M    M   5 13     26 190
23  91  71  81  -1   0  16 0.00  0.0    0  3.7 14  80   M    M   5 3      17  90
24  91  75  83   1   0  18 0.01  0.0    0  3.6 12  80   M    M   6 13     14  70
25  94  77  86   4   0  21 0.00  0.0    0  4.2 18 340   M    M   8 3      24 330
26  86  76  81  -1   0  16    T  0.0    0  4.6 14 280   M    M   9 3      20 280
27  91  74  83   1   0  18 0.04  0.0    0  4.2 18 230   M    M   8 13     22 230
28  90  74  82   0   0  17    T  0.0    0  4.2 16  70   M    M   4 3      21  70
29  90  74  82   0   0  17 0.00  0.0    0  3.6 15  70   M    M   3        20  80
30  94  74  84   2   0  19 0.00  0.0    0  3.8 12  70   M    M   4        15  70
31  94  76  85   3   0  20 0.00  0.0    0  6.2 22 240   M    M   5 38     25 240
================================================================================
SM 2776 2292         0 524  3.15     0.0 148.4          M      171
================================================================================
AV 89.5 73.9                               4.8 FASTST   M    M   6    MAX(MPH)
                                 MISC ---->  # 28 230               # 38  230
================================================================================
NOTES:
# LAST OF SEVERAL OCCURRENCES

COLUMN 17 PEAK WIND IN M.P.H.

PRELIMINARY LOCAL CLIMATOLOGICAL DATA (WS FORM: F-6) , PAGE 2

                                          STATION:  DAYTONA BEACH
                                          MONTH:    JULY
                                          YEAR:     2011
                                          LATITUDE:   29 10 N
                                          LONGITUDE:  81  3 W

[TEMPERATURE DATA]      [PRECIPITATION DATA]       SYMBOLS USED IN COLUMN 16

AVERAGE MONTHLY: 81.7   TOTAL FOR MONTH:   3.15    1 = FOG OR MIST
DPTR FM NORMAL:   0.0   DPTR FM NORMAL:   -2.02    2 = FOG REDUCING VISIBILITY
HIGHEST:    94 ON 31,30 GRTST 24HR  1.16 ON 10-10      TO 1/4 MILE OR LESS
LOWEST:     70 ON 19                               3 = THUNDER
                        SNOW, ICE PELLETS, HAIL    4 = ICE PELLETS
                        TOTAL MONTH:   0.0 INCH    5 = HAIL
                        GRTST 24HR     0.0         6 = FREEZING RAIN OR DRIZZLE
                        GRTST DEPTH:   0           7 = DUSTSTORM OR SANDSTORM:
                                                       VSBY 1/2 MILE OR LESS
                                                   8 = SMOKE OR HAZE
[NO. OF DAYS WITH]      [WEATHER - DAYS WITH]      9 = BLOWING SNOW
                                                   X = TORNADO
MAX 32 OR BELOW:   0    0.01 INCH OR MORE:  10
MAX 90 OR ABOVE:  17    0.10 INCH OR MORE:   5
MIN 32 OR BELOW:   0    0.50 INCH OR MORE:   3
MIN  0 OR BELOW:   0    1.00 INCH OR MORE:   1

[HDD (BASE 65) ]
TOTAL THIS MO.     0    CLEAR  (SCALE 0-3)   1
DPTR FM NORMAL     0    PTCLDY (SCALE 4-7)  26
TOTAL FM JUL 1     0    CLOUDY (SCALE 8-10)  4
DPTR FM NORMAL     0

[CDD (BASE 65) ]
TOTAL THIS MO.   524
DPTR FM NORMAL    11    [PRESSURE DATA]
TOTAL FM JAN 1  1711    HIGHEST SLP 30.17 ON 23
DPTR FM NORMAL   139    LOWEST  SLP 29.82 ON 14

[REMARKS]
#FINAL-07-11#
