000
CXUS52 KMLB 011143
CF6DAB
PRELIMINARY LOCAL CLIMATOLOGICAL DATA (WS FORM: F-6)

                                          STATION:   DAYTONA BEACH
                                          MONTH:     JUNE
                                          YEAR:      2012
                                          LATITUDE:   29 10 N
                                          LONGITUDE:  81  3 W

  TEMPERATURE IN F:       :PCPN:    SNOW:  WIND      :SUNSHINE: SKY     :PK WND
================================================================================
1   2   3   4   5  6A  6B    7    8   9   10  11  12  13   14  15   16   17  18
                                     12Z  AVG MX 2MIN
DY MAX MIN AVG DEP HDD CDD  WTR  SNW DPTH SPD SPD DIR MIN PSBL S-S WX    SPD DR
================================================================================

 1  78  71  75  -3   0  10 0.03  0.0    0  6.9 15 230   M    M   9 1      18 240
 2  92  70  81   2   0  16 0.00  0.0    0  9.1 20 270   M    M   6 1      26 240
 3  87  66  77  -2   0  12 0.00  0.0    0  6.2 16  40   M    M   3        21  40
 4  95  68  82   3   0  17 0.00  0.0    0 10.5 23 240   M    M   5        31 250
 5  91  72  82   3   0  17 0.03  0.0    0  8.2 31 210   M    M   8 13     38 210
 6  83  71  77  -2   0  12 0.75  0.0    0  7.6 28 250   M    M   8 13     32 250
 7  88  71  80   1   0  15 0.55  0.0    0  6.2 16 250   M    M   9 13     22 340
 8  82  72  77  -2   0  12 0.69  0.0    0  4.1 15  80   M    M   9 1      20  70
 9  84  72  78  -1   0  13 0.52  0.0    0  3.3 15  90   M    M   9 13     18 160
10  87  73  80   0   0  15 1.28  0.0    0  5.7 21  10   M    M   7 13     28  10
11  87  71  79  -1   0  14 0.00  0.0    0  4.2 13  80   M    M   6 13     17 110
12  91  71  81   1   0  16 0.38  0.0    0  4.0 28 230   M    M   3 13     38 240
13  92  71  82   2   0  17 0.08  0.0    0  6.3 13 330   M    M   5 13     18 180
14  86  70  78  -2   0  13 0.26  0.0    0  4.7 16  40   M    M   6 13     20  60
15  84  72  78  -2   0  13 0.01  0.0    0  8.8 21  40   M    M   8 1      26  30
16  84  73  79  -1   0  14 0.02  0.0    0 11.1 23  40   M    M   5        28  40
17  84  71  78  -2   0  13    T  0.0    0  6.9 18  60   M    M   6        22  60
18  84  68  76  -4   0  11 0.00  0.0    0  6.9 17  70   M    M   3        24  60
19  84  69  77  -3   0  12 0.00  0.0    0  8.1 18  70   M    M   7        23  70
20  84  77  81   1   0  16    T  0.0    0 12.6 22  70   M    M   9        28  70
21  86  75  81   1   0  16 0.06  0.0    0  7.0 20  60   M    M   8 18     23  60
22  86  73  80  -1   0  15 0.03  0.0    0  4.2 15  80   M    M   6 1      22  90
23  87  73  80  -1   0  15 0.07  0.0    0  3.1 12 200   M    M   8 1      15 190
24  81  74  78  -3   0  13 2.34  0.0    0  7.5 17 150   M    M  10 1      31 110
25  84  76  80  -1   0  15 0.73  0.0    0 11.8 24 170   M    M  10 18     37 160
26  83  78  81   0   0  16 0.71  0.0    0 11.1 21 200   M    M   9 18     31 200
27  80  66  73  -8   0   8 0.36  0.0    0  8.4 20 320   M    M   8 18     26  20
28  86  63  75  -6   0  10    T  0.0    0  3.2 10  80   M    M   1        15  70
29  92  68  80  -1   0  15 0.00  0.0    0  6.1 12 220   M    M   1        16 230
30  93  69  81   0   0  16 0.00  0.0    0  5.7 13 250   M    M   1 1      18 250
================================================================================
SM 2585 2134         0 417  8.90     0.0 209.5          M      193
================================================================================
AV 86.2 71.1                               7.0 FASTST   M    M   6    MAX(MPH)
                                 MISC ---->  # 31 210               # 38  210
================================================================================
NOTES:
# LAST OF SEVERAL OCCURRENCES

COLUMN 17 PEAK WIND IN M.P.H.

PRELIMINARY LOCAL CLIMATOLOGICAL DATA (WS FORM: F-6) , PAGE 2

                                          STATION:  DAYTONA BEACH
                                          MONTH:    JUNE
                                          YEAR:     2012
                                          LATITUDE:   29 10 N
                                          LONGITUDE:  81  3 W

[TEMPERATURE DATA]      [PRECIPITATION DATA]       SYMBOLS USED IN COLUMN 16

AVERAGE MONTHLY: 78.6   TOTAL FOR MONTH:   8.90    1 = FOG OR MIST
DPTR FM NORMAL:  -1.3   DPTR FM NORMAL:    3.07    2 = FOG REDUCING VISIBILITY
HIGHEST:    95 ON  4    GRTST 24HR  3.04 ON 24-25      TO 1/4 MILE OR LESS
LOWEST:     63 ON 28                               3 = THUNDER
                        SNOW, ICE PELLETS, HAIL    4 = ICE PELLETS
                        TOTAL MONTH:   0.0 INCH    5 = HAIL
                        GRTST 24HR     0.0         6 = FREEZING RAIN OR DRIZZLE
                        GRTST DEPTH:   0           7 = DUSTSTORM OR SANDSTORM:
                                                       VSBY 1/2 MILE OR LESS
                                                   8 = SMOKE OR HAZE
[NO. OF DAYS WITH]      [WEATHER - DAYS WITH]      9 = BLOWING SNOW
                                                   X = TORNADO
MAX 32 OR BELOW:   0    0.01 INCH OR MORE:  19
MAX 90 OR ABOVE:   7    0.10 INCH OR MORE:  11
MIN 32 OR BELOW:   0    0.50 INCH OR MORE:   8
MIN  0 OR BELOW:   0    1.00 INCH OR MORE:   2

[HDD (BASE 65) ]
TOTAL THIS MO.     0    CLEAR  (SCALE 0-3)   5
DPTR FM NORMAL     0    PTCLDY (SCALE 4-7)  14
TOTAL FM JUL 1   428    CLOUDY (SCALE 8-10) 11
DPTR FM NORMAL  -381

[CDD (BASE 65) ]
TOTAL THIS MO.   417
DPTR FM NORMAL   -30    [PRESSURE DATA]
TOTAL FM JAN 1  1272    HIGHEST SLP 30.15 ON 11
DPTR FM NORMAL   224    LOWEST  SLP 29.58 ON 26

[REMARKS]
#FINAL-06-12#
