000
CXUS52 KMLB 011137
CF6DAB
PRELIMINARY LOCAL CLIMATOLOGICAL DATA (WS FORM: F-6)

                                          STATION:   DAYTONA BEACH
                                          MONTH:     MARCH
                                          YEAR:      2012
                                          LATITUDE:   29 10 N
                                          LONGITUDE:  81  3 W

  TEMPERATURE IN F:       :PCPN:    SNOW:  WIND      :SUNSHINE: SKY     :PK WND
================================================================================
1   2   3   4   5  6A  6B    7    8   9   10  11  12  13   14  15   16   17  18
                                     12Z  AVG MX 2MIN
DY MAX MIN AVG DEP HDD CDD  WTR  SNW DPTH SPD SPD DIR MIN PSBL S-S WX    SPD DR
================================================================================

 1  85  64  75  13   0  10 0.00  0.0    0  7.0 18 260   M    M   5 1      23 240
 2  85  60  73  11   0   8 0.00  0.0    0  4.2 17 210   M    M   6 128    23 220
 3  87  62  75  12   0  10 0.00  0.0    0 11.0 25 210   M    M   5        31 220
 4  75  45  60  -3   5   0 0.49  0.0    0 12.4 30 300   M    M   6 13     39 300
 5  76  39  58  -5   7   0 0.00  0.0    0  4.5 16 260   M    M   0        21 250
 6  74  56  65   2   0   0 0.00  0.0    0 14.7 26  70   M    M   5        36  80
 7  76  66  71   8   0   6 0.00  0.0    0 10.2 20  90   M    M   7        28  90
 8  78  63  71   8   0   6 0.00  0.0    0  5.1 17 110   M    M   3        25 120
 9  82  66  74  11   0   9 0.67  0.0    0  3.8 16  20   M    M   8 138    20  20
10  75  66  71   7   0   6 0.58  0.0    0 13.9 23  40   M    M   9 1      29  30
11  73  66  70   6   0   5 0.01  0.0    0 13.4 21  80   M    M   9 1      31  70
12  76  61  69   5   0   4 0.00  0.0    0  6.9 16  70   M    M   4        21  70
13  78  57  68   4   0   3 0.00  0.0    0  2.8 13  70   M    M   3 8      17  70
14  78  59  69   5   0   4 0.00  0.0    0  3.5 12  80   M    M   4        15  70
15  79  60  70   6   0   5 0.00  0.0    0  4.0 16  70   M    M   4        22  80
16  80  59  70   6   0   5 0.00  0.0    0  3.1 15  80   M    M   2 1      21  80
17  78  57  68   3   0   3 0.00  0.0    0  2.8 13  70   M    M   2 1      18  90
18  79  57  68   3   0   3 0.00  0.0    0  3.7 15  60   M    M   3        21  90
19  79  59  69   4   0   4 0.00  0.0    0  3.6 14  70   M    M   2        20  90
20  80  60  70   5   0   5 0.07  0.0    0  5.7 16  80   M    M   6 1      22 110
21  82  68  75  10   0  10    T  0.0    0  6.9 16 110   M    M   5        26 110
22  81  64  73   8   0   8 0.00  0.0    0  5.3 15  80   M    M   4 1      22  70
23  84  62  73   8   0   8    T  0.0    0  4.3 13 170   M    M   4 13     18 110
24  86  66  76  10   0  11 0.04  0.0    0  7.1 25 250   M    M   6 3      30 250
25  82  60  71   5   0   6 0.01  0.0    0 10.2 22 260   M    M   4        30 290
26  79  55  67   1   0   2 0.00  0.0    0  7.4 21  20   M    M   1        26  20
27  80  55  68   2   0   3 0.00  0.0    0  4.3 14  40   M    M   1 1      18  50
28  80  59  70   4   0   5 0.00  0.0    0  3.9 15  70   M    M   3 1      17  70
29  83  59  71   5   0   6 0.00  0.0    0  4.4 13  60   M    M   5 1      15  90
30  84  61  73   7   0   8    T  0.0    0  4.9 13 100   M    M   6        16 120
31  84  63  74   7   0   9 0.14  0.0    0  8.4 17 220   M    M   7 138    25 250
================================================================================
SM 2478 1854        12 172  2.01     0.0 203.4          M      139
================================================================================
AV 79.9 59.8                               6.6 FASTST   M    M   4    MAX(MPH)
                                 MISC ---->  # 30 300               # 39  300
================================================================================
NOTES:
# LAST OF SEVERAL OCCURRENCES

COLUMN 17 PEAK WIND IN M.P.H.

PRELIMINARY LOCAL CLIMATOLOGICAL DATA (WS FORM: F-6) , PAGE 2

                                          STATION:  DAYTONA BEACH
                                          MONTH:    MARCH
                                          YEAR:     2012
                                          LATITUDE:   29 10 N
                                          LONGITUDE:  81  3 W

[TEMPERATURE DATA]      [PRECIPITATION DATA]       SYMBOLS USED IN COLUMN 16

AVERAGE MONTHLY: 69.9   TOTAL FOR MONTH:   2.01    1 = FOG OR MIST
DPTR FM NORMAL:   5.6   DPTR FM NORMAL:   -2.23    2 = FOG REDUCING VISIBILITY
HIGHEST:    87 ON  3    GRTST 24HR  0.88 ON  9-10      TO 1/4 MILE OR LESS
LOWEST:     39 ON  5                               3 = THUNDER
                        SNOW, ICE PELLETS, HAIL    4 = ICE PELLETS
                        TOTAL MONTH:   0.0 INCH    5 = HAIL
                        GRTST 24HR     0.0         6 = FREEZING RAIN OR DRIZZLE
                        GRTST DEPTH:   0           7 = DUSTSTORM OR SANDSTORM:
                                                       VSBY 1/2 MILE OR LESS
                                                   8 = SMOKE OR HAZE
[NO. OF DAYS WITH]      [WEATHER - DAYS WITH]      9 = BLOWING SNOW
                                                   X = TORNADO
MAX 32 OR BELOW:   0    0.01 INCH OR MORE:   8
MAX 90 OR ABOVE:   0    0.10 INCH OR MORE:   4
MIN 32 OR BELOW:   0    0.50 INCH OR MORE:   2
MIN  0 OR BELOW:   0    1.00 INCH OR MORE:   0

[HDD (BASE 65) ]
TOTAL THIS MO.    12    CLEAR  (SCALE 0-3)   9
DPTR FM NORMAL   -85    PTCLDY (SCALE 4-7)  20
TOTAL FM JUL 1   420    CLOUDY (SCALE 8-10)  2
DPTR FM NORMAL  -359

[CDD (BASE 65) ]
TOTAL THIS MO.   172
DPTR FM NORMAL    95    [PRESSURE DATA]
TOTAL FM JAN 1   281    HIGHEST SLP 30.48 ON  6
DPTR FM NORMAL   139    LOWEST  SLP 29.63 ON  4

[REMARKS]
#FINAL-03-12#
