000
CXUS52 KMLB 011243
CF6DAB
PRELIMINARY LOCAL CLIMATOLOGICAL DATA (WS FORM: F-6)

                                          STATION:   DAYTONA BEACH
                                          MONTH:     FEBRUARY
                                          YEAR:      2012
                                          LATITUDE:   29 10 N
                                          LONGITUDE:  81  3 W

  TEMPERATURE IN F:       :PCPN:    SNOW:  WIND      :SUNSHINE: SKY     :PK WND
================================================================================
1   2   3   4   5  6A  6B    7    8   9   10  11  12  13   14  15   16   17  18
                                     12Z  AVG MX 2MIN
DY MAX MIN AVG DEP HDD CDD  WTR  SNW DPTH SPD SPD DIR MIN PSBL S-S WX    SPD DR
================================================================================

 1  77  56  67   8   0   2 0.00  0.0    0  2.6 13  90   M    M   7 1      17  90
 2  80  57  69  10   0   4 0.00  0.0    0  3.5 13  60   M    M   6 1      15  70
 3  76  57  67   8   0   2 0.00  0.0    0  7.7 18  80   M    M   7 1      23  80
 4  76  63  70  11   0   5 0.00  0.0    0  5.3 17 100   M    M   8 1      26 100
 5  81  57  69  10   0   4    T  0.0    0  3.0 10  80   M    M   8 12     13  80
 6  80  63  72  13   0   7    T  0.0    0  6.2 15  10   M    M   8 18     18  10
 7  71  57  64   4   1   0 0.00  0.0    0  9.1 17  10   M    M   9 18     21  10
 8  73  53  63   3   2   0 0.00  0.0    0  6.2 17  20   M    M   5        21  20
 9  67  53  60   0   5   0 0.00  0.0    0  5.6 14  20   M    M   9 8      17  20
10  76  57  67   7   0   2 0.12  0.0    0  3.7 12 290   M    M   9 138    17 130
11  67  44  56  -4   9   0 0.02  0.0    0 12.4 23 300   M    M   4 18     29 310
12  48  30  39 -21  26   0 0.00  0.0    0  8.8 20 320   M    M   4        26 330
13  62  32  47 -13  18   0 0.00  0.0    0  3.4 14  70   M    M   3        17  70
14  77  44  61   1   4   0 0.00  0.0    0  5.6 20 200   M    M   4        26 200
15  81  58  70  10   0   5    T  0.0    0  4.8 12  60   M    M   6        15 150
16  83  60  72  11   0   7 0.00  0.0    0  6.0 16 220   M    M   6 1      22 170
17  74  63  69   8   0   4 0.07  0.0    0  3.8  9  30   M    M  10 1      10  20
18  77  63  70   9   0   5 0.01  0.0    0  2.8 10  60   M    M   8 1      12  70
19  85  60  73  12   0   8 0.00  0.0    0 13.5 35 240   M    M   5 1      44 240
20  62  50  56  -5   9   0 0.00  0.0    0 10.7 22  20   M    M   6        28  10
21  74  49  62   1   3   0 0.00  0.0    0  3.9 10 100   M    M   7        16 130
22  79  55  67   6   0   2 0.42  0.0    0  6.2 16 200   M    M   8 13     23 200
23  85  64  75  14   0  10    T  0.0    0 11.8 23 220   M    M   6 1      31 220
24  88  64  76  14   0  11 0.00  0.0    0 12.4 28 240   M    M   5 18     37 250
25  72  56  64   2   1   0    T  0.0    0 11.7 23  10   M    M   7 8      32  10
26  67  50  59  -3   6   0 0.81  0.0    0  6.5 16  60   M    M   9 1      18  70
27  75  65  70   8   0   5 0.28  0.0    0  3.8 14  40   M    M   9 1      16  40
28  75  61  68   6   0   3 0.00  0.0    0  5.7 14  20   M    M   8 12     16  30
29  82  64  73  11   0   8 0.00  0.0    0  3.8 12 160   M    M   6 12     15 210
================================================================================
SM 2170 1605        84  94  1.73     0.0 190.5          M      197
================================================================================
AV 74.8 55.3                               6.6 FASTST   M    M   7    MAX(MPH)
                                 MISC ---->  # 35 240               # 44  240
================================================================================
NOTES:
# LAST OF SEVERAL OCCURRENCES

COLUMN 17 PEAK WIND IN M.P.H.

PRELIMINARY LOCAL CLIMATOLOGICAL DATA (WS FORM: F-6) , PAGE 2

                                          STATION:  DAYTONA BEACH
                                          MONTH:    FEBRUARY
                                          YEAR:     2012
                                          LATITUDE:   29 10 N
                                          LONGITUDE:  81  3 W

[TEMPERATURE DATA]      [PRECIPITATION DATA]       SYMBOLS USED IN COLUMN 16

AVERAGE MONTHLY: 65.1   TOTAL FOR MONTH:   1.73    1 = FOG OR MIST
DPTR FM NORMAL:   4.7   DPTR FM NORMAL:   -1.05    2 = FOG REDUCING VISIBILITY
HIGHEST:    88 ON 24    GRTST 24HR  1.08 ON 26-27      TO 1/4 MILE OR LESS
LOWEST:     30 ON 12                               3 = THUNDER
                        SNOW, ICE PELLETS, HAIL    4 = ICE PELLETS
                        TOTAL MONTH:   0.0 INCH    5 = HAIL
                        GRTST 24HR     0.0         6 = FREEZING RAIN OR DRIZZLE
                        GRTST DEPTH:   0           7 = DUSTSTORM OR SANDSTORM:
                                                       VSBY 1/2 MILE OR LESS
                                                   8 = SMOKE OR HAZE
[NO. OF DAYS WITH]      [WEATHER - DAYS WITH]      9 = BLOWING SNOW
                                                   X = TORNADO
MAX 32 OR BELOW:   0    0.01 INCH OR MORE:   7
MAX 90 OR ABOVE:   0    0.10 INCH OR MORE:   4
MIN 32 OR BELOW:   2    0.50 INCH OR MORE:   1
MIN  0 OR BELOW:   0    1.00 INCH OR MORE:   0

[HDD (BASE 65) ]
TOTAL THIS MO.    84    CLEAR  (SCALE 0-3)   1
DPTR FM NORMAL   -81    PTCLDY (SCALE 4-7)  20
TOTAL FM JUL 1   408    CLOUDY (SCALE 8-10)  8
DPTR FM NORMAL  -279

[CDD (BASE 65) ]
TOTAL THIS MO.    94
DPTR FM NORMAL    58    [PRESSURE DATA]
TOTAL FM JAN 1   109    HIGHEST SLP 30.38 ON 26
DPTR FM NORMAL    42    LOWEST  SLP 29.72 ON 19

[REMARKS]
#FINAL-02-12#
