000
CDUS43 KMQT 240514
CLIMQT


CLIMATE REPORT
NATIONAL WEATHER SERVICE MARQUETTE MI
113 AM EDT FRI MAR 24 2017


...................................

...THE MARQUETTE MI CLIMATE SUMMARY FOR MARCH 23 2017...

CLIMATE NORMAL PERIOD 1981 TO 2010
CLIMATE RECORD PERIOD 1961 TO 2017


WEATHER ITEM   OBSERVED RECORD YEAR NORMAL DEPARTURE LAST
                VALUE   VALUE       VALUE  FROM      YEAR
                                           NORMAL
...........................................................
TEMPERATURE (F)
 YESTERDAY
  MAXIMUM         31     62    2000  37     -6       31
                               1987
  MINIMUM         20    -18    1965  17      3       20
  AVERAGE         26                 27     -1       26

PRECIPITATION (IN)
  YESTERDAY        0.19   1.93 1979   0.11   0.08     0.00
  MONTH TO DATE    1.40               2.23  -0.83     2.41
  SINCE MAR 1      1.40               2.23  -0.83     2.41
  SINCE JAN 1      5.98               6.78  -0.80     7.03

SNOWFALL (IN)
  YESTERDAY        T     16.2  1966   1.0   -1.0      0.0
  MONTH TO DATE   19.9               27.8   -7.9     14.8
  SINCE MAR 1     19.9               27.8   -7.9     14.8
  SINCE JUL 1    141.0              180.2  -39.2    114.9
  SNOW DEPTH       8

DEGREE DAYS
 HEATING
  YESTERDAY       39                 38      1       39
  MONTH TO DATE 1001                973     28      836
  SINCE MAR 1   1001                973     28      836
  SINCE JUL 1   6685               7597   -912     6603

 COOLING
  YESTERDAY        0                  0      0        0
  MONTH TO DATE    0                  0      0        0
  SINCE MAR 1      0                  0      0        0
  SINCE JAN 1      0                  0      0        0
...........................................................

WIND (MPH)
  RESULTANT WIND SPEED  MM   RESULTANT WIND DIRECTION  MM
  HIGHEST WIND SPEED    MM   HIGHEST WIND DIRECTION    MM
  HIGHEST GUST SPEED    26   HIGHEST GUST DIRECTION    SW (225)
  AVERAGE WIND SPEED    MM

SKY COVER
  POSSIBLE SUNSHINE  MM
  AVERAGE SKY COVER  MM

WEATHER CONDITIONS
 THE FOLLOWING WEATHER WAS RECORDED YESTERDAY.
  LIGHT RAIN
  LT FREEZING RAIN
  LIGHT SNOW
  SLEET

RELATIVE HUMIDITY (PERCENT)
 HIGHEST    MM
 LOWEST     MM
 AVERAGE    MM
..........................................................

THE MARQUETTE MI CLIMATE NORMALS FOR TODAY
                         NORMAL    RECORD    YEAR
 MAXIMUM TEMPERATURE (F)   37        61      2012
                                             1987
 MINIMUM TEMPERATURE (F)   17       -20      1965


SUNRISE AND SUNSET
MARCH 24 2017.........SUNRISE   745 AM EDT   SUNSET   809 PM EDT
MARCH 25 2017.........SUNRISE   743 AM EDT   SUNSET   810 PM EDT


-  INDICATES NEGATIVE NUMBERS.
R  INDICATES RECORD WAS SET OR TIED.
MM INDICATES DATA IS MISSING.
T  INDICATES TRACE AMOUNT.




$$
