000
CDUS43 KMQT 030510
CLIMQT


CLIMATE REPORT
NATIONAL WEATHER SERVICE MARQUETTE MI
108 AM EDT WED JUN 3 2015


...................................

...THE MARQUETTE MI CLIMATE SUMMARY FOR JUNE 2 2015...

CLIMATE NORMAL PERIOD 1981 TO 2010
CLIMATE RECORD PERIOD 1961 TO 2015


WEATHER ITEM   OBSERVED RECORD YEAR NORMAL DEPARTURE LAST
                VALUE   VALUE       VALUE  FROM      YEAR
                                           NORMAL
...........................................................
TEMPERATURE (F)
 YESTERDAY
  MAXIMUM         73     84    1963  68      5       71
  MINIMUM         36     27    1964  45     -9       64
  AVERAGE         55                 56     -1       68

PRECIPITATION (IN)
  YESTERDAY        0.00   1.30 1996   0.10  -0.10     0.66
  MONTH TO DATE    0.00               0.21  -0.21     1.10
  SINCE JUN 1      0.00               0.21  -0.21     1.10
  SINCE JAN 1     11.32              13.85  -2.53    13.56

SNOWFALL (IN)
  YESTERDAY        0.0    T    2009   0.0    0.0      0.0
                               1998
  MONTH TO DATE    0.0                0.0    0.0      0.0
  SINCE JUN 1      0.0                0.0    0.0      0.0
  SINCE JUL 1    178.7              203.3  -24.6    198.9
  SNOW DEPTH       0

DEGREE DAYS
 HEATING
  YESTERDAY       10                  9      1        0
  MONTH TO DATE   28                 19      9        0
  SINCE JUN 1     28                 19      9        0
  SINCE JUL 1   9813               9171    642    10236

 COOLING
  YESTERDAY        0                  1     -1        3
  MONTH TO DATE    0                  2     -2        7
  SINCE JUN 1      0                  2     -2        7
  SINCE JAN 1      2                 14    -12       27
...........................................................

WIND (MPH)
  RESULTANT WIND SPEED  MM   RESULTANT WIND DIRECTION  MM
  HIGHEST WIND SPEED    MM   HIGHEST WIND DIRECTION    MM
  HIGHEST GUST SPEED    21   HIGHEST GUST DIRECTION     S (180)
  AVERAGE WIND SPEED    MM

SKY COVER
  POSSIBLE SUNSHINE  MM
  AVERAGE SKY COVER  MM

WEATHER CONDITIONS
 THE FOLLOWING WEATHER WAS RECORDED YESTERDAY.
  NO SIGNIFICANT WEATHER WAS OBSERVED.

RELATIVE HUMIDITY (PERCENT)
 HIGHEST    MM
 LOWEST     MM
 AVERAGE    MM
..........................................................

THE MARQUETTE MI CLIMATE NORMALS FOR TODAY
                         NORMAL    RECORD    YEAR
 MAXIMUM TEMPERATURE (F)   68        83      1967
                                             1966
 MINIMUM TEMPERATURE (F)   46        28      1962


SUNRISE AND SUNSET
JUNE  3 2015..........SUNRISE   600 AM EDT   SUNSET   937 PM EDT
JUNE  4 2015..........SUNRISE   559 AM EDT   SUNSET   938 PM EDT


-  INDICATES NEGATIVE NUMBERS.
R  INDICATES RECORD WAS SET OR TIED.
MM INDICATES DATA IS MISSING.
T  INDICATES TRACE AMOUNT.




$$
