000
CDUS43 KMQT 252202
CLIMQT


CLIMATE REPORT
NATIONAL WEATHER SERVICE MARQUETTE MI
501 PM EST SUN FEB 25 2018


...................................

...THE MARQUETTE MI CLIMATE SUMMARY FOR FEBRUARY 25 2018...
VALID TODAY AS OF 0500 PM LOCAL TIME.

CLIMATE NORMAL PERIOD 1981 TO 2010
CLIMATE RECORD PERIOD 1961 TO 2018


WEATHER ITEM   OBSERVED RECORD YEAR NORMAL DEPARTURE LAST
                VALUE   VALUE       VALUE  FROM      YEAR
                                           NORMAL
...........................................................
TEMPERATURE (F)
 TODAY
  MAXIMUM         29     49    1976  29      0       20
  MINIMUM         24    -29    2003   7     17       12
  AVERAGE         27                 18      9       16

PRECIPITATION (IN)
  TODAY            0.37   0.90 1975   0.08   0.29     0.23
  MONTH TO DATE    1.36               1.88  -0.52     2.72
  SINCE DEC 1      6.22               6.86  -0.64     6.65
  SINCE JAN 1      4.08               4.29  -0.21     4.46

SNOWFALL (IN)
  TODAY            3.9   10.1  1995   1.3    2.6      6.2
  MONTH TO DATE   14.2               32.0  -17.8     33.8
  SINCE DEC 1     89.0              118.0  -29.0    106.0
  SINCE JUL 1    114.0              148.5  -34.5    120.2
  SNOW DEPTH      27

DEGREE DAYS
 HEATING
  TODAY           38                 47     -9       49
  MONTH TO DATE 1329               1247     82     1064
  SINCE DEC 1   4458               4282    176     3928
  SINCE JUL 1   6585               6484    101     5553

 COOLING
  TODAY            0                  0      0        0
  MONTH TO DATE    0                  0      0        0
  SINCE DEC 1      0                  0      0        0
  SINCE JAN 1      0                  0      0        0
...........................................................


WIND (MPH)
  HIGHEST WIND SPEED    MM   HIGHEST WIND DIRECTION    MM
  HIGHEST GUST SPEED    41   HIGHEST GUST DIRECTION    SW (225)
  AVERAGE WIND SPEED    MM


SKY COVER
  POSSIBLE SUNSHINE  MM
  AVERAGE SKY COVER  MM


WEATHER CONDITIONS
 THE FOLLOWING WEATHER WAS RECORDED TODAY.
  HEAVY SNOW
  SNOW
  LIGHT SNOW
  BLOWING SNOW


RELATIVE HUMIDITY (PERCENT)
 HIGHEST    MM
 LOWEST     MM
 AVERAGE    MM

..........................................................


THE MARQUETTE MI CLIMATE NORMALS FOR TOMORROW
                         NORMAL    RECORD    YEAR
 MAXIMUM TEMPERATURE (F)   29        56      2000
 MINIMUM TEMPERATURE (F)    7       -26      1963


SUNRISE AND SUNSET
FEBRUARY 25 2018......SUNRISE   737 AM EST   SUNSET   630 PM EST
FEBRUARY 26 2018......SUNRISE   735 AM EST   SUNSET   632 PM EST


-  INDICATES NEGATIVE NUMBERS.
R  INDICATES RECORD WAS SET OR TIED.
MM INDICATES DATA IS MISSING.
T  INDICATES TRACE AMOUNT.




$$
