000
CDUS43 KMQT 280515
CLIMQT


CLIMATE REPORT
NATIONAL WEATHER SERVICE MARQUETTE MI
1215 AM EST WED JAN 28 2015


...................................

...THE MARQUETTE MI CLIMATE SUMMARY FOR JANUARY 27 2015...

CLIMATE NORMAL PERIOD 1981 TO 2010
CLIMATE RECORD PERIOD 1961 TO 2015


WEATHER ITEM   OBSERVED RECORD YEAR NORMAL DEPARTURE LAST
                VALUE   VALUE       VALUE  FROM      YEAR
                                           NORMAL
...........................................................
TEMPERATURE (F)
 YESTERDAY
  MAXIMUM         22     49    2006  22      0       -6
  MINIMUM          6    -20    2009   4      2      -14
  AVERAGE         14                 13      1      -10

PRECIPITATION (IN)
  YESTERDAY        T      1.27 1996   0.07  -0.07     0.02
  MONTH TO DATE    0.99               2.10  -1.11     1.92
  SINCE DEC 1      3.27               4.67  -1.40     4.50
  SINCE JAN 1      0.99               2.10  -1.11     1.92

SNOWFALL (IN)
  YESTERDAY        0.1   15.4  1996   1.4   -1.3      0.3
  MONTH TO DATE   23.8               37.8  -14.0     35.7
  SINCE DEC 1     50.8               80.6  -29.8     82.6
  SINCE JUL 1    107.0              111.1   -4.1    105.1
  SNOW DEPTH      24

DEGREE DAYS
 HEATING
  YESTERDAY       51                 52     -1       75
  MONTH TO DATE 1475               1387     88     1580
  SINCE DEC 1   2840               2827     13     3251
  SINCE JUL 1   5370               5029    341     5420

 COOLING
  YESTERDAY        0                  0      0        0
  MONTH TO DATE    0                  0      0        0
  SINCE DEC 1      0                  0      0        0
  SINCE JAN 1      0                  0      0        0
...........................................................


WIND (MPH)
  RESULTANT WIND SPEED  MM   RESULTANT WIND DIRECTION  MM
  HIGHEST WIND SPEED    MM   HIGHEST WIND DIRECTION    MM
  HIGHEST GUST SPEED    14   HIGHEST GUST DIRECTION    SW (225)
  AVERAGE WIND SPEED    MM


SKY COVER
  POSSIBLE SUNSHINE  MM
  AVERAGE SKY COVER  MM


WEATHER CONDITIONS
 THE FOLLOWING WEATHER WAS RECORDED YESTERDAY.
  LIGHT SNOW


RELATIVE HUMIDITY (PERCENT)
 HIGHEST    MM
 LOWEST     MM
 AVERAGE    MM

..........................................................


THE MARQUETTE MI CLIMATE NORMALS FOR TODAY
                         NORMAL    RECORD    YEAR
 MAXIMUM TEMPERATURE (F)   22        43      1989
 MINIMUM TEMPERATURE (F)    4       -17      2014
                                             1965


SUNRISE AND SUNSET
JANUARY 28 2015.......SUNRISE   819 AM EST   SUNSET   548 PM EST
JANUARY 29 2015.......SUNRISE   818 AM EST   SUNSET   549 PM EST


-  INDICATES NEGATIVE NUMBERS.
R  INDICATES RECORD WAS SET OR TIED.
MM INDICATES DATA IS MISSING.
T  INDICATES TRACE AMOUNT.

$$
