000
CDUS43 KMQT 281245
CLIMQT


CLIMATE REPORT
NATIONAL WEATHER SERVICE MARQUETTE MI
845 AM EDT WED SEP 28 2016


...................................

...THE MARQUETTE MI CLIMATE SUMMARY FOR SEPTEMBER 27 2016...

CLIMATE NORMAL PERIOD 1981 TO 2010
CLIMATE RECORD PERIOD 1961 TO 2016


WEATHER ITEM   OBSERVED RECORD YEAR NORMAL DEPARTURE LAST
                VALUE   VALUE       VALUE  FROM      YEAR
                                           NORMAL
...........................................................
TEMPERATURE (F)
 YESTERDAY
  MAXIMUM         MM     79    2014  61     MM       76
  MINIMUM         MM     21    1965  41     MM       56
  AVERAGE         MM                 51     MM       66

PRECIPITATION (IN)
  YESTERDAY       MM      1.19 2011   0.14  MM        0.00
  MONTH TO DATE    4.98               3.32   1.66     1.52
  SINCE SEP 1      4.98               3.32   1.66     1.52
  SINCE JAN 1     32.75              25.69   7.06    19.73

SNOWFALL (IN)
  YESTERDAY       MM     MM      MM   0.0   MM        0.0
  MONTH TO DATE    0.0                0.0    0.0      0.0
  SINCE SEP 1      0.0                0.0    0.0      0.0
  SINCE JUL 1      T                  0.0    0.0      0.0
  SNOW DEPTH      MM

DEGREE DAYS
 HEATING
  YESTERDAY       MM                 14     MM        0
  MONTH TO DATE  131                252   -121      115
  SINCE SEP 1    131                252   -121      115
  SINCE JUL 1    231                437   -206      283

 COOLING
  YESTERDAY       MM                  0     MM        1
  MONTH TO DATE   10                 21    -11       65
  SINCE SEP 1     10                 21    -11       65
  SINCE JAN 1    246                241      5      247
...........................................................


WIND (MPH)
  RESULTANT WIND SPEED  MM   RESULTANT WIND DIRECTION  MM
  HIGHEST WIND SPEED    MM   HIGHEST WIND DIRECTION    MM
  HIGHEST GUST SPEED    MM   HIGHEST GUST DIRECTION    MM
  AVERAGE WIND SPEED    MM


SKY COVER
  POSSIBLE SUNSHINE  MM
  AVERAGE SKY COVER  MM


WEATHER CONDITIONS
 THE FOLLOWING WEATHER WAS RECORDED YESTERDAY.
  NO SIGNIFICANT WEATHER WAS OBSERVED.


RELATIVE HUMIDITY (PERCENT)
 HIGHEST    MM
 LOWEST     MM
 AVERAGE    MM

..........................................................


THE MARQUETTE MI CLIMATE NORMALS FOR TODAY
                         NORMAL    RECORD    YEAR
 MAXIMUM TEMPERATURE (F)   60        79      2014
 MINIMUM TEMPERATURE (F)   41        24      1991


SUNRISE AND SUNSET
SEPTEMBER 28 2016.....SUNRISE   745 AM EDT   SUNSET   735 PM EDT
SEPTEMBER 29 2016.....SUNRISE   747 AM EDT   SUNSET   733 PM EDT


-  INDICATES NEGATIVE NUMBERS.
R  INDICATES RECORD WAS SET OR TIED.
MM INDICATES DATA IS MISSING.
T  INDICATES TRACE AMOUNT.




$$
