000
CDUS43 KMQT 160519
CLIMQT


CLIMATE REPORT
NATIONAL WEATHER SERVICE MARQUETTE MI
1213 AM EST THU NOV 16 2017


...................................

...THE MARQUETTE MI CLIMATE SUMMARY FOR NOVEMBER 15 2017...

CLIMATE NORMAL PERIOD 1981 TO 2010
CLIMATE RECORD PERIOD 1961 TO 2017


WEATHER ITEM   OBSERVED RECORD YEAR NORMAL DEPARTURE LAST
                VALUE   VALUE       VALUE  FROM      YEAR
                                           NORMAL
...........................................................
TEMPERATURE (F)
 YESTERDAY
  MAXIMUM         37     65    2001  38     -1       44
  MINIMUM         29      0    2014  23      6       40
  AVERAGE         33                 31      2       42

PRECIPITATION (IN)
  YESTERDAY        0.45   0.80 2005   0.11   0.34     0.01
  MONTH TO DATE    1.23               1.57  -0.34     0.33
  SINCE SEP 1     12.67               9.13   3.54     8.86
  SINCE JAN 1     40.00              31.50   8.50    36.63

SNOWFALL (IN)
  YESTERDAY        1.5    6.4  2002   0.8    0.7      0.0
                               1997
  MONTH TO DATE   10.6                9.0    1.6       T
  SINCE SEP 1     19.4               15.1    4.3       T
  SINCE JUL 1     19.4               15.1    4.3       T
  SNOW DEPTH       1

DEGREE DAYS
 HEATING
  YESTERDAY       32                 34     -2       23
  MONTH TO DATE  556                470     86      285
  SINCE SEP 1   1316               1446   -130     1039
  SINCE JUL 1   1581               1631    -50     1139

 COOLING
  YESTERDAY        0                  0      0        0
  MONTH TO DATE    0                  0      0        0
  SINCE SEP 1     52                 22     30       10
  SINCE JAN 1    145                242    -97      246
...........................................................


WIND (MPH)
  RESULTANT WIND SPEED  MM   RESULTANT WIND DIRECTION  MM
  HIGHEST WIND SPEED    MM   HIGHEST WIND DIRECTION    MM
  HIGHEST GUST SPEED    31   HIGHEST GUST DIRECTION     W (270)
  AVERAGE WIND SPEED    MM


SKY COVER
  POSSIBLE SUNSHINE  MM
  AVERAGE SKY COVER  MM


WEATHER CONDITIONS
 THE FOLLOWING WEATHER WAS RECORDED YESTERDAY.
  LIGHT RAIN
  LIGHT SNOW
  FOG


RELATIVE HUMIDITY (PERCENT)
 HIGHEST    MM
 LOWEST     MM
 AVERAGE    MM

..........................................................


THE MARQUETTE MI CLIMATE NORMALS FOR TODAY
                         NORMAL    RECORD    YEAR
 MAXIMUM TEMPERATURE (F)   37        55      2015
 MINIMUM TEMPERATURE (F)   23        -5      2002


SUNRISE AND SUNSET
NOVEMBER 16 2017......SUNRISE   754 AM EST   SUNSET   516 PM EST
NOVEMBER 17 2017......SUNRISE   755 AM EST   SUNSET   515 PM EST


-  INDICATES NEGATIVE NUMBERS.
R  INDICATES RECORD WAS SET OR TIED.
MM INDICATES DATA IS MISSING.
T  INDICATES TRACE AMOUNT.




$$
