000
CDUS43 KMQT 160538
CLIMQT


CLIMATE REPORT
NATIONAL WEATHER SERVICE MARQUETTE MI
1238 AM EST MON JAN 16 2017


...................................

...THE MARQUETTE MI CLIMATE SUMMARY FOR JANUARY 15 2017...

CLIMATE NORMAL PERIOD 1981 TO 2010
CLIMATE RECORD PERIOD 1961 TO 2017


WEATHER ITEM   OBSERVED RECORD YEAR NORMAL DEPARTURE LAST
                VALUE   VALUE       VALUE  FROM      YEAR
                                           NORMAL
...........................................................
TEMPERATURE (F)
 YESTERDAY
  MAXIMUM         31     42    1990  22      9       23
  MINIMUM         -5    -30    1965   5    -10       15
  AVERAGE         13                 13      0       19

PRECIPITATION (IN)
  YESTERDAY        0.00   0.59 2007   0.08  -0.08     0.10
  MONTH TO DATE    0.98               1.18  -0.20     1.11
  SINCE DEC 1      3.17               3.75  -0.58     5.98
  SINCE JAN 1      0.98               1.18  -0.20     1.11

SNOWFALL (IN)
  YESTERDAY        0.0   15.8  2007   1.4   -1.4      1.4
  MONTH TO DATE   16.4               21.0   -4.6     18.8
  SINCE DEC 1     58.4               63.8   -5.4     37.7
  SINCE JUL 1     72.6               94.3  -21.7     45.6
  SNOW DEPTH      15

DEGREE DAYS
 HEATING
  YESTERDAY       52                 52      0       46
  MONTH TO DATE  812                763     49      715
  SINCE DEC 1   2245               2203     42     1825
  SINCE JUL 1   3870               4405   -535     3657

 COOLING
  YESTERDAY        0                  0      0        0
  MONTH TO DATE    0                  0      0        0
  SINCE DEC 1      0                  0      0        0
  SINCE JAN 1      0                  0      0        0
...........................................................


WIND (MPH)
  RESULTANT WIND SPEED  MM   RESULTANT WIND DIRECTION  MM
  HIGHEST WIND SPEED    MM   HIGHEST WIND DIRECTION    MM
  HIGHEST GUST SPEED    26   HIGHEST GUST DIRECTION     W (270)
  AVERAGE WIND SPEED    MM


SKY COVER
  POSSIBLE SUNSHINE  MM
  AVERAGE SKY COVER  MM


WEATHER CONDITIONS
 THE FOLLOWING WEATHER WAS RECORDED YESTERDAY.
  NO SIGNIFICANT WEATHER WAS OBSERVED.


RELATIVE HUMIDITY (PERCENT)
 HIGHEST    MM
 LOWEST     MM
 AVERAGE    MM

..........................................................


THE MARQUETTE MI CLIMATE NORMALS FOR TODAY
                         NORMAL    RECORD    YEAR
 MAXIMUM TEMPERATURE (F)   22        46      1973
 MINIMUM TEMPERATURE (F)    5       -25      1979


SUNRISE AND SUNSET
JANUARY 16 2017.......SUNRISE   829 AM EST   SUNSET   531 PM EST
JANUARY 17 2017.......SUNRISE   828 AM EST   SUNSET   533 PM EST


-  INDICATES NEGATIVE NUMBERS.
R  INDICATES RECORD WAS SET OR TIED.
MM INDICATES DATA IS MISSING.
T  INDICATES TRACE AMOUNT.




$$
