000
CDUS43 KMQT 270503
CLIMQT

CLIMATE REPORT
NATIONAL WEATHER SERVICE MARQUETTE MI
102 AM EDT WED MAY 27 2015


...................................

...THE MARQUETTE MI CLIMATE SUMMARY FOR MAY 26 2015...

CLIMATE NORMAL PERIOD 1981 TO 2010
CLIMATE RECORD PERIOD 1961 TO 2015


WEATHER ITEM   OBSERVED RECORD YEAR NORMAL DEPARTURE LAST
                VALUE   VALUE       VALUE  FROM      YEAR
                                           NORMAL
...........................................................
TEMPERATURE (F)
 YESTERDAY
  MAXIMUM         68     89    1978  66      2       83
  MINIMUM         48     27    1992  43      5       57
                               1969
  AVERAGE         58                 54      4       70

PRECIPITATION (IN)
  YESTERDAY        0.80R  0.72 2009   0.11   0.69     0.05
  MONTH TO DATE    3.45               2.51   0.94     2.53
  SINCE MAR 1      7.21               8.55  -1.34     8.94
  SINCE JAN 1     10.13              13.10  -2.97    12.46

SNOWFALL (IN)
  YESTERDAY        0.0   MM      MM   0.0    0.0      0.0
  MONTH TO DATE    0.3                1.5   -1.2      3.6
  SINCE MAR 1     24.7               50.9  -26.2     69.4
  SINCE JUL 1    178.7              203.3  -24.6    198.9
  SNOW DEPTH       0

DEGREE DAYS
 HEATING
  YESTERDAY        7                 11     -4        0
  MONTH TO DATE  357                398    -41      416
  SINCE MAR 1   2419               2476    -57     2890
  SINCE JUL 1   9730               9100    630    10212

 COOLING
  YESTERDAY        0                  1     -1        5
  MONTH TO DATE    2                  6     -4       10
  SINCE MAR 1      2                  7     -5       10
  SINCE JAN 1      2                  7     -5       10
...........................................................


WIND (MPH)
  RESULTANT WIND SPEED  MM   RESULTANT WIND DIRECTION  MM
  HIGHEST WIND SPEED    MM   HIGHEST WIND DIRECTION    MM
  HIGHEST GUST SPEED    15   HIGHEST GUST DIRECTION     W (270)
  AVERAGE WIND SPEED    MM


SKY COVER
  POSSIBLE SUNSHINE  MM
  AVERAGE SKY COVER  MM


WEATHER CONDITIONS
 THE FOLLOWING WEATHER WAS RECORDED YESTERDAY.
  HEAVY RAIN
  RAIN
  LIGHT RAIN
  FOG
  FOG W/VISIBILITY <= 1/4 MILE


RELATIVE HUMIDITY (PERCENT)
 HIGHEST    MM
 LOWEST     MM
 AVERAGE    MM

..........................................................


THE MARQUETTE MI CLIMATE NORMALS FOR TODAY
                         NORMAL    RECORD    YEAR
 MAXIMUM TEMPERATURE (F)   66        88      1969
 MINIMUM TEMPERATURE (F)   43        26      1994


SUNRISE AND SUNSET
MAY 27 2015...........SUNRISE   605 AM EDT   SUNSET   931 PM EDT
MAY 28 2015...........SUNRISE   604 AM EDT   SUNSET   932 PM EDT


-  INDICATES NEGATIVE NUMBERS.
R  INDICATES RECORD WAS SET OR TIED.
MM INDICATES DATA IS MISSING.
T  INDICATES TRACE AMOUNT.




$$
