000
CDUS43 KMQT 242205
CLIMQT


CLIMATE REPORT
NATIONAL WEATHER SERVICE MARQUETTE MI
504 PM EST SAT JAN 24 2015


...................................

...THE MARQUETTE MI CLIMATE SUMMARY FOR JANUARY 24 2015...
VALID TODAY AS OF 0500 PM LOCAL TIME.

CLIMATE NORMAL PERIOD 1981 TO 2010
CLIMATE RECORD PERIOD 1961 TO 2015


WEATHER ITEM   OBSERVED RECORD YEAR NORMAL DEPARTURE LAST
                VALUE   VALUE       VALUE  FROM      YEAR
                                           NORMAL
...........................................................
TEMPERATURE (F)
 TODAY
  MAXIMUM         33     39    1981  22     11       19
  MINIMUM         18    -17    2000   4     14       -8
  AVERAGE         26                 13     13        6

PRECIPITATION (IN)
  TODAY            0.01   0.90 1967   0.07  -0.06     0.09
  MONTH TO DATE    0.92               1.87  -0.95     1.62
  SINCE DEC 1      3.20               4.44  -1.24     4.20
  SINCE JAN 1      0.92               1.87  -0.95     1.62

SNOWFALL (IN)
  TODAY            0.2    7.8  1997   1.4   -1.2      1.9
  MONTH TO DATE   20.7               33.6  -12.9     30.7
  SINCE DEC 1     47.7               76.4  -28.7     77.6
  SINCE JUL 1    103.9              106.9   -3.0    100.1
  SNOW DEPTH      23

DEGREE DAYS
 HEATING
  TODAY           39                 52    -13       59
  MONTH TO DATE 1304               1231     73     1381
  SINCE DEC 1   2669               2671     -2     3052
  SINCE JUL 1   5199               4873    326     5221

 COOLING
  TODAY            0                  0      0        0
  MONTH TO DATE    0                  0      0        0
  SINCE DEC 1      0                  0      0        0
  SINCE JAN 1      0                  0      0        0
...........................................................


WIND (MPH)
  HIGHEST WIND SPEED    MM   HIGHEST WIND DIRECTION    MM
  HIGHEST GUST SPEED    22   HIGHEST GUST DIRECTION     N (360)
  AVERAGE WIND SPEED    MM


SKY COVER
  POSSIBLE SUNSHINE  MM
  AVERAGE SKY COVER  MM


WEATHER CONDITIONS
 THE FOLLOWING WEATHER WAS RECORDED TODAY.
  LIGHT RAIN
  LT FREEZING RAIN
  LIGHT SNOW


RELATIVE HUMIDITY (PERCENT)
 HIGHEST    MM
 LOWEST     MM
 AVERAGE    MM

..........................................................


THE MARQUETTE MI CLIMATE NORMALS FOR TOMORROW
                         NORMAL    RECORD    YEAR
 MAXIMUM TEMPERATURE (F)   22        49      1973
 MINIMUM TEMPERATURE (F)    4       -19      1963


SUNRISE AND SUNSET
JANUARY 24 2015.......SUNRISE   823 AM EST   SUNSET   542 PM EST
JANUARY 25 2015.......SUNRISE   822 AM EST   SUNSET   543 PM EST


-  INDICATES NEGATIVE NUMBERS.
R  INDICATES RECORD WAS SET OR TIED.
MM INDICATES DATA IS MISSING.
T  INDICATES TRACE AMOUNT.




$$
