000
CDUS43 KMQT 122108
CLIMQT


CLIMATE REPORT
NATIONAL WEATHER SERVICE MARQUETTE MI
506 PM EDT TUE SEP 12 2017


...................................

...THE MARQUETTE MI CLIMATE SUMMARY FOR SEPTEMBER 12 2017...
VALID TODAY AS OF 0500 PM LOCAL TIME.

CLIMATE NORMAL PERIOD 1981 TO 2010
CLIMATE RECORD PERIOD 1961 TO 2017


WEATHER ITEM   OBSERVED RECORD YEAR NORMAL DEPARTURE LAST
                VALUE   VALUE       VALUE  FROM      YEAR
                                           NORMAL
...........................................................
TEMPERATURE (F)
 TODAY
  MAXIMUM         79     89    2005  68     11       76
  MINIMUM         49     31    1964  47      2       53
  AVERAGE         64                 57      7       65

PRECIPITATION (IN)
  TODAY            0.00   1.04 1996   0.12  -0.12     0.00
  MONTH TO DATE    1.22               1.36  -0.14     3.30
  SINCE SEP 1      1.22               1.36  -0.14     3.30
  SINCE JAN 1     28.55              23.73   4.82    31.07

SNOWFALL (IN)
  TODAY            0.0   MM      MM   0.0    0.0      0.0
  MONTH TO DATE    0.0                0.0    0.0      0.0
  SINCE SEP 1      0.0                0.0    0.0      0.0
  SINCE JUL 1      T                  0.0    0.0       T
  SNOW DEPTH       0

DEGREE DAYS
 HEATING
  TODAY            1                  8     -7        0
  MONTH TO DATE  124                 84     40       44
  SINCE SEP 1    124                 84     40       44
  SINCE JUL 1    389                269    120      144

 COOLING
  TODAY            0                  1     -1        0
  MONTH TO DATE    0                 15    -15       10
  SINCE SEP 1      0                 15    -15       10
  SINCE JAN 1     93                235   -142      246
...........................................................


WIND (MPH)
  HIGHEST WIND SPEED    MM   HIGHEST WIND DIRECTION    MM
  HIGHEST GUST SPEED     9   HIGHEST GUST DIRECTION     S (180)
  AVERAGE WIND SPEED    MM


SKY COVER
  POSSIBLE SUNSHINE  MM
  AVERAGE SKY COVER  MM


WEATHER CONDITIONS
 THE FOLLOWING WEATHER WAS RECORDED TODAY.
  NO SIGNIFICANT WEATHER WAS OBSERVED.


RELATIVE HUMIDITY (PERCENT)
 HIGHEST    MM
 LOWEST     MM
 AVERAGE    MM

..........................................................


THE MARQUETTE MI CLIMATE NORMALS FOR TOMORROW
                         NORMAL    RECORD    YEAR
 MAXIMUM TEMPERATURE (F)   67        83      2004
 MINIMUM TEMPERATURE (F)   47        28      1963


SUNRISE AND SUNSET
SEPTEMBER 12 2017.....SUNRISE   725 AM EDT   SUNSET   807 PM EDT
SEPTEMBER 13 2017.....SUNRISE   726 AM EDT   SUNSET   805 PM EDT


-  INDICATES NEGATIVE NUMBERS.
R  INDICATES RECORD WAS SET OR TIED.
MM INDICATES DATA IS MISSING.
T  INDICATES TRACE AMOUNT.




$$
