000
CDUS43 KMQT 242103
CLIMQT


CLIMATE REPORT
NATIONAL WEATHER SERVICE MARQUETTE MI
502 PM EDT FRI JUL 24 2015


...................................

...THE MARQUETTE MI CLIMATE SUMMARY FOR JULY 24 2015...
VALID TODAY AS OF 0500 PM LOCAL TIME.

CLIMATE NORMAL PERIOD 1981 TO 2010
CLIMATE RECORD PERIOD 1961 TO 2015


WEATHER ITEM   OBSERVED RECORD YEAR NORMAL DEPARTURE LAST
                VALUE   VALUE       VALUE  FROM      YEAR
                                           NORMAL
...........................................................
TEMPERATURE (F)
 TODAY
  MAXIMUM         82     90    1989  77      5       73
  MINIMUM         61     40    2004  55      6       46
  AVERAGE         72                 66      6       60

PRECIPITATION (IN)
  TODAY            0.00   2.43 1964   0.09  -0.09     0.00
  MONTH TO DATE    1.69               2.17  -0.48     3.46
  SINCE JUN 1      4.18               5.01  -0.83     9.09
  SINCE JAN 1     15.50              18.65  -3.15    21.55

SNOWFALL (IN)
  TODAY            0.0   MM      MM   0.0    0.0      0.0
  MONTH TO DATE    0.0                0.0    0.0       T
  SINCE JUN 1      0.0                0.0    0.0       T
  SINCE JUL 1      0.0                0.0    0.0       T
  SNOW DEPTH       0

DEGREE DAYS
 HEATING
  TODAY            0                  2     -2        5
  MONTH TO DATE   68                 60      8       90
  SINCE JUN 1    270                242     28      253
  SINCE JUL 1     68                 60      8       90

 COOLING
  TODAY            7                  3      4        0
  MONTH TO DATE   53                 72    -19       38
  SINCE JUN 1     53                120    -67       92
  SINCE JAN 1     55                132    -77      112
...........................................................


WIND (MPH)
  HIGHEST WIND SPEED    MM   HIGHEST WIND DIRECTION    MM
  HIGHEST GUST SPEED    25   HIGHEST GUST DIRECTION     W (270)
  AVERAGE WIND SPEED    MM


SKY COVER
  POSSIBLE SUNSHINE  MM
  AVERAGE SKY COVER  MM


WEATHER CONDITIONS
 THE FOLLOWING WEATHER WAS RECORDED TODAY.
  NO SIGNIFICANT WEATHER WAS OBSERVED.


RELATIVE HUMIDITY (PERCENT)
 HIGHEST    MM
 LOWEST     MM
 AVERAGE    MM

..........................................................


THE MARQUETTE MI CLIMATE NORMALS FOR TOMORROW
                         NORMAL    RECORD    YEAR
 MAXIMUM TEMPERATURE (F)   77        91      2007
                                             1989
 MINIMUM TEMPERATURE (F)   55        42      1976


SUNRISE AND SUNSET
JULY 24 2015..........SUNRISE   621 AM EDT   SUNSET   931 PM EDT
JULY 25 2015..........SUNRISE   622 AM EDT   SUNSET   930 PM EDT


-  INDICATES NEGATIVE NUMBERS.
R  INDICATES RECORD WAS SET OR TIED.
MM INDICATES DATA IS MISSING.
T  INDICATES TRACE AMOUNT.




$$
