000
CDUS43 KMQT 170509
CLIMQT


CLIMATE REPORT
NATIONAL WEATHER SERVICE MARQUETTE MI
1209 AM EST FRI NOV 17 2017


...................................

...THE MARQUETTE MI CLIMATE SUMMARY FOR NOVEMBER 16 2017...

CLIMATE NORMAL PERIOD 1981 TO 2010
CLIMATE RECORD PERIOD 1961 TO 2017


WEATHER ITEM   OBSERVED RECORD YEAR NORMAL DEPARTURE LAST
                VALUE   VALUE       VALUE  FROM      YEAR
                                           NORMAL
...........................................................
TEMPERATURE (F)
 YESTERDAY
  MAXIMUM         29     55    2015  37     -8       49
  MINIMUM         21     -5    2002  23     -2       31
  AVERAGE         25                 30     -5       40

PRECIPITATION (IN)
  YESTERDAY        0.12   0.82 2005   0.11   0.01     0.00
  MONTH TO DATE    1.35               1.68  -0.33     0.33
  SINCE SEP 1     12.79               9.24   3.55     8.86
  SINCE JAN 1     40.12              31.61   8.51    36.63

SNOWFALL (IN)
  YESTERDAY        1.1   10.2  1989   0.8    0.3      0.0
  MONTH TO DATE   11.7                9.8    1.9       T
  SINCE SEP 1     20.5               15.9    4.6       T
  SINCE JUL 1     20.5               15.9    4.6       T
  SNOW DEPTH       1

DEGREE DAYS
 HEATING
  YESTERDAY       40                 35      5       25
  MONTH TO DATE  596                505     91      310
  SINCE SEP 1   1356               1481   -125     1064
  SINCE JUL 1   1621               1666    -45     1164

 COOLING
  YESTERDAY        0                  0      0        0
  MONTH TO DATE    0                  0      0        0
  SINCE SEP 1     52                 22     30       10
  SINCE JAN 1    145                242    -97      246
...........................................................


WIND (MPH)
  RESULTANT WIND SPEED  MM   RESULTANT WIND DIRECTION  MM
  HIGHEST WIND SPEED    MM   HIGHEST WIND DIRECTION    MM
  HIGHEST GUST SPEED    29   HIGHEST GUST DIRECTION     W (270)
  AVERAGE WIND SPEED    MM


SKY COVER
  POSSIBLE SUNSHINE  MM
  AVERAGE SKY COVER  MM


WEATHER CONDITIONS
 THE FOLLOWING WEATHER WAS RECORDED YESTERDAY.
  LT FREEZING RAIN
  LIGHT SNOW


RELATIVE HUMIDITY (PERCENT)
 HIGHEST    MM
 LOWEST     MM
 AVERAGE    MM

..........................................................


THE MARQUETTE MI CLIMATE NORMALS FOR TODAY
                         NORMAL    RECORD    YEAR
 MAXIMUM TEMPERATURE (F)   37        64      2001
 MINIMUM TEMPERATURE (F)   23         4      1973


SUNRISE AND SUNSET
NOVEMBER 17 2017......SUNRISE   755 AM EST   SUNSET   515 PM EST
NOVEMBER 18 2017......SUNRISE   757 AM EST   SUNSET   514 PM EST


-  INDICATES NEGATIVE NUMBERS.
R  INDICATES RECORD WAS SET OR TIED.
MM INDICATES DATA IS MISSING.
T  INDICATES TRACE AMOUNT.




$$
