442
CDUS43 KMQT 210518
CLIMQT


CLIMATE REPORT
NATIONAL WEATHER SERVICE MARQUETTE MI
117 AM EDT SUN MAY 21 2017


...................................

...THE MARQUETTE MI CLIMATE SUMMARY FOR MAY 20 2017...

CLIMATE NORMAL PERIOD 1981 TO 2010
CLIMATE RECORD PERIOD 1961 TO 2017


WEATHER ITEM   OBSERVED RECORD YEAR NORMAL DEPARTURE LAST
                VALUE   VALUE       VALUE  FROM      YEAR
                                           NORMAL
...........................................................
TEMPERATURE (F)
 YESTERDAY
  MAXIMUM         52     89    2009  64    -12       72
  MINIMUM         31     24    2002  41    -10       43
  AVERAGE         42                 52    -10       58

PRECIPITATION (IN)
  YESTERDAY        0.17   0.87 2012   0.11   0.06     0.00
  MONTH TO DATE    2.12               1.86   0.26     0.45
  SINCE MAR 1      9.36               7.90   1.46     7.62
  SINCE JAN 1     13.94              12.45   1.49    12.24

SNOWFALL (IN)
  YESTERDAY        0.0    T    2012   0.0    0.0      0.0
                               2008
                               1997
  MONTH TO DATE    0.9                1.5   -0.6      1.1
  SINCE MAR 1     32.9               50.9  -18.0     60.8
  SINCE JUL 1    154.0              203.3  -49.3    160.9
  SNOW DEPTH       0

DEGREE DAYS
 HEATING
  YESTERDAY       23                 13     10        7
  MONTH TO DATE  409                326     83      361
  SINCE MAR 1   2409               2404      5     2384
  SINCE JUL 1   8093               9028   -935     8151

 COOLING
  YESTERDAY        0                  0      0        0
  MONTH TO DATE    0                  0      0        0
  SINCE MAR 1      0                  1     -1        0
  SINCE JAN 1      0                  1     -1        0
...........................................................


WIND (MPH)
  HIGHEST WIND SPEED    MM   HIGHEST WIND DIRECTION    MM
  HIGHEST GUST SPEED    20   HIGHEST GUST DIRECTION     E (90)
  AVERAGE WIND SPEED    MM


SKY COVER
  POSSIBLE SUNSHINE  MM
  AVERAGE SKY COVER  MM


WEATHER CONDITIONS
 THE FOLLOWING WEATHER WAS RECORDED YESTERDAY.
  LIGHT RAIN


RELATIVE HUMIDITY (PERCENT)
 HIGHEST    MM
 LOWEST     MM
 AVERAGE    MM

..........................................................


THE MARQUETTE MI CLIMATE NORMALS FOR TODAY
                         NORMAL    RECORD    YEAR
 MAXIMUM TEMPERATURE (F)   64        90      1994
 MINIMUM TEMPERATURE (F)   42        25      2002


SUNRISE AND SUNSET
MAY 21 2017...........SUNRISE   610 AM EDT   SUNSET   925 PM EDT
MAY 22 2017...........SUNRISE   609 AM EDT   SUNSET   926 PM EDT


-  INDICATES NEGATIVE NUMBERS.
R  INDICATES RECORD WAS SET OR TIED.
MM INDICATES DATA IS MISSING.
T  INDICATES TRACE AMOUNT.




$$
JLA
