000
CDUS43 KMQT 220503
CLIMQT

CLIMATE REPORT
NATIONAL WEATHER SERVICE MARQUETTE MI
102 AM EDT WED MAR 22 2017


...................................

...THE MARQUETTE MI CLIMATE SUMMARY FOR MARCH 21 2017...

CLIMATE NORMAL PERIOD 1981 TO 2010
CLIMATE RECORD PERIOD 1961 TO 2017


WEATHER ITEM   OBSERVED RECORD YEAR NORMAL DEPARTURE LAST
                VALUE   VALUE       VALUE  FROM      YEAR
                                           NORMAL
...........................................................
TEMPERATURE (F)
 YESTERDAY
  MAXIMUM         33     81    2012  36     -3       34
  MINIMUM         15    -15    1988  16     -1       11
  AVERAGE         24                 26     -2       23

PRECIPITATION (IN)
  YESTERDAY        0.01   1.97 1984   0.10  -0.09      T
  MONTH TO DATE    1.21               2.02  -0.81     2.33
  SINCE MAR 1      1.21               2.02  -0.81     2.33
  SINCE JAN 1      5.79               6.57  -0.78     6.95

SNOWFALL (IN)
  YESTERDAY        0.3   17.0  1984   1.0   -0.7      0.2
  MONTH TO DATE   19.9               25.8   -5.9     13.2
  SINCE MAR 1     19.9               25.8   -5.9     13.2
  SINCE JUL 1    141.0              178.2  -37.2    113.3
  SNOW DEPTH       8

DEGREE DAYS
 HEATING
  YESTERDAY       41                 39      2       42
  MONTH TO DATE  920                896     24      758
  SINCE MAR 1    920                896     24      758
  SINCE JUL 1   6604               7520   -916     6525

 COOLING
  YESTERDAY        0                  0      0        0
  MONTH TO DATE    0                  0      0        0
  SINCE MAR 1      0                  0      0        0
  SINCE JAN 1      0                  0      0        0
...........................................................


WIND (MPH)
  RESULTANT WIND SPEED  MM   RESULTANT WIND DIRECTION  MM
  HIGHEST WIND SPEED    MM   HIGHEST WIND DIRECTION    MM
  HIGHEST GUST SPEED    37   HIGHEST GUST DIRECTION    NW (315)
  AVERAGE WIND SPEED    MM


SKY COVER
  POSSIBLE SUNSHINE  MM
  AVERAGE SKY COVER  MM


WEATHER CONDITIONS
 THE FOLLOWING WEATHER WAS RECORDED YESTERDAY.
  LIGHT SNOW


RELATIVE HUMIDITY (PERCENT)
 HIGHEST    MM
 LOWEST     MM
 AVERAGE    MM

..........................................................


THE MARQUETTE MI CLIMATE NORMALS FOR TODAY
                         NORMAL    RECORD    YEAR
 MAXIMUM TEMPERATURE (F)   37        60      1987
 MINIMUM TEMPERATURE (F)   16       -16      2004


SUNRISE AND SUNSET
MARCH 22 2017.........SUNRISE   749 AM EDT   SUNSET   806 PM EDT
MARCH 23 2017.........SUNRISE   747 AM EDT   SUNSET   807 PM EDT


-  INDICATES NEGATIVE NUMBERS.
R  INDICATES RECORD WAS SET OR TIED.
MM INDICATES DATA IS MISSING.
T  INDICATES TRACE AMOUNT.




$$
