000
CDUS43 KMQT 210509
CLIMQT


CLIMATE REPORT
NATIONAL WEATHER SERVICE MARQUETTE MI
108 AM EDT MON JUL 21 2014


...................................

...THE MARQUETTE MI CLIMATE SUMMARY FOR JULY 20 2014...

CLIMATE NORMAL PERIOD 1981 TO 2010
CLIMATE RECORD PERIOD 1961 TO 2014


WEATHER ITEM   OBSERVED RECORD YEAR NORMAL DEPARTURE LAST
                VALUE   VALUE       VALUE  FROM      YEAR
                                           NORMAL
...........................................................
TEMPERATURE (F)
 YESTERDAY
  MAXIMUM         81     94    2011  77      4       64
  MINIMUM         64     39    1992  55      9       45
  AVERAGE         73                 66      7       55

PRECIPITATION (IN)
  YESTERDAY        0.00   0.96 1991   0.10  -0.10     0.00
  MONTH TO DATE    3.23               1.80   1.43     2.82
  SINCE JUN 1      8.86               4.64   4.22     6.13
  SINCE JAN 1     21.32              18.28   3.04    23.47

SNOWFALL (IN)
  YESTERDAY        0.0   MM      MM   0.0    0.0      0.0
  MONTH TO DATE    T                  0.0    0.0      0.0
  SINCE JUN 1      T                  0.0    0.0      0.0
  SINCE JUL 1      T                  0.0    0.0      0.0
  SNOW DEPTH       0

DEGREE DAYS
 HEATING
  YESTERDAY        0                  2     -2       10
  MONTH TO DATE   78                 52     26       40
  SINCE JUN 1    241                234      7      238
  SINCE JUL 1     78                 52     26       40

 COOLING
  YESTERDAY        8                  3      5        0
  MONTH TO DATE   24                 60    -36      123
  SINCE JUN 1     78                108    -30      162
  SINCE JAN 1     98                120    -22      175
...........................................................


WIND (MPH)
  RESULTANT WIND SPEED  MM   RESULTANT WIND DIRECTION  MM
  HIGHEST WIND SPEED    MM   HIGHEST WIND DIRECTION    MM
  HIGHEST GUST SPEED    24   HIGHEST GUST DIRECTION     S (180)
  AVERAGE WIND SPEED    MM


SKY COVER
  POSSIBLE SUNSHINE  MM
  AVERAGE SKY COVER  MM


WEATHER CONDITIONS
 THE FOLLOWING WEATHER WAS RECORDED YESTERDAY.
  NO SIGNIFICANT WEATHER WAS OBSERVED.


RELATIVE HUMIDITY (PERCENT)
 HIGHEST    MM
 LOWEST     MM
 AVERAGE    MM

..........................................................


THE MARQUETTE MI CLIMATE NORMALS FOR TODAY
                         NORMAL    RECORD    YEAR
 MAXIMUM TEMPERATURE (F)   77        91      2002
 MINIMUM TEMPERATURE (F)   55        37      1992


SUNRISE AND SUNSET
JULY 21 2014..........SUNRISE   618 AM EDT   SUNSET   934 PM EDT
JULY 22 2014..........SUNRISE   619 AM EDT   SUNSET   933 PM EDT


-  INDICATES NEGATIVE NUMBERS.
R  INDICATES RECORD WAS SET OR TIED.
MM INDICATES DATA IS MISSING.
T  INDICATES TRACE AMOUNT.

$$

TITUS
