000
CDUS43 KMQT 062103
CLIMQT


CLIMATE REPORT
NATIONAL WEATHER SERVICE MARQUETTE MI
502 PM EDT SUN JUL 6 2014


...................................

...THE MARQUETTE MI CLIMATE SUMMARY FOR JULY 6 2014...
VALID TODAY AS OF 0500 PM LOCAL TIME.

CLIMATE NORMAL PERIOD 1981 TO 2010
CLIMATE RECORD PERIOD 1961 TO 2014


WEATHER ITEM   OBSERVED RECORD YEAR NORMAL DEPARTURE LAST
                VALUE   VALUE       VALUE  FROM      YEAR
                                           NORMAL
...........................................................
TEMPERATURE (F)
 TODAY
  MAXIMUM         75     98    1988  76     -1       89
  MINIMUM         63     36    1965  54      9       68
  AVERAGE         69                 65      4       79

PRECIPITATION (IN)
  TODAY            0.21   1.00 1987   0.09   0.12     0.02
  MONTH TO DATE    0.28               0.53  -0.25     0.02
  SINCE JUN 1      5.91               3.37   2.54     3.33
  SINCE JAN 1     18.37              17.01   1.36    20.67

SNOWFALL (IN)
  TODAY            0.0   MM      MM   0.0    0.0      0.0
  MONTH TO DATE    0.0                0.0    0.0      0.0
  SINCE JUN 1      0.0                0.0    0.0      0.0
  SINCE JUL 1      0.0                0.0    0.0      0.0
  SNOW DEPTH       0

DEGREE DAYS
 HEATING
  TODAY            0                  3     -3        0
  MONTH TO DATE   16                 18     -2       26
  SINCE JUN 1    179                200    -21      224
  SINCE JUL 1     16                 18     -2       26

 COOLING
  TODAY            4                  3      1       14
  MONTH TO DATE    8                 18    -10       29
  SINCE JUN 1     62                 66     -4       68
  SINCE JAN 1     82                 78      4       81
...........................................................


WIND (MPH)
  HIGHEST WIND SPEED    MM   HIGHEST WIND DIRECTION    MM
  HIGHEST GUST SPEED    21   HIGHEST GUST DIRECTION    SW (225)
  AVERAGE WIND SPEED    MM


SKY COVER
  POSSIBLE SUNSHINE  MM
  AVERAGE SKY COVER  MM


WEATHER CONDITIONS
 THE FOLLOWING WEATHER WAS RECORDED TODAY.
  THUNDERSTORM
  HEAVY RAIN
  RAIN
  LIGHT RAIN


RELATIVE HUMIDITY (PERCENT)
 HIGHEST    MM
 LOWEST     MM
 AVERAGE    MM

..........................................................


THE MARQUETTE MI CLIMATE NORMALS FOR TOMORROW
                         NORMAL    RECORD    YEAR
 MAXIMUM TEMPERATURE (F)   76        98      1988
 MINIMUM TEMPERATURE (F)   54        36      1969


SUNRISE AND SUNSET
JULY  6 2014..........SUNRISE   604 AM EDT   SUNSET   945 PM EDT
JULY  7 2014..........SUNRISE   605 AM EDT   SUNSET   945 PM EDT


-  INDICATES NEGATIVE NUMBERS.
R  INDICATES RECORD WAS SET OR TIED.
MM INDICATES DATA IS MISSING.
T  INDICATES TRACE AMOUNT.




$$
