000
CDUS43 KMQT 280523
CLIMQT


CLIMATE REPORT
NATIONAL WEATHER SERVICE MARQUETTE MI
122 AM EDT SUN JUN 28 2015


...................................

...THE MARQUETTE MI CLIMATE SUMMARY FOR JUNE 27 2015...

CLIMATE NORMAL PERIOD 1981 TO 2010
CLIMATE RECORD PERIOD 1961 TO 2015


WEATHER ITEM   OBSERVED RECORD YEAR NORMAL DEPARTURE LAST
                VALUE   VALUE       VALUE  FROM      YEAR
                                           NORMAL
...........................................................
TEMPERATURE (F)
 YESTERDAY
  MAXIMUM         81     94    1991  75      6       78
  MINIMUM         45     39    1992  53     -8       53
  AVERAGE         63                 64     -1       66

PRECIPITATION (IN)
  YESTERDAY        0.00   4.09 1968   0.09  -0.09     0.00
  MONTH TO DATE    1.68               2.59  -0.91     5.51
  SINCE JUN 1      1.68               2.59  -0.91     5.51
  SINCE JAN 1     13.00              16.23  -3.23    17.97

SNOWFALL (IN)
  YESTERDAY        0.0   MM      MM   0.0    0.0      0.0
  MONTH TO DATE    0.0                0.0    0.0      0.0
  SINCE JUN 1      0.0                0.0    0.0      0.0
  SINCE JUL 1    178.7              203.3  -24.6    198.9
  SNOW DEPTH       0

DEGREE DAYS
 HEATING
  YESTERDAY        2                  4     -2        0
  MONTH TO DATE  188                172     16      163
  SINCE JUN 1    188                172     16      163
  SINCE JUL 1   9973               9324    649    10399

 COOLING
  YESTERDAY        0                  2     -2        1
  MONTH TO DATE    0                 39    -39       25
  SINCE JUN 1      0                 39    -39       25
  SINCE JAN 1      2                 51    -49       45
...........................................................


WIND (MPH)
  RESULTANT WIND SPEED  MM   RESULTANT WIND DIRECTION  MM
  HIGHEST WIND SPEED    MM   HIGHEST WIND DIRECTION    MM
  HIGHEST GUST SPEED    14   HIGHEST GUST DIRECTION    SW (225)
  AVERAGE WIND SPEED    MM


SKY COVER
  POSSIBLE SUNSHINE  MM
  AVERAGE SKY COVER  MM


WEATHER CONDITIONS
 THE FOLLOWING WEATHER WAS RECORDED YESTERDAY.
  NO SIGNIFICANT WEATHER WAS OBSERVED.


RELATIVE HUMIDITY (PERCENT)
 HIGHEST    MM
 LOWEST     MM
 AVERAGE    MM

..........................................................


THE MARQUETTE MI CLIMATE NORMALS FOR TODAY
                         NORMAL    RECORD    YEAR
 MAXIMUM TEMPERATURE (F)   75        93      1996
 MINIMUM TEMPERATURE (F)   53        36      2003


SUNRISE AND SUNSET
JUNE 28 2015..........SUNRISE   559 AM EDT   SUNSET   947 PM EDT
JUNE 29 2015..........SUNRISE   600 AM EDT   SUNSET   947 PM EDT


-  INDICATES NEGATIVE NUMBERS.
R  INDICATES RECORD WAS SET OR TIED.
MM INDICATES DATA IS MISSING.
T  INDICATES TRACE AMOUNT.




$$
