000
CDUS43 KMQT 222104
CLIMQT


CLIMATE REPORT
NATIONAL WEATHER SERVICE MARQUETTE MI
503 PM EDT SUN MAR 22 2015


...................................

...THE MARQUETTE MI CLIMATE SUMMARY FOR MARCH 22 2015...
VALID TODAY AS OF 0500 PM LOCAL TIME.

CLIMATE NORMAL PERIOD 1981 TO 2010
CLIMATE RECORD PERIOD 1961 TO 2015


WEATHER ITEM   OBSERVED RECORD YEAR NORMAL DEPARTURE LAST
                VALUE   VALUE       VALUE  FROM      YEAR
                                           NORMAL
...........................................................
TEMPERATURE (F)
 TODAY
  MAXIMUM         28     60    1987  37     -9       29
  MINIMUM          8    -16    2004  16     -8        4
  AVERAGE         18                 26     -8       17

PRECIPITATION (IN)
  TODAY            0.00   0.95 1984   0.10  -0.10     0.04
  MONTH TO DATE    0.47               2.12  -1.65     1.19
  SINCE MAR 1      0.47               2.12  -1.65     1.19
  SINCE JAN 1      3.39               6.67  -3.28     4.71

SNOWFALL (IN)
  TODAY            0.0   11.2  1984   1.0   -1.0      0.9
  MONTH TO DATE    3.0               26.8  -23.8     19.8
  SINCE MAR 1      3.0               26.8  -23.8     19.8
  SINCE JUL 1    157.0              179.2  -22.2    149.3
  SNOW DEPTH      18

DEGREE DAYS
 HEATING
  TODAY           47                 39      8       48
  MONTH TO DATE  878                935    -57     1119
  SINCE MAR 1    878                935    -57     1119
  SINCE JUL 1   8189               7559    630     8441

 COOLING
  TODAY            0                  0      0        0
  MONTH TO DATE    0                  0      0        0
  SINCE MAR 1      0                  0      0        0
  SINCE JAN 1      0                  0      0        0
...........................................................


WIND (MPH)
  HIGHEST WIND SPEED    MM   HIGHEST WIND DIRECTION    MM
  HIGHEST GUST SPEED    18   HIGHEST GUST DIRECTION     N (360)
  AVERAGE WIND SPEED    MM


SKY COVER
  POSSIBLE SUNSHINE  MM
  AVERAGE SKY COVER  MM


WEATHER CONDITIONS
 THE FOLLOWING WEATHER WAS RECORDED TODAY.
  NO SIGNIFICANT WEATHER WAS OBSERVED.


RELATIVE HUMIDITY (PERCENT)
 HIGHEST    MM
 LOWEST     MM
 AVERAGE    MM

..........................................................


THE MARQUETTE MI CLIMATE NORMALS FOR TOMORROW
                         NORMAL    RECORD    YEAR
 MAXIMUM TEMPERATURE (F)   37        62      2000
                                             1987
 MINIMUM TEMPERATURE (F)   17       -18      1965


SUNRISE AND SUNSET
MARCH 22 2015.........SUNRISE   750 AM EDT   SUNSET   805 PM EDT
MARCH 23 2015.........SUNRISE   748 AM EDT   SUNSET   807 PM EDT


-  INDICATES NEGATIVE NUMBERS.
R  INDICATES RECORD WAS SET OR TIED.
MM INDICATES DATA IS MISSING.
T  INDICATES TRACE AMOUNT.




$$
