000
CDUS43 KMQT 020536
CLIMQT


CLIMATE REPORT
NATIONAL WEATHER SERVICE MARQUETTE MI
1236 AM EST SAT DEC 2 2017


...................................

...THE MARQUETTE MI CLIMATE SUMMARY FOR DECEMBER 1 2017...

CLIMATE NORMAL PERIOD 1981 TO 2010
CLIMATE RECORD PERIOD 1961 TO 2017


WEATHER ITEM   OBSERVED RECORD YEAR NORMAL DEPARTURE LAST
                VALUE   VALUE       VALUE  FROM      YEAR
                                           NORMAL
...........................................................
TEMPERATURE (F)
 YESTERDAY
  MAXIMUM         40     53    1962  30     10       34
  MINIMUM         20    -11    2014  16      4       27
  AVERAGE         30                 23      7       31

PRECIPITATION (IN)
  YESTERDAY        0.01   2.30 1985   0.10  -0.09     0.06
  MONTH TO DATE    0.01               0.10  -0.09     0.06
  SINCE DEC 1      0.01               0.10  -0.09     0.06
  SINCE JAN 1     40.58              33.21   7.37    38.14

SNOWFALL (IN)
  YESTERDAY        0.0   23.7  1985   1.2   -1.2      0.6
  MONTH TO DATE    0.0                1.2   -1.2      0.6
  SINCE DEC 1      0.0                1.2   -1.2      0.6
  SINCE JUL 1     24.9               31.7   -6.8     14.8
  SNOW DEPTH       0

DEGREE DAYS
 HEATING
  YESTERDAY       35                 42     -7       34
  MONTH TO DATE   35                 42     -7       34
  SINCE DEC 1     35                 42     -7       34
  SINCE JUL 1   2162               2244    -82     1659

 COOLING
  YESTERDAY        0                  0      0        0
  MONTH TO DATE    0                  0      0        0
  SINCE DEC 1      0                  0      0        0
  SINCE JAN 1    145                242    -97      246
...........................................................


WIND (MPH)
  RESULTANT WIND SPEED  MM   RESULTANT WIND DIRECTION  MM
  HIGHEST WIND SPEED    MM   HIGHEST WIND DIRECTION    MM
  HIGHEST GUST SPEED    23   HIGHEST GUST DIRECTION    SW (225)
  AVERAGE WIND SPEED    MM


SKY COVER
  POSSIBLE SUNSHINE  MM
  AVERAGE SKY COVER  MM


WEATHER CONDITIONS
 THE FOLLOWING WEATHER WAS RECORDED YESTERDAY.
  LIGHT RAIN


RELATIVE HUMIDITY (PERCENT)
 HIGHEST    MM
 LOWEST     MM
 AVERAGE    MM

..........................................................


THE MARQUETTE MI CLIMATE NORMALS FOR TODAY
                         NORMAL    RECORD    YEAR
 MAXIMUM TEMPERATURE (F)   30        58      1982
 MINIMUM TEMPERATURE (F)   16       -10      1976


SUNRISE AND SUNSET
DECEMBER  2 2017......SUNRISE   815 AM EST   SUNSET   504 PM EST
DECEMBER  3 2017......SUNRISE   816 AM EST   SUNSET   504 PM EST


-  INDICATES NEGATIVE NUMBERS.
R  INDICATES RECORD WAS SET OR TIED.
MM INDICATES DATA IS MISSING.
T  INDICATES TRACE AMOUNT.




$$
