000
CDUS43 KMQT 240522
CLIMQT


CLIMATE REPORT
NATIONAL WEATHER SERVICE MARQUETTE MI
121 AM EDT FRI JUL 24 2015


...................................

...THE MARQUETTE MI CLIMATE SUMMARY FOR JULY 23 2015...

CLIMATE NORMAL PERIOD 1981 TO 2010
CLIMATE RECORD PERIOD 1961 TO 2015


WEATHER ITEM   OBSERVED RECORD YEAR NORMAL DEPARTURE LAST
                VALUE   VALUE       VALUE  FROM      YEAR
                                           NORMAL
...........................................................
TEMPERATURE (F)
 YESTERDAY
  MAXIMUM         83     90    1964  77      6       66
  MINIMUM         47     38    1985  55     -8       50
  AVERAGE         65                 66     -1       58

PRECIPITATION (IN)
  YESTERDAY        0.03   0.25 2006   0.09  -0.06     0.00
  MONTH TO DATE    1.69               2.08  -0.39     3.46
  SINCE JUN 1      4.18               4.92  -0.74     9.09
  SINCE JAN 1     15.50              18.56  -3.06    21.55

SNOWFALL (IN)
  YESTERDAY        0.0   MM      MM   0.0    0.0      0.0
  MONTH TO DATE    0.0                0.0    0.0       T
  SINCE JUN 1      0.0                0.0    0.0       T
  SINCE JUL 1      0.0                0.0    0.0       T
  SNOW DEPTH       0

DEGREE DAYS
 HEATING
  YESTERDAY        0                  2     -2        7
  MONTH TO DATE   68                 58     10       85
  SINCE JUN 1    270                240     30      248
  SINCE JUL 1     68                 58     10       85

 COOLING
  YESTERDAY        0                  3     -3        0
  MONTH TO DATE   46                 69    -23       38
  SINCE JUN 1     46                117    -71       92
  SINCE JAN 1     48                129    -81      112
...........................................................


WIND (MPH)
  RESULTANT WIND SPEED  MM   RESULTANT WIND DIRECTION  MM
  HIGHEST WIND SPEED    MM   HIGHEST WIND DIRECTION    MM
  HIGHEST GUST SPEED    13   HIGHEST GUST DIRECTION    NE (45)
  AVERAGE WIND SPEED    MM


SKY COVER
  POSSIBLE SUNSHINE  MM
  AVERAGE SKY COVER  MM


WEATHER CONDITIONS
 THE FOLLOWING WEATHER WAS RECORDED YESTERDAY.
  LIGHT RAIN


RELATIVE HUMIDITY (PERCENT)
 HIGHEST    MM
 LOWEST     MM
 AVERAGE    MM

..........................................................


THE MARQUETTE MI CLIMATE NORMALS FOR TODAY
                         NORMAL    RECORD    YEAR
 MAXIMUM TEMPERATURE (F)   77        90      1989
 MINIMUM TEMPERATURE (F)   55        40      2004


SUNRISE AND SUNSET
JULY 24 2015..........SUNRISE   621 AM EDT   SUNSET   931 PM EDT
JULY 25 2015..........SUNRISE   622 AM EDT   SUNSET   930 PM EDT


-  INDICATES NEGATIVE NUMBERS.
R  INDICATES RECORD WAS SET OR TIED.
MM INDICATES DATA IS MISSING.
T  INDICATES TRACE AMOUNT.


$$

TITUS
