000
CDUS43 KMQT 140526
CLIMQT


CLIMATE REPORT
NATIONAL WEATHER SERVICE MARQUETTE MI
118 AM EDT SUN SEP 14 2014


...................................

...THE MARQUETTE MI CLIMATE SUMMARY FOR SEPTEMBER 13 2014...

CLIMATE NORMAL PERIOD 1981 TO 2010
CLIMATE RECORD PERIOD 1961 TO 2014


WEATHER ITEM   OBSERVED RECORD YEAR NORMAL DEPARTURE LAST
                VALUE   VALUE       VALUE  FROM      YEAR
                                           NORMAL
...........................................................
TEMPERATURE (F)
 YESTERDAY
  MAXIMUM         53     83    2004  67    -14       56
  MINIMUM         33     28    1963  47    -14       39
  AVERAGE         43                 57    -14       48

PRECIPITATION (IN)
  YESTERDAY        0.06   1.59 1993   0.12  -0.06     0.00
  MONTH TO DATE    3.15               1.48   1.67     0.71
  SINCE SEP 1      3.15               1.48   1.67     0.71
  SINCE JAN 1     29.89              23.85   6.04    28.46

SNOWFALL (IN)
  YESTERDAY        0.0   MM      MM   0.0    0.0      0.0
  MONTH TO DATE    0.0                0.0    0.0      0.0
  SINCE SEP 1      0.0                0.0    0.0      0.0
  SINCE JUL 1      T                  0.0    0.0      0.0
  SNOW DEPTH       0

DEGREE DAYS
 HEATING
  YESTERDAY       22                  9     13       17
  MONTH TO DATE  104                 93     11       82
  SINCE SEP 1    104                 93     11       82
  SINCE JUL 1    351                278     73      296

 COOLING
  YESTERDAY        0                  1     -1        0
  MONTH TO DATE    2                 16    -14        7
  SINCE SEP 1      2                 16    -14        7
  SINCE JAN 1    149                236    -87      277
...........................................................


WIND (MPH)
  RESULTANT WIND SPEED  MM   RESULTANT WIND DIRECTION  MM
  HIGHEST WIND SPEED    MM   HIGHEST WIND DIRECTION    MM
  HIGHEST GUST SPEED    11   HIGHEST GUST DIRECTION    SE (135)
  AVERAGE WIND SPEED    MM


SKY COVER
  POSSIBLE SUNSHINE  MM
  AVERAGE SKY COVER  MM


WEATHER CONDITIONS
 THE FOLLOWING WEATHER WAS RECORDED YESTERDAY.
  LIGHT RAIN


RELATIVE HUMIDITY (PERCENT)
 HIGHEST    MM
 LOWEST     MM
 AVERAGE    MM

..........................................................


THE MARQUETTE MI CLIMATE NORMALS FOR TODAY
                         NORMAL    RECORD    YEAR
 MAXIMUM TEMPERATURE (F)   67        81      1997
 MINIMUM TEMPERATURE (F)   47        29      1975


SUNRISE AND SUNSET
SEPTEMBER 14 2014.....SUNRISE   727 AM EDT   SUNSET   804 PM EDT
SEPTEMBER 15 2014.....SUNRISE   728 AM EDT   SUNSET   802 PM EDT


-  INDICATES NEGATIVE NUMBERS.
R  INDICATES RECORD WAS SET OR TIED.
MM INDICATES DATA IS MISSING.
T  INDICATES TRACE AMOUNT.




$$
