000
CDUS43 KMQT 090515
CLIMQT


CLIMATE REPORT
NATIONAL WEATHER SERVICE MARQUETTE MI
114 AM EDT WED JUL 9 2014


...................................

...THE MARQUETTE MI CLIMATE SUMMARY FOR JULY 8 2014...

CLIMATE NORMAL PERIOD 1981 TO 2010
CLIMATE RECORD PERIOD 1961 TO 2014


WEATHER ITEM   OBSERVED RECORD YEAR NORMAL DEPARTURE LAST
                VALUE   VALUE       VALUE  FROM      YEAR
                                           NORMAL
...........................................................
TEMPERATURE (F)
 YESTERDAY
  MAXIMUM         57     92    1981  76    -19       71
                               1974
  MINIMUM         47     40    2009  55     -8       54
  AVERAGE         52                 65    -13       63

PRECIPITATION (IN)
  YESTERDAY        0.72R  0.66 1990   0.09   0.63     0.37
  MONTH TO DATE    2.38               0.72   1.66     0.61
  SINCE JUN 1      8.01               3.56   4.45     3.92
  SINCE JAN 1     20.47              17.20   3.27    21.26

SNOWFALL (IN)
  YESTERDAY        0.0   MM      MM   0.0    0.0      0.0
  MONTH TO DATE    0.0                0.0    0.0      0.0
  SINCE JUN 1      0.0                0.0    0.0      0.0
  SINCE JUL 1      0.0                0.0    0.0      0.0
  SNOW DEPTH       0

DEGREE DAYS
 HEATING
  YESTERDAY       13                  3     10        2
  MONTH TO DATE   29                 24      5       28
  SINCE JUN 1    192                206    -14      226
  SINCE JUL 1     29                 24      5       28

 COOLING
  YESTERDAY        0                  3     -3        0
  MONTH TO DATE    9                 24    -15       32
  SINCE JUN 1     63                 72     -9       71
  SINCE JAN 1     83                 84     -1       84
...........................................................


WIND (MPH)
  RESULTANT WIND SPEED  MM   RESULTANT WIND DIRECTION  MM
  HIGHEST WIND SPEED    MM   HIGHEST WIND DIRECTION    MM
  HIGHEST GUST SPEED    17   HIGHEST GUST DIRECTION    NW (315)
  AVERAGE WIND SPEED    MM


SKY COVER
  POSSIBLE SUNSHINE  MM
  AVERAGE SKY COVER  MM


WEATHER CONDITIONS
 THE FOLLOWING WEATHER WAS RECORDED YESTERDAY.
  THUNDERSTORM
  RAIN
  LIGHT RAIN
  FOG


RELATIVE HUMIDITY (PERCENT)
 HIGHEST    MM
 LOWEST     MM
 AVERAGE    MM

..........................................................


THE MARQUETTE MI CLIMATE NORMALS FOR TODAY
                         NORMAL    RECORD    YEAR
 MAXIMUM TEMPERATURE (F)   76        90      1989
 MINIMUM TEMPERATURE (F)   55        37      1968


SUNRISE AND SUNSET
JULY  9 2014..........SUNRISE   607 AM EDT   SUNSET   944 PM EDT
JULY 10 2014..........SUNRISE   608 AM EDT   SUNSET   943 PM EDT


-  INDICATES NEGATIVE NUMBERS.
R  INDICATES RECORD WAS SET OR TIED.
MM INDICATES DATA IS MISSING.
T  INDICATES TRACE AMOUNT.


$$

TITUS
