000
CDUS43 KMQT 130514
CLIMQT


CLIMATE REPORT
NATIONAL WEATHER SERVICE MARQUETTE MI
113 AM EDT SAT SEP 13 2014


...................................

...THE MARQUETTE MI CLIMATE SUMMARY FOR SEPTEMBER 12 2014...

CLIMATE NORMAL PERIOD 1981 TO 2010
CLIMATE RECORD PERIOD 1961 TO 2014


WEATHER ITEM   OBSERVED RECORD YEAR NORMAL DEPARTURE LAST
                VALUE   VALUE       VALUE  FROM      YEAR
                                           NORMAL
...........................................................
TEMPERATURE (F)
 YESTERDAY
  MAXIMUM         49     89    2005  68    -19       56
  MINIMUM         33     31    1964  47    -14       44
  AVERAGE         41                 57    -16       50

PRECIPITATION (IN)
  YESTERDAY        0.06   1.04 1996   0.12  -0.06     0.15
  MONTH TO DATE    3.09               1.36   1.73     0.71
  SINCE SEP 1      3.09               1.36   1.73     0.71
  SINCE JAN 1     29.83              23.73   6.10    28.46

SNOWFALL (IN)
  YESTERDAY        0.0   MM      MM   0.0    0.0      0.0
  MONTH TO DATE    0.0                0.0    0.0      0.0
  SINCE SEP 1      0.0                0.0    0.0      0.0
  SINCE JUL 1      T                  0.0    0.0      0.0
  SNOW DEPTH       0

DEGREE DAYS
 HEATING
  YESTERDAY       24                  8     16       15
  MONTH TO DATE   82                 84     -2       65
  SINCE SEP 1     82                 84     -2       65
  SINCE JUL 1    329                269     60      279

 COOLING
  YESTERDAY        0                  1     -1        0
  MONTH TO DATE    2                 15    -13        7
  SINCE SEP 1      2                 15    -13        7
  SINCE JAN 1    149                235    -86      277
...........................................................


WIND (MPH)
  RESULTANT WIND SPEED  MM   RESULTANT WIND DIRECTION  MM
  HIGHEST WIND SPEED    MM   HIGHEST WIND DIRECTION    MM
  HIGHEST GUST SPEED    11   HIGHEST GUST DIRECTION    NE (45)
  AVERAGE WIND SPEED    MM


SKY COVER
  POSSIBLE SUNSHINE  MM
  AVERAGE SKY COVER  MM


WEATHER CONDITIONS
 THE FOLLOWING WEATHER WAS RECORDED YESTERDAY.
  LIGHT RAIN


RELATIVE HUMIDITY (PERCENT)
 HIGHEST    MM
 LOWEST     MM
 AVERAGE    MM

..........................................................


THE MARQUETTE MI CLIMATE NORMALS FOR TODAY
                         NORMAL    RECORD    YEAR
 MAXIMUM TEMPERATURE (F)   67        83      2004
 MINIMUM TEMPERATURE (F)   47        28      1963


SUNRISE AND SUNSET
SEPTEMBER 13 2014.....SUNRISE   725 AM EDT   SUNSET   806 PM EDT
SEPTEMBER 14 2014.....SUNRISE   727 AM EDT   SUNSET   804 PM EDT


-  INDICATES NEGATIVE NUMBERS.
R  INDICATES RECORD WAS SET OR TIED.
MM INDICATES DATA IS MISSING.
T  INDICATES TRACE AMOUNT.

$$

TITUS
