000
CDUS43 KMQT 190508
CLIMQT


CLIMATE REPORT
NATIONAL WEATHER SERVICE MARQUETTE MI
107 AM EDT FRI AUG 19 2016


...................................

...THE MARQUETTE MI CLIMATE SUMMARY FOR AUGUST 18 2016...

CLIMATE NORMAL PERIOD 1981 TO 2010
CLIMATE RECORD PERIOD 1961 TO 2016


WEATHER ITEM   OBSERVED RECORD YEAR NORMAL DEPARTURE LAST
                VALUE   VALUE       VALUE  FROM      YEAR
                                           NORMAL
...........................................................
TEMPERATURE (F)
 YESTERDAY
  MAXIMUM         85     88    2003  74     11       66
                               1995
  MINIMUM         58     32    1968  53      5       57
  AVERAGE         72                 64      8       62

PRECIPITATION (IN)
  YESTERDAY        0.18   0.61 2012   0.09   0.09     0.01
  MONTH TO DATE    1.06               1.78  -0.72     1.64
  SINCE JUN 1      8.09               7.46   0.63     5.83
  SINCE JAN 1     24.30              21.10   3.20    17.15

SNOWFALL (IN)
  YESTERDAY        0.0   MM      MM   0.0    0.0      0.0
  MONTH TO DATE    0.0                0.0    0.0      0.0
  SINCE JUN 1      T                  0.0    0.0      0.0
  SINCE JUL 1      T                  0.0    0.0      0.0
  SNOW DEPTH       0

DEGREE DAYS
 HEATING
  YESTERDAY        0                  3     -3        3
  MONTH TO DATE    6                 54    -48       34
  SINCE JUN 1    243                315    -72      304
  SINCE JUL 1     61                133    -72      102

 COOLING
  YESTERDAY        7                  2      5        0
  MONTH TO DATE   65                 40     25       54
  SINCE JUN 1    208                182     26      160
  SINCE JAN 1    219                194     25      162
...........................................................


WIND (MPH)
  RESULTANT WIND SPEED  MM   RESULTANT WIND DIRECTION  MM
  HIGHEST WIND SPEED    MM   HIGHEST WIND DIRECTION    MM
  HIGHEST GUST SPEED    18   HIGHEST GUST DIRECTION     W (270)
  AVERAGE WIND SPEED    MM


SKY COVER
  POSSIBLE SUNSHINE  MM
  AVERAGE SKY COVER  MM


WEATHER CONDITIONS
 THE FOLLOWING WEATHER WAS RECORDED YESTERDAY.
  THUNDERSTORM
  RAIN
  LIGHT RAIN


RELATIVE HUMIDITY (PERCENT)
 HIGHEST    MM
 LOWEST     MM
 AVERAGE    MM

..........................................................


THE MARQUETTE MI CLIMATE NORMALS FOR TODAY
                         NORMAL    RECORD    YEAR
 MAXIMUM TEMPERATURE (F)   74        95      1976
 MINIMUM TEMPERATURE (F)   53        35      1967


SUNRISE AND SUNSET
AUGUST 19 2016........SUNRISE   654 AM EDT   SUNSET   852 PM EDT
AUGUST 20 2016........SUNRISE   656 AM EDT   SUNSET   850 PM EDT


-  INDICATES NEGATIVE NUMBERS.
R  INDICATES RECORD WAS SET OR TIED.
MM INDICATES DATA IS MISSING.
T  INDICATES TRACE AMOUNT.




$$
