000
CDUS43 KMQT 130517
CLIMQT


CLIMATE REPORT
NATIONAL WEATHER SERVICE MARQUETTE MI
1217 AM EST MON NOV 13 2017


...................................

...THE MARQUETTE MI CLIMATE SUMMARY FOR NOVEMBER 12 2017...

CLIMATE NORMAL PERIOD 1981 TO 2010
CLIMATE RECORD PERIOD 1961 TO 2017


WEATHER ITEM   OBSERVED RECORD YEAR NORMAL DEPARTURE LAST
                VALUE   VALUE       VALUE  FROM      YEAR
                                           NORMAL
...........................................................
TEMPERATURE (F)
 YESTERDAY
  MAXIMUM         31     54    2005  39     -8       53
  MINIMUM         26      2    1966  25      1       27
  AVERAGE         29                 32     -3       40

PRECIPITATION (IN)
  YESTERDAY        T      1.79 1975   0.11  -0.11     0.00
  MONTH TO DATE    0.78               1.24  -0.46     0.32
  SINCE SEP 1     12.22               8.80   3.42     8.85
  SINCE JAN 1     39.55              31.17   8.38    36.62

SNOWFALL (IN)
  YESTERDAY        T      7.5  1975   0.7   -0.7      0.0
  MONTH TO DATE    9.1                6.7    2.4       T
  SINCE SEP 1     17.9               12.8    5.1       T
  SINCE JUL 1     17.9               12.8    5.1       T
  SNOW DEPTH       3

DEGREE DAYS
 HEATING
  YESTERDAY       36                 33      3       25
  MONTH TO DATE  456                368     88      223
  SINCE SEP 1   1216               1344   -128      977
  SINCE JUL 1   1481               1529    -48     1077

 COOLING
  YESTERDAY        0                  0      0        0
  MONTH TO DATE    0                  0      0        0
  SINCE SEP 1     52                 22     30       10
  SINCE JAN 1    145                242    -97      246
...........................................................


WIND (MPH)
  RESULTANT WIND SPEED  MM   RESULTANT WIND DIRECTION  MM
  HIGHEST WIND SPEED    MM   HIGHEST WIND DIRECTION    MM
  HIGHEST GUST SPEED    13   HIGHEST GUST DIRECTION     W (270)
  AVERAGE WIND SPEED    MM


SKY COVER
  POSSIBLE SUNSHINE  MM
  AVERAGE SKY COVER  MM


WEATHER CONDITIONS
 THE FOLLOWING WEATHER WAS RECORDED YESTERDAY.
  LT FREEZING RAIN


RELATIVE HUMIDITY (PERCENT)
 HIGHEST    MM
 LOWEST     MM
 AVERAGE    MM

..........................................................


THE MARQUETTE MI CLIMATE NORMALS FOR TODAY
                         NORMAL    RECORD    YEAR
 MAXIMUM TEMPERATURE (F)   39        66      1999
 MINIMUM TEMPERATURE (F)   24        -5      1986


SUNRISE AND SUNSET
NOVEMBER 13 2017......SUNRISE   750 AM EST   SUNSET   519 PM EST
NOVEMBER 14 2017......SUNRISE   751 AM EST   SUNSET   518 PM EST


-  INDICATES NEGATIVE NUMBERS.
R  INDICATES RECORD WAS SET OR TIED.
MM INDICATES DATA IS MISSING.
T  INDICATES TRACE AMOUNT.




$$
