000
CDUS43 KMQT 140503
CLIMQT


CLIMATE REPORT
NATIONAL WEATHER SERVICE MARQUETTE MI
102 AM EDT THU SEP 14 2017


...................................

...THE MARQUETTE MI CLIMATE SUMMARY FOR SEPTEMBER 13 2017...

CLIMATE NORMAL PERIOD 1981 TO 2010
CLIMATE RECORD PERIOD 1961 TO 2017


WEATHER ITEM   OBSERVED RECORD YEAR NORMAL DEPARTURE LAST
                VALUE   VALUE       VALUE  FROM      YEAR
                                           NORMAL
...........................................................
TEMPERATURE (F)
 YESTERDAY
  MAXIMUM         82     83    2004  67     15       66
  MINIMUM         52     28    1963  47      5       52
  AVERAGE         67                 57     10       59

PRECIPITATION (IN)
  YESTERDAY        0.00   1.59 1993   0.12  -0.12     0.07
  MONTH TO DATE    1.22               1.48  -0.26     3.37
  SINCE SEP 1      1.22               1.48  -0.26     3.37
  SINCE JAN 1     28.55              23.85   4.70    31.14

SNOWFALL (IN)
  YESTERDAY        0.0   MM      MM   0.0    0.0      0.0
  MONTH TO DATE    0.0                0.0    0.0      0.0
  SINCE SEP 1      0.0                0.0    0.0      0.0
  SINCE JUL 1      T                  0.0    0.0       T
  SNOW DEPTH       0

DEGREE DAYS
 HEATING
  YESTERDAY        0                  9     -9        6
  MONTH TO DATE  124                 93     31       50
  SINCE SEP 1    124                 93     31       50
  SINCE JUL 1    389                278    111      150

 COOLING
  YESTERDAY        2                  1      1        0
  MONTH TO DATE    2                 16    -14       10
  SINCE SEP 1      2                 16    -14       10
  SINCE JAN 1     95                236   -141      246
...........................................................


WIND (MPH)
  RESULTANT WIND SPEED  MM   RESULTANT WIND DIRECTION  MM
  HIGHEST WIND SPEED    MM   HIGHEST WIND DIRECTION    MM
  HIGHEST GUST SPEED    12   HIGHEST GUST DIRECTION    SW (225)
  AVERAGE WIND SPEED    MM


SKY COVER
  POSSIBLE SUNSHINE  MM
  AVERAGE SKY COVER  MM


WEATHER CONDITIONS
 THE FOLLOWING WEATHER WAS RECORDED YESTERDAY.
  NO SIGNIFICANT WEATHER WAS OBSERVED.


RELATIVE HUMIDITY (PERCENT)
 HIGHEST    MM
 LOWEST     MM
 AVERAGE    MM

..........................................................


THE MARQUETTE MI CLIMATE NORMALS FOR TODAY
                         NORMAL    RECORD    YEAR
 MAXIMUM TEMPERATURE (F)   67        81      1997
 MINIMUM TEMPERATURE (F)   47        29      1975


SUNRISE AND SUNSET
SEPTEMBER 14 2017.....SUNRISE   727 AM EDT   SUNSET   803 PM EDT
SEPTEMBER 15 2017.....SUNRISE   728 AM EDT   SUNSET   801 PM EDT


-  INDICATES NEGATIVE NUMBERS.
R  INDICATES RECORD WAS SET OR TIED.
MM INDICATES DATA IS MISSING.
T  INDICATES TRACE AMOUNT.




$$
