000
CDUS43 KMQT 130510
CLIMQT


CLIMATE REPORT
NATIONAL WEATHER SERVICE MARQUETTE MI
109 AM EDT FRI MAY 13 2016


...................................

...THE MARQUETTE MI CLIMATE SUMMARY FOR MAY 12 2016...

CLIMATE NORMAL PERIOD 1981 TO 2010
CLIMATE RECORD PERIOD 1961 TO 2016


WEATHER ITEM   OBSERVED RECORD YEAR NORMAL DEPARTURE LAST
                VALUE   VALUE       VALUE  FROM      YEAR
                                           NORMAL
...........................................................
TEMPERATURE (F)
 YESTERDAY
  MAXIMUM         59     85    1977  61     -2       48
  MINIMUM         50     24    1963  39     11       33
  AVERAGE         55                 50      5       41

PRECIPITATION (IN)
  YESTERDAY        0.16   1.27 2003   0.09   0.07     0.02
  MONTH TO DATE    0.37               1.06  -0.69     1.20
  SINCE MAR 1      7.54               7.10   0.44     4.96
  SINCE JAN 1     12.16              11.65   0.51     7.88

SNOWFALL (IN)
  YESTERDAY        0.0    2.7  1997   0.1   -0.1       T
  MONTH TO DATE    T                  1.2   -1.2       T
  SINCE MAR 1     59.7               50.6    9.1     24.4
  SINCE JUL 1    159.8              203.0  -43.2    178.4
  SNOW DEPTH       0

DEGREE DAYS
 HEATING
  YESTERDAY       10                 16     -6       24
  MONTH TO DATE  202                213    -11      170
  SINCE MAR 1   2225               2291    -66     2232
  SINCE JUL 1   7992               8915   -923     9543

 COOLING
  YESTERDAY        0                  0      0        0
  MONTH TO DATE    0                  0      0        2
  SINCE MAR 1      0                  1     -1        2
  SINCE JAN 1      0                  1     -1        2
...........................................................

WIND (MPH)
  RESULTANT WIND SPEED  MM   RESULTANT WIND DIRECTION  MM
  HIGHEST WIND SPEED    MM   HIGHEST WIND DIRECTION    MM
  HIGHEST GUST SPEED    15   HIGHEST GUST DIRECTION     S (180)
  AVERAGE WIND SPEED    MM

SKY COVER
  POSSIBLE SUNSHINE  MM
  AVERAGE SKY COVER  MM

WEATHER CONDITIONS
 THE FOLLOWING WEATHER WAS RECORDED YESTERDAY.
  LIGHT RAIN
  FOG

RELATIVE HUMIDITY (PERCENT)
 HIGHEST    MM
 LOWEST     MM
 AVERAGE    MM
..........................................................


THE MARQUETTE MI CLIMATE NORMALS FOR TODAY
                         NORMAL    RECORD    YEAR
 MAXIMUM TEMPERATURE (F)   61        86      1991
 MINIMUM TEMPERATURE (F)   39        25      2013
                                             1966


SUNRISE AND SUNSET
MAY 13 2016...........SUNRISE   618 AM EDT   SUNSET   916 PM EDT
MAY 14 2016...........SUNRISE   617 AM EDT   SUNSET   917 PM EDT


-  INDICATES NEGATIVE NUMBERS.
R  INDICATES RECORD WAS SET OR TIED.
MM INDICATES DATA IS MISSING.
T  INDICATES TRACE AMOUNT.




$$
