000
CDUS43 KMQT 210535
CLIMQT


CLIMATE REPORT
NATIONAL WEATHER SERVICE MARQUETTE MI
1235 AM EST SUN DEC 21 2014


...................................

...THE MARQUETTE MI CLIMATE SUMMARY FOR DECEMBER 20 2014...

CLIMATE NORMAL PERIOD 1981 TO 2010
CLIMATE RECORD PERIOD 1961 TO 2014


WEATHER ITEM   OBSERVED RECORD YEAR NORMAL DEPARTURE LAST
                VALUE   VALUE       VALUE  FROM      YEAR
                                           NORMAL
...........................................................
TEMPERATURE (F)
 YESTERDAY
  MAXIMUM         28     44    1994  25      3       20
  MINIMUM          8    -28    1983  10     -2       16
  AVERAGE         18                 17      1       18

PRECIPITATION (IN)
  YESTERDAY        T      1.69 2012   0.08  -0.08     0.21
  MONTH TO DATE    0.81               1.73  -0.92     1.77
  SINCE DEC 1      0.81               1.73  -0.92     1.77
  SINCE JAN 1     43.36              34.84   8.52    38.95

SNOWFALL (IN)
  YESTERDAY        T     11.9  2012   1.4   -1.4      4.9
  MONTH TO DATE   10.3               27.4  -17.1     28.2
  SINCE DEC 1     10.3               27.4  -17.1     28.2
  SINCE JUL 1     66.5               57.9    8.6     50.7
  SNOW DEPTH      12

DEGREE DAYS
 HEATING
  YESTERDAY       47                 48     -1       47
  MONTH TO DATE  863                901    -38     1068
  SINCE DEC 1    863                901    -38     1068
  SINCE JUL 1   3393               3103    290     3237

 COOLING
  YESTERDAY        0                  0      0        0
  MONTH TO DATE    0                  0      0        0
  SINCE DEC 1      0                  0      0        0
  SINCE JAN 1    152                242    -90      280
...........................................................


WIND (MPH)
  RESULTANT WIND SPEED  MM   RESULTANT WIND DIRECTION  MM
  HIGHEST WIND SPEED    MM   HIGHEST WIND DIRECTION    MM
  HIGHEST GUST SPEED    11   HIGHEST GUST DIRECTION    SW (225)
  AVERAGE WIND SPEED    MM


SKY COVER
  POSSIBLE SUNSHINE  MM
  AVERAGE SKY COVER  MM


WEATHER CONDITIONS
 THE FOLLOWING WEATHER WAS RECORDED YESTERDAY.
  LIGHT SNOW


RELATIVE HUMIDITY (PERCENT)
 HIGHEST    MM
 LOWEST     MM
 AVERAGE    MM

..........................................................


THE MARQUETTE MI CLIMATE NORMALS FOR TODAY
                         NORMAL    RECORD    YEAR
 MAXIMUM TEMPERATURE (F)   24        47      1967
 MINIMUM TEMPERATURE (F)   10       -21      1989


SUNRISE AND SUNSET
DECEMBER 21 2014......SUNRISE   831 AM EST   SUNSET   505 PM EST
DECEMBER 22 2014......SUNRISE   832 AM EST   SUNSET   506 PM EST


-  INDICATES NEGATIVE NUMBERS.
R  INDICATES RECORD WAS SET OR TIED.
MM INDICATES DATA IS MISSING.
T  INDICATES TRACE AMOUNT.

$$
