000
CDUS43 KMQT 100508
CLIMQT

CLIMATE REPORT
NATIONAL WEATHER SERVICE MARQUETTE MI
107 AM EDT THU AUG 10 2017


...................................

...THE MARQUETTE MI CLIMATE SUMMARY FOR AUGUST 9 2017...

CLIMATE NORMAL PERIOD 1981 TO 2010
CLIMATE RECORD PERIOD 1961 TO 2017


WEATHER ITEM   OBSERVED RECORD YEAR NORMAL DEPARTURE LAST
                VALUE   VALUE       VALUE  FROM      YEAR
                                           NORMAL
...........................................................
TEMPERATURE (F)
 YESTERDAY
  MAXIMUM         76     87    1998  75      1       85
  MINIMUM         51     35    1964  54     -3       64
  AVERAGE         64                 65     -1       75

PRECIPITATION (IN)
  YESTERDAY        0.18   1.30 2009   0.10   0.08     0.00
  MONTH TO DATE    2.05               0.88   1.17     0.04
  SINCE JUN 1     10.00               6.56   3.44     7.07
  SINCE JAN 1     24.84              20.20   4.64    23.28

SNOWFALL (IN)
  YESTERDAY        0.0   MM      MM   0.0    0.0      0.0
  MONTH TO DATE    0.0                0.0    0.0      0.0
  SINCE JUN 1      T                  0.0    0.0       T
  SINCE JUL 1      T                  0.0    0.0       T
  SNOW DEPTH       0

DEGREE DAYS
 HEATING
  YESTERDAY        1                  3     -2        0
  MONTH TO DATE   49                 27     22        0
  SINCE JUN 1    269                288    -19      237
  SINCE JUL 1    128                106     22       55

 COOLING
  YESTERDAY        0                  2     -2       10
  MONTH TO DATE   10                 22    -12       45
  SINCE JUN 1     87                164    -77      188
  SINCE JAN 1     87                176    -89      199
...........................................................


WIND (MPH)
  RESULTANT WIND SPEED  MM   RESULTANT WIND DIRECTION  MM
  HIGHEST WIND SPEED    MM   HIGHEST WIND DIRECTION    MM
  HIGHEST GUST SPEED    16   HIGHEST GUST DIRECTION    SW (225)
  AVERAGE WIND SPEED    MM


SKY COVER
  POSSIBLE SUNSHINE  MM
  AVERAGE SKY COVER  MM


WEATHER CONDITIONS
 THE FOLLOWING WEATHER WAS RECORDED YESTERDAY.
  THUNDERSTORM
  HEAVY RAIN
  RAIN
  LIGHT RAIN


RELATIVE HUMIDITY (PERCENT)
 HIGHEST    MM
 LOWEST     MM
 AVERAGE    MM

..........................................................


THE MARQUETTE MI CLIMATE NORMALS FOR TODAY
                         NORMAL    RECORD    YEAR
 MAXIMUM TEMPERATURE (F)   75        87      1995
 MINIMUM TEMPERATURE (F)   54        36      1972


SUNRISE AND SUNSET
AUGUST 10 2017........SUNRISE   643 AM EDT   SUNSET   908 PM EDT
AUGUST 11 2017........SUNRISE   644 AM EDT   SUNSET   906 PM EDT


-  INDICATES NEGATIVE NUMBERS.
R  INDICATES RECORD WAS SET OR TIED.
MM INDICATES DATA IS MISSING.
T  INDICATES TRACE AMOUNT.




$$
