000
CDUS43 KMQT 142104
CLIMQT


CLIMATE REPORT
NATIONAL WEATHER SERVICE MARQUETTE MI
503 PM EDT SAT MAY 14 2016


...................................

...THE MARQUETTE MI CLIMATE SUMMARY FOR MAY 14 2016...
VALID TODAY AS OF 0500 PM LOCAL TIME.

CLIMATE NORMAL PERIOD 1981 TO 2010
CLIMATE RECORD PERIOD 1961 TO 2016


WEATHER ITEM   OBSERVED RECORD YEAR NORMAL DEPARTURE LAST
                VALUE   VALUE       VALUE  FROM      YEAR
                                           NORMAL
...........................................................
TEMPERATURE (F)
 TODAY
  MAXIMUM         37     81    1982  61    -24       61
  MINIMUM         29     27    1971  39    -10       40
                               1964
  AVERAGE         33                 50    -17       51

PRECIPITATION (IN)
  TODAY            0.05   1.02 2007   0.10  -0.05      T
  MONTH TO DATE    0.42               1.25  -0.83     1.20
  SINCE MAR 1      7.59               7.29   0.30     4.96
  SINCE JAN 1     12.21              11.84   0.37     7.88

SNOWFALL (IN)
  TODAY            0.9 R  0.8  1997   0.1    0.8      0.0
  MONTH TO DATE    0.9                1.4   -0.5       T
  SINCE MAR 1     60.6               50.8    9.8     24.4
  SINCE JUL 1    160.7              203.2  -42.5    178.4
  SNOW DEPTH       1

DEGREE DAYS
 HEATING
  TODAY           32                 15     17       14
  MONTH TO DATE  255                243     12      206
  SINCE MAR 1   2278               2321    -43     2268
  SINCE JUL 1   8045               8945   -900     9579

 COOLING
  TODAY            0                  0      0        0
  MONTH TO DATE    0                  0      0        2
  SINCE MAR 1      0                  1     -1        2
  SINCE JAN 1      0                  1     -1        2
...........................................................


WIND (MPH)
  HIGHEST WIND SPEED    MM   HIGHEST WIND DIRECTION    MM
  HIGHEST GUST SPEED    25   HIGHEST GUST DIRECTION    NW (315)
  AVERAGE WIND SPEED    MM


SKY COVER
  POSSIBLE SUNSHINE  MM
  AVERAGE SKY COVER  MM


WEATHER CONDITIONS
 THE FOLLOWING WEATHER WAS RECORDED TODAY.
  LIGHT SNOW SHOWERS


RELATIVE HUMIDITY (PERCENT)
 HIGHEST    MM
 LOWEST     MM
 AVERAGE    MM

..........................................................


THE MARQUETTE MI CLIMATE NORMALS FOR TOMORROW
                         NORMAL    RECORD    YEAR
 MAXIMUM TEMPERATURE (F)   62        88      1962
 MINIMUM TEMPERATURE (F)   40        24      1967


SUNRISE AND SUNSET
MAY 14 2016...........SUNRISE   617 AM EDT   SUNSET   917 PM EDT
MAY 15 2016...........SUNRISE   616 AM EDT   SUNSET   918 PM EDT


-  INDICATES NEGATIVE NUMBERS.
R  INDICATES RECORD WAS SET OR TIED.
MM INDICATES DATA IS MISSING.
T  INDICATES TRACE AMOUNT.




$$
