000
CDUS43 KMQT 300608
CLIMQT


CLIMATE REPORT
NATIONAL WEATHER SERVICE MARQUETTE MI
207 AM EDT SUN AUG 30 2015


...................................

...THE MARQUETTE MI CLIMATE SUMMARY FOR AUGUST 29 2015...

CLIMATE NORMAL PERIOD 1981 TO 2010
CLIMATE RECORD PERIOD 1961 TO 2015


WEATHER ITEM   OBSERVED RECORD YEAR NORMAL DEPARTURE LAST
                VALUE   VALUE       VALUE  FROM      YEAR
                                           NORMAL
...........................................................
TEMPERATURE (F)
 YESTERDAY
  MAXIMUM         77     90    1991  72      5       67
                               1969
  MINIMUM         57     34    1976  51      6       56
  AVERAGE         67                 62      5       62

PRECIPITATION (IN)
  YESTERDAY        0.00   1.64 2009   0.10  -0.10     0.14
  MONTH TO DATE    2.70               2.84  -0.14     4.17
  SINCE JUN 1      6.89               8.52  -1.63    13.98
  SINCE JAN 1     18.21              22.16  -3.95    26.44

SNOWFALL (IN)
  YESTERDAY        0.0   MM      MM   0.0    0.0      0.0
  MONTH TO DATE    0.0                0.0    0.0      0.0
  SINCE JUN 1      0.0                0.0    0.0       T
  SINCE JUL 1      0.0                0.0    0.0       T
  SNOW DEPTH       0

DEGREE DAYS
 HEATING
  YESTERDAY        0                  5     -5        3
  MONTH TO DATE  100                 96      4      119
  SINCE JUN 1    370                357     13      403
  SINCE JUL 1    168                175     -7      240

 COOLING
  YESTERDAY        2                  2      0        0
  MONTH TO DATE   64                 62      2       31
  SINCE JUN 1    170                204    -34      127
  SINCE JAN 1    172                216    -44      147
...........................................................


WIND (MPH)
  HIGHEST WIND SPEED    MM   HIGHEST WIND DIRECTION    MM
  HIGHEST GUST SPEED    23   HIGHEST GUST DIRECTION     W (270)
  AVERAGE WIND SPEED    MM


SKY COVER
  POSSIBLE SUNSHINE  MM
  AVERAGE SKY COVER  MM


WEATHER CONDITIONS
 THE FOLLOWING WEATHER WAS RECORDED YESTERDAY.
  NO SIGNIFICANT WEATHER WAS OBSERVED.


RELATIVE HUMIDITY (PERCENT)
 HIGHEST    MM
 LOWEST     MM
 AVERAGE    MM

..........................................................


THE MARQUETTE MI CLIMATE NORMALS FOR TODAY
                         NORMAL    RECORD    YEAR
 MAXIMUM TEMPERATURE (F)   72        91      1969
 MINIMUM TEMPERATURE (F)   51        31      1976


SUNRISE AND SUNSET
AUGUST 30 2015........SUNRISE   707 AM EDT   SUNSET   833 PM EDT
AUGUST 31 2015........SUNRISE   709 AM EDT   SUNSET   832 PM EDT


-  INDICATES NEGATIVE NUMBERS.
R  INDICATES RECORD WAS SET OR TIED.
MM INDICATES DATA IS MISSING.
T  INDICATES TRACE AMOUNT.




$$
