460
CDUS43 KMQT 170533
CLIMQT


CLIMATE REPORT
NATIONAL WEATHER SERVICE MARQUETTE MI
119 AM EDT MON JUL 17 2017


...................................

...THE MARQUETTE MI CLIMATE SUMMARY FOR JULY 16 2017...

CLIMATE NORMAL PERIOD 1981 TO 2010
CLIMATE RECORD PERIOD 1961 TO 2017


WEATHER ITEM   OBSERVED RECORD YEAR NORMAL DEPARTURE LAST
                VALUE   VALUE       VALUE  FROM      YEAR
                                           NORMAL
...........................................................
TEMPERATURE (F)
 YESTERDAY
  MAXIMUM         62     93    2006  77    -15       74
  MINIMUM         43     39    2016  55    -12       39
  AVERAGE         53                 66    -13       57

PRECIPITATION (IN)
  YESTERDAY        T      0.92 1972   0.09  -0.09     0.35
  MONTH TO DATE    1.34               1.43  -0.09     1.79
  SINCE JUN 1      7.31               4.27   3.04     5.33
  SINCE JAN 1     22.15              17.91   4.24    21.54

SNOWFALL (IN)
  YESTERDAY        0.0   MM      MM   0.0    0.0      0.0
  MONTH TO DATE    T                  0.0    0.0      0.0
  SINCE JUN 1      T                  0.0    0.0       T
  SINCE JUL 1      T                  0.0    0.0      0.0
  SNOW DEPTH       0

DEGREE DAYS
 HEATING
  YESTERDAY       12                  2     10        8
  MONTH TO DATE   55                 44     11       42
  SINCE JUN 1    196                226    -30      224
  SINCE JUL 1     55                 44     11       42

 COOLING
  YESTERDAY        0                  3     -3        0
  MONTH TO DATE   15                 48    -33       33
  SINCE JUN 1     36                 96    -60       74
  SINCE JAN 1     36                108    -72       85
...........................................................


WIND (MPH)
  RESULTANT WIND SPEED  MM   RESULTANT WIND DIRECTION  MM
  HIGHEST WIND SPEED    MM   HIGHEST WIND DIRECTION    MM
  HIGHEST GUST SPEED    18   HIGHEST GUST DIRECTION     N (360)
  AVERAGE WIND SPEED    MM


SKY COVER
  POSSIBLE SUNSHINE  MM
  AVERAGE SKY COVER  MM


WEATHER CONDITIONS
 THE FOLLOWING WEATHER WAS RECORDED YESTERDAY.
  LIGHT RAIN


RELATIVE HUMIDITY (PERCENT)
 HIGHEST    MM
 LOWEST     MM
 AVERAGE    MM

..........................................................


THE MARQUETTE MI CLIMATE NORMALS FOR TODAY
                         NORMAL    RECORD    YEAR
 MAXIMUM TEMPERATURE (F)   77        95      2005
                                             1986
 MINIMUM TEMPERATURE (F)   55        40      1979
                                             1971


SUNRISE AND SUNSET
JULY 17 2017..........SUNRISE   614 AM EDT   SUNSET   938 PM EDT
JULY 18 2017..........SUNRISE   615 AM EDT   SUNSET   937 PM EDT


-  INDICATES NEGATIVE NUMBERS.
R  INDICATES RECORD WAS SET OR TIED.
MM INDICATES DATA IS MISSING.
T  INDICATES TRACE AMOUNT.




$$
