936
CDUS43 KMQT 310519
CLIMQT


CLIMATE REPORT
NATIONAL WEATHER SERVICE MARQUETTE MI
1218 AM EST SUN JAN 31 2016


...................................

...THE MARQUETTE MI CLIMATE SUMMARY FOR JANUARY 30 2016...

CLIMATE NORMAL PERIOD 1981 TO 2010
CLIMATE RECORD PERIOD 1961 TO 2016


WEATHER ITEM   OBSERVED RECORD YEAR NORMAL DEPARTURE LAST
                VALUE   VALUE       VALUE  FROM      YEAR
                                           NORMAL
...........................................................
TEMPERATURE (F)
 YESTERDAY
  MAXIMUM         45R    41    1989  22     23       13
  MINIMUM         19    -25    1963   4     15        6
  AVERAGE         32                 13     19       10

PRECIPITATION (IN)
  YESTERDAY        0.04   0.69 2013   0.07  -0.03     0.02
  MONTH TO DATE    1.96               2.33  -0.37     1.18
  SINCE DEC 1      6.83               4.90   1.93     3.46
  SINCE JAN 1      1.96               2.33  -0.37     1.18

SNOWFALL (IN)
  YESTERDAY        1.1   14.3  2013   1.4   -0.3      0.5
  MONTH TO DATE   37.5               41.9   -4.4     26.2
  SINCE DEC 1     56.4               84.7  -28.3     53.2
  SINCE JUL 1     64.3              115.2  -50.9    109.4
  SNOW DEPTH      18

DEGREE DAYS
 HEATING
  YESTERDAY       33                 52    -19       55
  MONTH TO DATE 1442               1543   -101     1617
  SINCE DEC 1   2552               2983   -431     2982
  SINCE JUL 1   4384               5185   -801     5512

 COOLING
  YESTERDAY        0                  0      0        0
  MONTH TO DATE    0                  0      0        0
  SINCE DEC 1      0                  0      0        0
  SINCE JAN 1      0                  0      0        0
...........................................................


WIND (MPH)
  RESULTANT WIND SPEED  MM   RESULTANT WIND DIRECTION  MM
  HIGHEST WIND SPEED    MM   HIGHEST WIND DIRECTION    MM
  HIGHEST GUST SPEED    32   HIGHEST GUST DIRECTION     W (270)
  AVERAGE WIND SPEED    MM


SKY COVER
  POSSIBLE SUNSHINE  MM
  AVERAGE SKY COVER  MM


WEATHER CONDITIONS
 THE FOLLOWING WEATHER WAS RECORDED YESTERDAY.
  LIGHT SNOW


RELATIVE HUMIDITY (PERCENT)
 HIGHEST    MM
 LOWEST     MM
 AVERAGE    MM

..........................................................


THE MARQUETTE MI CLIMATE NORMALS FOR TODAY
                         NORMAL    RECORD    YEAR
 MAXIMUM TEMPERATURE (F)   22        42      1993
 MINIMUM TEMPERATURE (F)    4       -27      1996


SUNRISE AND SUNSET
JANUARY 31 2016.......SUNRISE   816 AM EST   SUNSET   552 PM EST
FEBRUARY  1 2016......SUNRISE   814 AM EST   SUNSET   554 PM EST


-  INDICATES NEGATIVE NUMBERS.
R  INDICATES RECORD WAS SET OR TIED.
MM INDICATES DATA IS MISSING.
T  INDICATES TRACE AMOUNT.

$$

TITUS
