000
CDUS43 KMQT 192218
CLIMQT


CLIMATE REPORT
NATIONAL WEATHER SERVICE MARQUETTE MI
515 PM EST WED NOV 19 2014


...................................

...THE MARQUETTE MI CLIMATE SUMMARY FOR NOVEMBER 19 2014...
VALID TODAY AS OF 500 PM LOCAL TIME.

CLIMATE NORMAL PERIOD 1981 TO 2010
CLIMATE RECORD PERIOD 1961 TO 2014


WEATHER ITEM   OBSERVED RECORD YEAR NORMAL DEPARTURE LAST
                VALUE   VALUE       VALUE  FROM      YEAR
                                           NORMAL
...........................................................
TEMPERATURE (F)
 TODAY
  MAXIMUM         16     53    1963  36    -20       33
  MINIMUM          3     -3    1986  22    -19       17
  AVERAGE         10                 29    -19       25

PRECIPITATION (IN)
  TODAY            0.03   0.51 1998   0.11  -0.08      T
                               2011
  MONTH TO DATE    4.23               2.01   2.22     2.43
  SINCE SEP 1     14.82               9.57   5.25     8.83
  SINCE JAN 1     41.56              31.94   9.62    36.58

SNOWFALL (IN)
  TODAY            0.4    8.4  1984   0.9   -0.5       T
  MONTH TO DATE   44.7               12.5   32.2      6.8
  SINCE SEP 1     47.9               18.6   29.3     10.3
  SINCE JUL 1     47.9               18.6   29.3     10.3
  SNOW DEPTH      19

DEGREE DAYS
 HEATING
  TODAY           55                 36     19       40
  MONTH TO DATE  779                612    167      580
  SINCE SEP 1   1764               1588    176     1467
  SINCE JUL 1   2011               1773    238     1681

 COOLING
  TODAY            0                  0      0        0
  MONTH TO DATE    0                  0      0        0
  SINCE SEP 1      5                 22    -17       10
  SINCE JAN 1    152                242    -90      280
...........................................................


WIND (MPH)
  HIGHEST WIND SPEED    MM   HIGHEST WIND DIRECTION    MM
  HIGHEST GUST SPEED    19   HIGHEST GUST DIRECTION     W (270)
  AVERAGE WIND SPEED    MM


SKY COVER
  POSSIBLE SUNSHINE  MM
  AVERAGE SKY COVER  MM


WEATHER CONDITIONS
 THE FOLLOWING WEATHER WAS RECORDED TODAY.
  LIGHT SNOW


RELATIVE HUMIDITY (PERCENT)
 HIGHEST    MM
 LOWEST     MM
 AVERAGE    MM

..........................................................


THE MARQUETTE MI CLIMATE NORMALS FOR TOMORROW
                         NORMAL    RECORD    YEAR
 MAXIMUM TEMPERATURE (F)   35        57      1982
 MINIMUM TEMPERATURE (F)   21         1      1964


SUNRISE AND SUNSET
NOVEMBER 19 2014......SUNRISE   758 AM EST   SUNSET   513 PM EST
NOVEMBER 20 2014......SUNRISE   759 AM EST   SUNSET   512 PM EST


-  INDICATES NEGATIVE NUMBERS.
R  INDICATES RECORD WAS SET OR TIED.
MM INDICATES DATA IS MISSING.
T  INDICATES TRACE AMOUNT.




$$
