000
CDUS43 KMQT 220520
CLIMQT


CLIMATE REPORT
NATIONAL WEATHER SERVICE MARQUETTE MI
1219 AM EST SUN FEB 22 2015


...................................

...THE MARQUETTE MI CLIMATE SUMMARY FOR FEBRUARY 21 2015...

CLIMATE NORMAL PERIOD 1981 TO 2010
CLIMATE RECORD PERIOD 1961 TO 2015


WEATHER ITEM   OBSERVED RECORD YEAR NORMAL DEPARTURE LAST
                VALUE   VALUE       VALUE  FROM      YEAR
                                           NORMAL
...........................................................
TEMPERATURE (F)
 YESTERDAY
  MAXIMUM         14     47    2000  27    -13       32
  MINIMUM         -5    -15    2001   6    -11       12
  AVERAGE          5                 17    -12       22

PRECIPITATION (IN)
  YESTERDAY        T      0.37 1979   0.08  -0.08     0.21
  MONTH TO DATE    1.58               1.55   0.03     1.22
  SINCE DEC 1      5.11               6.53  -1.42     5.98
  SINCE JAN 1      2.83               3.96  -1.13     3.40

SNOWFALL (IN)
  YESTERDAY        0.2    6.9  2009   1.3   -1.1      2.9
  MONTH TO DATE   38.2               26.8   11.4     18.3
  SINCE DEC 1     95.3              112.8  -17.5    104.4
  SINCE JUL 1    151.5              143.3    8.2    126.9
  SNOW DEPTH      32

DEGREE DAYS
 HEATING
  YESTERDAY       60                 48     12       43
  MONTH TO DATE 1287               1056    231     1197
  SINCE DEC 1   4321               4091    230     4695
  SINCE JUL 1   6851               6293    558     6864

 COOLING
  YESTERDAY        0                  0      0        0
  MONTH TO DATE    0                  0      0        0
  SINCE DEC 1      0                  0      0        0
  SINCE JAN 1      0                  0      0        0
...........................................................


WIND (MPH)
  RESULTANT WIND SPEED  MM   RESULTANT WIND DIRECTION  MM
  HIGHEST WIND SPEED    MM   HIGHEST WIND DIRECTION    MM
  HIGHEST GUST SPEED    18   HIGHEST GUST DIRECTION    NW (315)
  AVERAGE WIND SPEED    MM


SKY COVER
  POSSIBLE SUNSHINE  MM
  AVERAGE SKY COVER  MM


WEATHER CONDITIONS
 THE FOLLOWING WEATHER WAS RECORDED YESTERDAY.
  LIGHT SNOW


RELATIVE HUMIDITY (PERCENT)
 HIGHEST    MM
 LOWEST     MM
 AVERAGE    MM

..........................................................


THE MARQUETTE MI CLIMATE NORMALS FOR TODAY
                         NORMAL    RECORD    YEAR
 MAXIMUM TEMPERATURE (F)   28        57      1984
 MINIMUM TEMPERATURE (F)    6       -18      2001


SUNRISE AND SUNSET
FEBRUARY 22 2015......SUNRISE   742 AM EST   SUNSET   626 PM EST
FEBRUARY 23 2015......SUNRISE   741 AM EST   SUNSET   627 PM EST


-  INDICATES NEGATIVE NUMBERS.
R  INDICATES RECORD WAS SET OR TIED.
MM INDICATES DATA IS MISSING.
T  INDICATES TRACE AMOUNT.




$$
