000
CDUS43 KMQT 072205
CLIMQT


CLIMATE REPORT
NATIONAL WEATHER SERVICE MARQUETTE MI
505 PM EST WED FEB 7 2018


...................................

...THE MARQUETTE MI CLIMATE SUMMARY FOR FEBRUARY 7 2018...
VALID TODAY AS OF 0500 PM LOCAL TIME.

CLIMATE NORMAL PERIOD 1981 TO 2010
CLIMATE RECORD PERIOD 1961 TO 2018


WEATHER ITEM   OBSERVED RECORD YEAR NORMAL DEPARTURE LAST
                VALUE   VALUE       VALUE  FROM      YEAR
                                           NORMAL
...........................................................
TEMPERATURE (F)
 TODAY
  MAXIMUM         14     48    1991  24    -10       22
  MINIMUM         -6    -25    1994   4    -10       13
  AVERAGE          4                 14    -10       18

PRECIPITATION (IN)
  TODAY            0.00   0.80 2017   0.07  -0.07     0.80
  MONTH TO DATE    0.24               0.51  -0.27     1.02
  SINCE DEC 1      5.10               5.49  -0.39     4.95
  SINCE JAN 1      2.96               2.92   0.04     2.76

SNOWFALL (IN)
  TODAY            0.0   11.4  1992   1.3   -1.3      8.4
  MONTH TO DATE    3.4                9.2   -5.8     14.6
  SINCE DEC 1     78.2               95.2  -17.0     86.8
  SINCE JUL 1    103.2              125.7  -22.5    101.0
  SNOW DEPTH      19

DEGREE DAYS
 HEATING
  TODAY           61                 51     10       47
  MONTH TO DATE  436                360     76      365
  SINCE DEC 1   3565               3395    170     3229
  SINCE JUL 1   5692               5597     95     4854

 COOLING
  TODAY            0                  0      0        0
  MONTH TO DATE    0                  0      0        0
  SINCE DEC 1      0                  0      0        0
  SINCE JAN 1      0                  0      0        0
...........................................................


WIND (MPH)
  HIGHEST WIND SPEED    MM   HIGHEST WIND DIRECTION    MM
  HIGHEST GUST SPEED    17   HIGHEST GUST DIRECTION     W (270)
  AVERAGE WIND SPEED    MM


SKY COVER
  POSSIBLE SUNSHINE  MM
  AVERAGE SKY COVER  MM


WEATHER CONDITIONS
 THE FOLLOWING WEATHER WAS RECORDED TODAY.
  NO SIGNIFICANT WEATHER WAS OBSERVED.


RELATIVE HUMIDITY (PERCENT)
 HIGHEST    MM
 LOWEST     MM
 AVERAGE    MM

..........................................................


THE MARQUETTE MI CLIMATE NORMALS FOR TOMORROW
                         NORMAL    RECORD    YEAR
 MAXIMUM TEMPERATURE (F)   24        53      1991
 MINIMUM TEMPERATURE (F)    4       -32      1962


SUNRISE AND SUNSET
FEBRUARY  7 2018......SUNRISE   806 AM EST   SUNSET   603 PM EST
FEBRUARY  8 2018......SUNRISE   804 AM EST   SUNSET   605 PM EST


-  INDICATES NEGATIVE NUMBERS.
R  INDICATES RECORD WAS SET OR TIED.
MM INDICATES DATA IS MISSING.
T  INDICATES TRACE AMOUNT.




$$
