000
CDUS43 KMQT 130521
CLIMQT


CLIMATE REPORT
NATIONAL WEATHER SERVICE MARQUETTE MI
120 AM EDT WED AUG 13 2014


...................................

...THE MARQUETTE MI CLIMATE SUMMARY FOR AUGUST 12 2014...

CLIMATE NORMAL PERIOD 1981 TO 2010
CLIMATE RECORD PERIOD 1961 TO 2014


WEATHER ITEM   OBSERVED RECORD YEAR NORMAL DEPARTURE LAST
                VALUE   VALUE       VALUE  FROM      YEAR
                                           NORMAL
...........................................................
TEMPERATURE (F)
 YESTERDAY
  MAXIMUM         65     86    1975  75    -10       72
  MINIMUM         49     38    1992  54     -5       45
  AVERAGE         57                 64     -7       59

PRECIPITATION (IN)
  YESTERDAY        0.15   1.03 1962   0.10   0.05     0.11
  MONTH TO DATE    0.47               1.19  -0.72     0.52
  SINCE JUN 1     10.28               6.87   3.41     8.61
  SINCE JAN 1     22.74              20.51   2.23    25.95

SNOWFALL (IN)
  YESTERDAY        0.0   MM      MM   0.0    0.0      0.0
  MONTH TO DATE    0.0                0.0    0.0      0.0
  SINCE JUN 1      T                  0.0    0.0      0.0
  SINCE JUL 1      T                  0.0    0.0      0.0
  SNOW DEPTH       0

DEGREE DAYS
 HEATING
  YESTERDAY        8                  3      5        6
  MONTH TO DATE   33                 36     -3       67
  SINCE JUN 1    317                297     20      377
  SINCE JUL 1    154                115     39      179

 COOLING
  YESTERDAY        0                  2     -2        0
  MONTH TO DATE    9                 28    -19        2
  SINCE JUN 1    105                170    -65      169
  SINCE JAN 1    125                182    -57      182
...........................................................


WIND (MPH)
  RESULTANT WIND SPEED  MM   RESULTANT WIND DIRECTION  MM
  HIGHEST WIND SPEED    MM   HIGHEST WIND DIRECTION    MM
  HIGHEST GUST SPEED    27   HIGHEST GUST DIRECTION     N (360)
  AVERAGE WIND SPEED    MM


SKY COVER
  POSSIBLE SUNSHINE  MM
  AVERAGE SKY COVER  MM


WEATHER CONDITIONS
 THE FOLLOWING WEATHER WAS RECORDED YESTERDAY.
  LIGHT RAIN
  FOG


RELATIVE HUMIDITY (PERCENT)
 HIGHEST    MM
 LOWEST     MM
 AVERAGE    MM

..........................................................


THE MARQUETTE MI CLIMATE NORMALS FOR TODAY
                         NORMAL    RECORD    YEAR
 MAXIMUM TEMPERATURE (F)   75        89      1970
 MINIMUM TEMPERATURE (F)   54        34      1992


SUNRISE AND SUNSET
AUGUST 13 2014........SUNRISE   646 AM EDT   SUNSET   903 PM EDT
AUGUST 14 2014........SUNRISE   647 AM EDT   SUNSET   902 PM EDT


-  INDICATES NEGATIVE NUMBERS.
R  INDICATES RECORD WAS SET OR TIED.
MM INDICATES DATA IS MISSING.
T  INDICATES TRACE AMOUNT.

$$

TITUS
