000
CDUS43 KMQT 160516
CLIMQT


CLIMATE REPORT
NATIONAL WEATHER SERVICE MARQUETTE MI
115 AM EDT THU OCT 16 2014


...................................

...THE MARQUETTE MI CLIMATE SUMMARY FOR OCTOBER 15 2014...

CLIMATE NORMAL PERIOD 1981 TO 2010
CLIMATE RECORD PERIOD 1961 TO 2014


WEATHER ITEM   OBSERVED RECORD YEAR NORMAL DEPARTURE LAST
                VALUE   VALUE       VALUE  FROM      YEAR
                                           NORMAL
...........................................................
TEMPERATURE (F)
 YESTERDAY
  MAXIMUM         46     79    1968  53     -7       49
  MINIMUM         42     23    1972  34      8       42
  AVERAGE         44                 44      0       46

PRECIPITATION (IN)
  YESTERDAY        0.38   0.91 1966   0.13   0.25     0.26
  MONTH TO DATE    3.44               2.02   1.42     2.42
  SINCE SEP 1      7.54               5.74   1.80     4.44
  SINCE JAN 1     34.28              28.11   6.17    32.19

SNOWFALL (IN)
  YESTERDAY        0.0    0.9  1986   0.2   -0.2      0.0
  MONTH TO DATE    T                  1.8   -1.8      0.0
  SINCE SEP 1      T                  1.9   -1.9      0.0
  SINCE JUL 1      T                  1.9   -1.9      0.0
  SNOW DEPTH       0

DEGREE DAYS
 HEATING
  YESTERDAY       21                 22     -1       19
  MONTH TO DATE  307                282     25      176
  SINCE SEP 1    587                579      8      427
  SINCE JUL 1    834                764     70      641

 COOLING
  YESTERDAY        0                  0      0        0
  MONTH TO DATE    0                  0      0        0
  SINCE SEP 1      5                 21    -16       10
  SINCE JAN 1    152                241    -89      280
...........................................................

WIND (MPH)
  RESULTANT WIND SPEED  MM   RESULTANT WIND DIRECTION  MM
  HIGHEST WIND SPEED    MM   HIGHEST WIND DIRECTION    MM
  HIGHEST GUST SPEED    27   HIGHEST GUST DIRECTION     N (360)
  AVERAGE WIND SPEED    MM

SKY COVER
  POSSIBLE SUNSHINE  MM
  AVERAGE SKY COVER  MM

WEATHER CONDITIONS
 THE FOLLOWING WEATHER WAS RECORDED YESTERDAY.
  LIGHT RAIN
  FOG

RELATIVE HUMIDITY (PERCENT)
 HIGHEST    MM
 LOWEST     MM
 AVERAGE    MM
..........................................................


THE MARQUETTE MI CLIMATE NORMALS FOR TODAY
                         NORMAL    RECORD    YEAR
 MAXIMUM TEMPERATURE (F)   52        79      1963
 MINIMUM TEMPERATURE (F)   34        22      2002


SUNRISE AND SUNSET
OCTOBER 16 2014.......SUNRISE   809 AM EDT   SUNSET   702 PM EDT
OCTOBER 17 2014.......SUNRISE   810 AM EDT   SUNSET   700 PM EDT


-  INDICATES NEGATIVE NUMBERS.
R  INDICATES RECORD WAS SET OR TIED.
MM INDICATES DATA IS MISSING.
T  INDICATES TRACE AMOUNT.




$$
