000
CDUS43 KMQT 270514
CLIMQT


CLIMATE REPORT
NATIONAL WEATHER SERVICE MARQUETTE MI
1211 AM EST THU NOV 27 2014


...................................

...THE MARQUETTE MI CLIMATE SUMMARY FOR NOVEMBER 26 2014...

CLIMATE NORMAL PERIOD 1981 TO 2010
CLIMATE RECORD PERIOD 1961 TO 2014


WEATHER ITEM   OBSERVED RECORD YEAR NORMAL DEPARTURE LAST
                VALUE   VALUE       VALUE  FROM      YEAR
                                           NORMAL
...........................................................
TEMPERATURE (F)
 YESTERDAY
  MAXIMUM         23     48    1984  33    -10       31
  MINIMUM         -4     -8    2005  19    -23        9
  AVERAGE         10                 26    -16       20

PRECIPITATION (IN)
  YESTERDAY        0.03   1.20 1965   0.10  -0.07     0.08
  MONTH TO DATE    5.22               2.75   2.47     2.77
  SINCE SEP 1     15.81              10.31   5.50     9.17
  SINCE JAN 1     42.55              32.68   9.87    36.92

SNOWFALL (IN)
  YESTERDAY        1.0    9.2  2001   1.1   -0.1      1.2
  MONTH TO DATE   51.8               19.8   32.0     12.7
  SINCE SEP 1     55.0               25.9   29.1     16.2
  SINCE JUL 1     55.0               25.9   29.1     16.2
  SNOW DEPTH      16

DEGREE DAYS
 HEATING
  YESTERDAY       55                 39     16       45
  MONTH TO DATE 1099                879    220      877
  SINCE SEP 1   2084               1855    229     1764
  SINCE JUL 1   2331               2040    291     1978

 COOLING
  YESTERDAY        0                  0      0        0
  MONTH TO DATE    0                  0      0        0
  SINCE SEP 1      5                 22    -17       10
  SINCE JAN 1    152                242    -90      280
...........................................................


WIND (MPH)
  HIGHEST WIND SPEED    MM   HIGHEST WIND DIRECTION    MM
  HIGHEST GUST SPEED    22   HIGHEST GUST DIRECTION    NW (315)
  AVERAGE WIND SPEED    MM


SKY COVER
  POSSIBLE SUNSHINE  MM
  AVERAGE SKY COVER  MM


WEATHER CONDITIONS
 THE FOLLOWING WEATHER WAS RECORDED YESTERDAY.
  SNOW
  LIGHT SNOW


RELATIVE HUMIDITY (PERCENT)
 HIGHEST    MM
 LOWEST     MM
 AVERAGE    MM

..........................................................


THE MARQUETTE MI CLIMATE NORMALS FOR TODAY
                         NORMAL    RECORD    YEAR
 MAXIMUM TEMPERATURE (F)   32        53      1998
 MINIMUM TEMPERATURE (F)   18         0      1982
                                             1977


SUNRISE AND SUNSET
NOVEMBER 27 2014......SUNRISE   809 AM EST   SUNSET   507 PM EST
NOVEMBER 28 2014......SUNRISE   810 AM EST   SUNSET   506 PM EST


-  INDICATES NEGATIVE NUMBERS.
R  INDICATES RECORD WAS SET OR TIED.
MM INDICATES DATA IS MISSING.
T  INDICATES TRACE AMOUNT.




$$
