000
CDUS43 KMQT 130521
CLIMQT


CLIMATE REPORT
NATIONAL WEATHER SERVICE MARQUETTE MI
1221 AM EST MON FEB 13 2017


...................................

...THE MARQUETTE MI CLIMATE SUMMARY FOR FEBRUARY 12 2017...

CLIMATE NORMAL PERIOD 1981 TO 2010
CLIMATE RECORD PERIOD 1961 TO 2017


WEATHER ITEM   OBSERVED RECORD YEAR NORMAL DEPARTURE LAST
                VALUE   VALUE       VALUE  FROM      YEAR
                                           NORMAL
...........................................................
TEMPERATURE (F)
 YESTERDAY
  MAXIMUM         31     42    1976  25      6        7
  MINIMUM         20    -32    1981   5     15       -5
  AVERAGE         26                 15     11        1

PRECIPITATION (IN)
  YESTERDAY        0.02   1.28 1984   0.07  -0.05     0.09
  MONTH TO DATE    1.15               0.87   0.28     1.51
  SINCE DEC 1      5.08               5.85  -0.77     8.34
  SINCE JAN 1      2.89               3.28  -0.39     3.47

SNOWFALL (IN)
  YESTERDAY        0.3   13.5  1965   1.2   -0.9      1.4
  MONTH TO DATE   16.7               15.3    1.4     22.9
  SINCE DEC 1     88.9              101.3  -12.4     79.3
  SINCE JUL 1    103.1              131.8  -28.7     87.2
  SNOW DEPTH      20

DEGREE DAYS
 HEATING
  YESTERDAY       39                 50    -11       64
  MONTH TO DATE  612                613     -1      579
  SINCE DEC 1   3476               3648   -172     3167
  SINCE JUL 1   5101               5850   -749     4999

 COOLING
  YESTERDAY        0                  0      0        0
  MONTH TO DATE    0                  0      0        0
  SINCE DEC 1      0                  0      0        0
  SINCE JAN 1      0                  0      0        0
...........................................................


WIND (MPH)
  RESULTANT WIND SPEED  MM   RESULTANT WIND DIRECTION  MM
  HIGHEST WIND SPEED    MM   HIGHEST WIND DIRECTION    MM
  HIGHEST GUST SPEED    44   HIGHEST GUST DIRECTION     W (270)
  AVERAGE WIND SPEED    MM


SKY COVER
  POSSIBLE SUNSHINE  MM
  AVERAGE SKY COVER  MM


WEATHER CONDITIONS
 THE FOLLOWING WEATHER WAS RECORDED YESTERDAY.
  LT FREEZING RAIN
  LIGHT SNOW
  BLOWING SNOW


RELATIVE HUMIDITY (PERCENT)
 HIGHEST    MM
 LOWEST     MM
 AVERAGE    MM

..........................................................


THE MARQUETTE MI CLIMATE NORMALS FOR TODAY
                         NORMAL    RECORD    YEAR
 MAXIMUM TEMPERATURE (F)   25        43      1984
 MINIMUM TEMPERATURE (F)    5       -22      2003


SUNRISE AND SUNSET
FEBRUARY 13 2017......SUNRISE   757 AM EST   SUNSET   613 PM EST
FEBRUARY 14 2017......SUNRISE   755 AM EST   SUNSET   614 PM EST


-  INDICATES NEGATIVE NUMBERS.
R  INDICATES RECORD WAS SET OR TIED.
MM INDICATES DATA IS MISSING.
T  INDICATES TRACE AMOUNT.




$$
