000
CDUS43 KMQT 250603
CLIMQT


CLIMATE REPORT
NATIONAL WEATHER SERVICE MARQUETTE MI
202 AM EDT FRI JUL 25 2014


...................................

...THE MARQUETTE MI CLIMATE SUMMARY FOR JULY 24 2014...

CLIMATE NORMAL PERIOD 1981 TO 2010
CLIMATE RECORD PERIOD 1961 TO 2014


WEATHER ITEM   OBSERVED RECORD YEAR NORMAL DEPARTURE LAST
                VALUE   VALUE       VALUE  FROM      YEAR
                                           NORMAL
...........................................................
TEMPERATURE (F)
 YESTERDAY
  MAXIMUM         73     90    1989  77     -4       73
  MINIMUM         46     40    2004  55     -9       45
  AVERAGE         60                 66     -6       59

PRECIPITATION (IN)
  YESTERDAY        0.00   2.43 1964   0.09  -0.09      T
  MONTH TO DATE    3.46               2.17   1.29     3.17
  SINCE JUN 1      9.09               5.01   4.08     6.48
  SINCE JAN 1     21.55              18.65   2.90    23.82

SNOWFALL (IN)
  YESTERDAY        0.0   MM      MM   0.0    0.0      0.0
  MONTH TO DATE    T                  0.0    0.0      0.0
  SINCE JUN 1      T                  0.0    0.0      0.0
  SINCE JUL 1      T                  0.0    0.0      0.0
  SNOW DEPTH       0

DEGREE DAYS
 HEATING
  YESTERDAY        5                  2      3        6
  MONTH TO DATE   90                 60     30       63
  SINCE JUN 1    253                242     11      261
  SINCE JUL 1     90                 60     30       63

 COOLING
  YESTERDAY        0                  3     -3        0
  MONTH TO DATE   38                 72    -34      126
  SINCE JUN 1     92                120    -28      165
  SINCE JAN 1    112                132    -20      178
...........................................................


WIND (MPH)
  RESULTANT WIND SPEED  MM   RESULTANT WIND DIRECTION  MM
  HIGHEST WIND SPEED    MM   HIGHEST WIND DIRECTION    MM
  HIGHEST GUST SPEED    13   HIGHEST GUST DIRECTION    MM
  AVERAGE WIND SPEED    90.0


SKY COVER
  POSSIBLE SUNSHINE  MM
  AVERAGE SKY COVER  MM


WEATHER CONDITIONS
 THE FOLLOWING WEATHER WAS RECORDED YESTERDAY.
  NO SIGNIFICANT WEATHER WAS OBSERVED.


RELATIVE HUMIDITY (PERCENT)
 HIGHEST    MM
 LOWEST     MM
 AVERAGE    MM

..........................................................


THE MARQUETTE MI CLIMATE NORMALS FOR TODAY
                         NORMAL    RECORD    YEAR
 MAXIMUM TEMPERATURE (F)   77        91      2007
                                             1989
 MINIMUM TEMPERATURE (F)   55        42      1976


SUNRISE AND SUNSET
JULY 25 2014..........SUNRISE   623 AM EDT   SUNSET   930 PM EDT
JULY 26 2014..........SUNRISE   624 AM EDT   SUNSET   929 PM EDT


-  INDICATES NEGATIVE NUMBERS.
R  INDICATES RECORD WAS SET OR TIED.
MM INDICATES DATA IS MISSING.
T  INDICATES TRACE AMOUNT.




$$
