400
CDUS43 KMQT 122201
CLIMQT


CLIMATE REPORT
NATIONAL WEATHER SERVICE MARQUETTE MI
501 PM EST TUE DEC 12 2017


...................................

...THE MARQUETTE MI CLIMATE SUMMARY FOR DECEMBER 12 2017...
VALID TODAY AS OF 0500 PM LOCAL TIME.

CLIMATE NORMAL PERIOD 1981 TO 2010
CLIMATE RECORD PERIOD 1961 TO 2017


WEATHER ITEM   OBSERVED RECORD YEAR NORMAL DEPARTURE LAST
                VALUE   VALUE       VALUE  FROM      YEAR
                                           NORMAL
...........................................................
TEMPERATURE (F)
 TODAY
  MAXIMUM         10     48    1998  27    -17       26
  MINIMUM          6    -10    2013  12     -6       15
                               1989
  AVERAGE          8                 19    -11       21

PRECIPITATION (IN)
  TODAY            0.05   1.10 1961   0.09  -0.04     0.02
  MONTH TO DATE    1.35               1.11   0.24     0.78
  SINCE DEC 1      1.35               1.11   0.24     0.78
  SINCE JAN 1     41.92              34.22   7.70    38.86

SNOWFALL (IN)
  TODAY            1.0   12.3  2010   1.4   -0.4      0.8
  MONTH TO DATE   14.1               16.2   -2.1     16.1
  SINCE DEC 1     14.1               16.2   -2.1     16.1
  SINCE JUL 1     39.1               46.7   -7.6     30.3
  SNOW DEPTH       4

DEGREE DAYS
 HEATING
  TODAY           57                 46     11       44
  MONTH TO DATE  509                525    -16      505
  SINCE DEC 1    509                525    -16      505
  SINCE JUL 1   2636               2727    -91     2130

 COOLING
  TODAY            0                  0      0        0
  MONTH TO DATE    0                  0      0        0
  SINCE DEC 1      0                  0      0        0
  SINCE JAN 1    145                242    -97      246
...........................................................


WIND (MPH)
  HIGHEST WIND SPEED    MM   HIGHEST WIND DIRECTION    MM
  HIGHEST GUST SPEED    25   HIGHEST GUST DIRECTION     N (360)
  AVERAGE WIND SPEED    MM


SKY COVER
  POSSIBLE SUNSHINE  MM
  AVERAGE SKY COVER  MM


WEATHER CONDITIONS
 THE FOLLOWING WEATHER WAS RECORDED TODAY.
  LIGHT SNOW


RELATIVE HUMIDITY (PERCENT)
 HIGHEST    MM
 LOWEST     MM
 AVERAGE    MM

..........................................................


THE MARQUETTE MI CLIMATE NORMALS FOR TOMORROW
                         NORMAL    RECORD    YEAR
 MAXIMUM TEMPERATURE (F)   26        44      2014
 MINIMUM TEMPERATURE (F)   12       -20      1976


SUNRISE AND SUNSET
DECEMBER 12 2017......SUNRISE   825 AM EST   SUNSET   503 PM EST
DECEMBER 13 2017......SUNRISE   826 AM EST   SUNSET   503 PM EST


-  INDICATES NEGATIVE NUMBERS.
R  INDICATES RECORD WAS SET OR TIED.
MM INDICATES DATA IS MISSING.
T  INDICATES TRACE AMOUNT.




$$
