000
CDUS43 KMQT 130520
CLIMQT


CLIMATE REPORT
NATIONAL WEATHER SERVICE MARQUETTE MI
1219 AM EST SAT DEC 13 2014


...................................

...THE MARQUETTE MI CLIMATE SUMMARY FOR DECEMBER 12 2014...

CLIMATE NORMAL PERIOD 1981 TO 2010
CLIMATE RECORD PERIOD 1961 TO 2014


WEATHER ITEM   OBSERVED RECORD YEAR NORMAL DEPARTURE LAST
                VALUE   VALUE       VALUE  FROM      YEAR
                                           NORMAL
...........................................................
TEMPERATURE (F)
 YESTERDAY
  MAXIMUM         38     48    1998  27     11       11
  MINIMUM         12    -10    2013  12      0      -10
                               1989
  AVERAGE         25                 19      6        1

PRECIPITATION (IN)
  YESTERDAY        0.00   1.10 1961   0.09  -0.09      T
  MONTH TO DATE    0.20               1.11  -0.91     0.94
  SINCE DEC 1      0.20               1.11  -0.91     0.94
  SINCE JAN 1     42.75              34.22   8.53    38.12

SNOWFALL (IN)
  YESTERDAY        0.0   12.3  2010   1.4   -1.4      0.1
  MONTH TO DATE    3.5               16.2  -12.7      7.0
  SINCE DEC 1      3.5               16.2  -12.7      7.0
  SINCE JUL 1     59.7               46.7   13.0     29.5
  SNOW DEPTH      14

DEGREE DAYS
 HEATING
  YESTERDAY       40                 46     -6       64
  MONTH TO DATE  562                525     37      635
  SINCE DEC 1    562                525     37      635
  SINCE JUL 1   3092               2727    365     2804

 COOLING
  YESTERDAY        0                  0      0        0
  MONTH TO DATE    0                  0      0        0
  SINCE DEC 1      0                  0      0        0
  SINCE JAN 1    152                242    -90      280
...........................................................


WIND (MPH)
  RESULTANT WIND SPEED  MM   RESULTANT WIND DIRECTION  MM
  HIGHEST WIND SPEED    MM   HIGHEST WIND DIRECTION    MM
  HIGHEST GUST SPEED    11   HIGHEST GUST DIRECTION    SW (225)
  AVERAGE WIND SPEED    MM


SKY COVER
  POSSIBLE SUNSHINE  MM
  AVERAGE SKY COVER  MM


WEATHER CONDITIONS
 THE FOLLOWING WEATHER WAS RECORDED YESTERDAY.
  FOG


RELATIVE HUMIDITY (PERCENT)
 HIGHEST    MM
 LOWEST     MM
 AVERAGE    MM

..........................................................


THE MARQUETTE MI CLIMATE NORMALS FOR TODAY
                         NORMAL    RECORD    YEAR
 MAXIMUM TEMPERATURE (F)   26        42      1999
 MINIMUM TEMPERATURE (F)   12       -20      1976


SUNRISE AND SUNSET
DECEMBER 13 2014......SUNRISE   826 AM EST   SUNSET   503 PM EST
DECEMBER 14 2014......SUNRISE   827 AM EST   SUNSET   503 PM EST


-  INDICATES NEGATIVE NUMBERS.
R  INDICATES RECORD WAS SET OR TIED.
MM INDICATES DATA IS MISSING.
T  INDICATES TRACE AMOUNT.




$$
