051
CDUS43 KMQT 120518
CLIMQT


CLIMATE REPORT
NATIONAL WEATHER SERVICE MARQUETTE MI
1217 AM EST SUN FEB 12 2017


...................................

...THE MARQUETTE MI CLIMATE SUMMARY FOR FEBRUARY 11 2017...

CLIMATE NORMAL PERIOD 1981 TO 2010
CLIMATE RECORD PERIOD 1961 TO 2017


WEATHER ITEM   OBSERVED RECORD YEAR NORMAL DEPARTURE LAST
                VALUE   VALUE       VALUE  FROM      YEAR
                                           NORMAL
...........................................................
TEMPERATURE (F)
 YESTERDAY
  MAXIMUM         27     42    1999  25      2       12
  MINIMUM         20    -23    2014   5     15        4
  AVERAGE         24                 14     10        8

PRECIPITATION (IN)
  YESTERDAY        T      0.92 1999   0.07  -0.07      T
  MONTH TO DATE    1.13               0.80   0.33     1.42
  SINCE DEC 1      5.06               5.78  -0.72     8.25
  SINCE JAN 1      2.87               3.21  -0.34     3.38

SNOWFALL (IN)
  YESTERDAY        T     10.0  1985   1.2   -1.2      0.2
  MONTH TO DATE   16.4               14.1    2.3     21.5
  SINCE DEC 1     88.6              100.1  -11.5     77.9
  SINCE JUL 1    102.8              130.6  -27.8     85.8
  SNOW DEPTH      20

DEGREE DAYS
 HEATING
  YESTERDAY       41                 50     -9       57
  MONTH TO DATE  573                563     10      515
  SINCE DEC 1   3437               3598   -161     3103
  SINCE JUL 1   5062               5800   -738     4935

 COOLING
  YESTERDAY        0                  0      0        0
  MONTH TO DATE    0                  0      0        0
  SINCE DEC 1      0                  0      0        0
  SINCE JAN 1      0                  0      0        0
...........................................................


WIND (MPH)
  RESULTANT WIND SPEED  MM   RESULTANT WIND DIRECTION  MM
  HIGHEST WIND SPEED    MM   HIGHEST WIND DIRECTION    MM
  HIGHEST GUST SPEED    16   HIGHEST GUST DIRECTION    NW (315)
  AVERAGE WIND SPEED    MM


SKY COVER
  POSSIBLE SUNSHINE  MM
  AVERAGE SKY COVER  MM


WEATHER CONDITIONS
 THE FOLLOWING WEATHER WAS RECORDED YESTERDAY.
  FREEZING RAIN
  LIGHT SNOW
  FOG


RELATIVE HUMIDITY (PERCENT)
 HIGHEST    MM
 LOWEST     MM
 AVERAGE    MM

..........................................................


THE MARQUETTE MI CLIMATE NORMALS FOR TODAY
                         NORMAL    RECORD    YEAR
 MAXIMUM TEMPERATURE (F)   25        42      1976
 MINIMUM TEMPERATURE (F)    5       -32      1981


SUNRISE AND SUNSET
FEBRUARY 12 2017......SUNRISE   758 AM EST   SUNSET   611 PM EST
FEBRUARY 13 2017......SUNRISE   757 AM EST   SUNSET   613 PM EST


-  INDICATES NEGATIVE NUMBERS.
R  INDICATES RECORD WAS SET OR TIED.
MM INDICATES DATA IS MISSING.
T  INDICATES TRACE AMOUNT.




$$
