897
CDUS43 KMQT 090504
CLIMQT

CLIMATE REPORT
NATIONAL WEATHER SERVICE MARQUETTE MI
103 AM EDT WED AUG 9 2017


...................................

...THE MARQUETTE MI CLIMATE SUMMARY FOR AUGUST 8 2017...

CLIMATE NORMAL PERIOD 1981 TO 2010
CLIMATE RECORD PERIOD 1961 TO 2017


WEATHER ITEM   OBSERVED RECORD YEAR NORMAL DEPARTURE LAST
                VALUE   VALUE       VALUE  FROM      YEAR
                                           NORMAL
...........................................................
TEMPERATURE (F)
 YESTERDAY
  MAXIMUM         77     91    2005  76      1       83
  MINIMUM         55     40    1964  54      1       50
  AVERAGE         66                 65      1       67

PRECIPITATION (IN)
  YESTERDAY        T      0.75 1984   0.10  -0.10     0.00
  MONTH TO DATE    1.87               0.78   1.09     0.04
  SINCE JUN 1      9.82               6.46   3.36     7.07
  SINCE JAN 1     24.66              20.10   4.56    23.28

SNOWFALL (IN)
  YESTERDAY        0.0   MM      MM   0.0    0.0      0.0
  MONTH TO DATE    0.0                0.0    0.0      0.0
  SINCE JUN 1      T                  0.0    0.0       T
  SINCE JUL 1      T                  0.0    0.0       T
  SNOW DEPTH       0

DEGREE DAYS
 HEATING
  YESTERDAY        0                  3     -3        0
  MONTH TO DATE   48                 24     24        0
  SINCE JUN 1    268                285    -17      237
  SINCE JUL 1    127                103     24       55

 COOLING
  YESTERDAY        1                  2     -1        2
  MONTH TO DATE   10                 20    -10       35
  SINCE JUN 1     87                162    -75      178
  SINCE JAN 1     87                174    -87      189
...........................................................


WIND (MPH)
  RESULTANT WIND SPEED  MM   RESULTANT WIND DIRECTION  MM
  HIGHEST WIND SPEED    MM   HIGHEST WIND DIRECTION    MM
  HIGHEST GUST SPEED    19   HIGHEST GUST DIRECTION     W (270)
  AVERAGE WIND SPEED    MM


SKY COVER
  POSSIBLE SUNSHINE  MM
  AVERAGE SKY COVER  MM


WEATHER CONDITIONS
 THE FOLLOWING WEATHER WAS RECORDED YESTERDAY.
  LIGHT RAIN


RELATIVE HUMIDITY (PERCENT)
 HIGHEST    MM
 LOWEST     MM
 AVERAGE    MM

..........................................................


THE MARQUETTE MI CLIMATE NORMALS FOR TODAY
                         NORMAL    RECORD    YEAR
 MAXIMUM TEMPERATURE (F)   75        87      1998
 MINIMUM TEMPERATURE (F)   54        35      1964


SUNRISE AND SUNSET
AUGUST  9 2017........SUNRISE   641 AM EDT   SUNSET   909 PM EDT
AUGUST 10 2017........SUNRISE   643 AM EDT   SUNSET   908 PM EDT


-  INDICATES NEGATIVE NUMBERS.
R  INDICATES RECORD WAS SET OR TIED.
MM INDICATES DATA IS MISSING.
T  INDICATES TRACE AMOUNT.




$$
