000
CDUS43 KMQT 150531
CLIMQT


CLIMATE REPORT
NATIONAL WEATHER SERVICE MARQUETTE MI
131 AM EDT FRI APR 15 2016


...................................

...THE MARQUETTE MI CLIMATE SUMMARY FOR APRIL 14 2016...

CLIMATE NORMAL PERIOD 1981 TO 2010
CLIMATE RECORD PERIOD 1961 TO 2016


WEATHER ITEM   OBSERVED RECORD YEAR NORMAL DEPARTURE LAST
                VALUE   VALUE       VALUE  FROM      YEAR
                                           NORMAL
...........................................................
TEMPERATURE (F)
 YESTERDAY
  MAXIMUM         57     83    2003  47     10       60
  MINIMUM         30      9    2008  27      3       31
                               1996
  AVERAGE         44                 37      7       46

PRECIPITATION (IN)
  YESTERDAY        0.00   0.81 1983   0.10  -0.10     0.00
  MONTH TO DATE    2.59               1.50   1.09     1.88
  SINCE MAR 1      5.93               4.53   1.40     3.14
  SINCE JAN 1     10.55               9.08   1.47     6.06

SNOWFALL (IN)
  YESTERDAY        0.0    6.0  2014   0.5   -0.5      0.0
  MONTH TO DATE   40.8                9.3   31.5      9.7
  SINCE MAR 1     59.6               44.2   15.4     21.0
  SINCE JUL 1    159.7              196.6  -36.9    175.0
  SNOW DEPTH      14

DEGREE DAYS
 HEATING
  YESTERDAY       21                 28     -7       19
  MONTH TO DATE  577                434    143      400
  SINCE MAR 1   1673               1697    -24     1649
  SINCE JUL 1   7440               8321   -881     8960

 COOLING
  YESTERDAY        0                  0      0        0
  MONTH TO DATE    0                  0      0        0
  SINCE MAR 1      0                  0      0        0
  SINCE JAN 1      0                  0      0        0
...........................................................


WIND (MPH)
  RESULTANT WIND SPEED  MM   RESULTANT WIND DIRECTION  MM
  HIGHEST WIND SPEED    MM   HIGHEST WIND DIRECTION    MM
  HIGHEST GUST SPEED    30   HIGHEST GUST DIRECTION    SW (225)
  AVERAGE WIND SPEED    MM


SKY COVER
  POSSIBLE SUNSHINE  MM
  AVERAGE SKY COVER  MM


WEATHER CONDITIONS
 THE FOLLOWING WEATHER WAS RECORDED YESTERDAY.
  NO SIGNIFICANT WEATHER WAS OBSERVED.


RELATIVE HUMIDITY (PERCENT)
 HIGHEST    MM
 LOWEST     MM
 AVERAGE    MM

..........................................................


THE MARQUETTE MI CLIMATE NORMALS FOR TODAY
                         NORMAL    RECORD    YEAR
 MAXIMUM TEMPERATURE (F)   48        76      2002
 MINIMUM TEMPERATURE (F)   28        -1      2014


SUNRISE AND SUNSET
APRIL 15 2016.........SUNRISE   702 AM EDT   SUNSET   839 PM EDT
APRIL 16 2016.........SUNRISE   700 AM EDT   SUNSET   840 PM EDT


-  INDICATES NEGATIVE NUMBERS.
R  INDICATES RECORD WAS SET OR TIED.
MM INDICATES DATA IS MISSING.
T  INDICATES TRACE AMOUNT.




$$
