000
CDUS43 KMQT 110606
CLIMQT


CLIMATE REPORT
NATIONAL WEATHER SERVICE MARQUETTE MI
1242 AM EST SAT MAR 11 2017


...................................

...THE MARQUETTE MI CLIMATE SUMMARY FOR MARCH 10 2017...

CLIMATE NORMAL PERIOD 1981 TO 2010
CLIMATE RECORD PERIOD 1961 TO 2017


WEATHER ITEM   OBSERVED RECORD YEAR NORMAL DEPARTURE LAST
                VALUE   VALUE       VALUE  FROM      YEAR
                                           NORMAL
...........................................................
TEMPERATURE (F)
 YESTERDAY
  MAXIMUM         13     58    2015  33    -20       35
  MINIMUM          0    -16    1972  11    -11       25
  AVERAGE          7                 22    -15       30

PRECIPITATION (IN)
  YESTERDAY        0.03   0.52 1973   0.10  -0.07      T
  MONTH TO DATE    0.73               0.94  -0.21     0.37
  SINCE MAR 1      0.73               0.94  -0.21     0.37
  SINCE JAN 1      5.31               5.49  -0.18     4.99

SNOWFALL (IN)
  YESTERDAY        0.3    4.4  1998   1.3   -1.0       T
  MONTH TO DATE    9.3               13.1   -3.8      2.4
  SINCE MAR 1      9.3               13.1   -3.8      2.4
  SINCE JUL 1    130.4              165.5  -35.1    102.5
  SNOW DEPTH       8

DEGREE DAYS
 HEATING
  YESTERDAY       58                 43     15       35
  MONTH TO DATE  440                446     -6      396
  SINCE MAR 1    440                446     -6      396
  SINCE JUL 1   6124               7070   -946     6163

 COOLING
  YESTERDAY        0                  0      0        0
  MONTH TO DATE    0                  0      0        0
  SINCE MAR 1      0                  0      0        0
  SINCE JAN 1      0                  0      0        0
...........................................................


WIND (MPH)
  RESULTANT WIND SPEED  MM   RESULTANT WIND DIRECTION  MM
  HIGHEST WIND SPEED    MM   HIGHEST WIND DIRECTION    MM
  HIGHEST GUST SPEED    29   HIGHEST GUST DIRECTION     W (270)
  AVERAGE WIND SPEED    MM


SKY COVER
  POSSIBLE SUNSHINE  MM
  AVERAGE SKY COVER  MM


WEATHER CONDITIONS
 THE FOLLOWING WEATHER WAS RECORDED YESTERDAY.
  LIGHT SNOW


RELATIVE HUMIDITY (PERCENT)
 HIGHEST    MM
 LOWEST     MM
 AVERAGE    MM

..........................................................


THE MARQUETTE MI CLIMATE NORMALS FOR TODAY
                         NORMAL    RECORD    YEAR
 MAXIMUM TEMPERATURE (F)   33        63      2012
 MINIMUM TEMPERATURE (F)   12       -15      1984


SUNRISE AND SUNSET
MARCH 11 2017.........SUNRISE   710 AM EST   SUNSET   651 PM EST
MARCH 12 2017.........SUNRISE   808 AM EDT   SUNSET   752 PM EDT


-  INDICATES NEGATIVE NUMBERS.
R  INDICATES RECORD WAS SET OR TIED.
MM INDICATES DATA IS MISSING.
T  INDICATES TRACE AMOUNT.




$$
