000
CDUS43 KMQT 110526
CLIMQT


CLIMATE REPORT
NATIONAL WEATHER SERVICE MARQUETTE MI
1223 AM EST TUE NOV 11 2014


...................................

...THE MARQUETTE MI CLIMATE SUMMARY FOR NOVEMBER 10 2014...

CLIMATE NORMAL PERIOD 1981 TO 2010
CLIMATE RECORD PERIOD 1961 TO 2014


WEATHER ITEM   OBSERVED RECORD YEAR NORMAL DEPARTURE LAST
                VALUE   VALUE       VALUE  FROM      YEAR
                                           NORMAL
...........................................................
TEMPERATURE (F)
 YESTERDAY
  MAXIMUM         30     57    2010  40    -10       34
  MINIMUM         13      1    1979  25    -12       31
  AVERAGE         22                 33    -11       33

PRECIPITATION (IN)
  YESTERDAY        1.20R  0.77 1998   0.10   1.10     0.09
  MONTH TO DATE    1.92               1.03   0.89     1.68
  SINCE SEP 1     12.51               8.59   3.92     8.08
  SINCE JAN 1     39.25              30.96   8.29    35.83

SNOWFALL (IN)
  YESTERDAY       10.2 R  9.5  1997   0.6    9.6      0.8
  MONTH TO DATE   15.5                5.3   10.2      2.4
  SINCE SEP 1     18.7               11.4    7.3      5.9
  SINCE JUL 1     18.7               11.4    7.3      5.9
  SNOW DEPTH       2

DEGREE DAYS
 HEATING
  YESTERDAY       43                 32     11       32
  MONTH TO DATE  332                302     30      290
  SINCE SEP 1   1317               1278     39     1177
  SINCE JUL 1   1564               1463    101     1391

 COOLING
  YESTERDAY        0                  0      0        0
  MONTH TO DATE    0                  0      0        0
  SINCE SEP 1      5                 22    -17       10
  SINCE JAN 1    152                242    -90      280
...........................................................


WIND (MPH)
  RESULTANT WIND SPEED  MM   RESULTANT WIND DIRECTION  MM
  HIGHEST WIND SPEED    MM   HIGHEST WIND DIRECTION    MM
  HIGHEST GUST SPEED    31   HIGHEST GUST DIRECTION    NE (45)
  AVERAGE WIND SPEED    MM


SKY COVER
  POSSIBLE SUNSHINE  MM
  AVERAGE SKY COVER  MM


WEATHER CONDITIONS
 THE FOLLOWING WEATHER WAS RECORDED YESTERDAY.
  HEAVY SNOW
  SNOW
  LIGHT SNOW
  BLOWING SNOW


RELATIVE HUMIDITY (PERCENT)
 HIGHEST    MM
 LOWEST     MM
 AVERAGE    MM

..........................................................


THE MARQUETTE MI CLIMATE NORMALS FOR TODAY
                         NORMAL    RECORD    YEAR
 MAXIMUM TEMPERATURE (F)   40        59      1961
 MINIMUM TEMPERATURE (F)   25         0      1986
                                             1979


SUNRISE AND SUNSET
NOVEMBER 11 2014......SUNRISE   746 AM EST   SUNSET   522 PM EST
NOVEMBER 12 2014......SUNRISE   748 AM EST   SUNSET   520 PM EST


-  INDICATES NEGATIVE NUMBERS.
R  INDICATES RECORD WAS SET OR TIED.
MM INDICATES DATA IS MISSING.
T  INDICATES TRACE AMOUNT.

$$

TITUS
