000
CDUS43 KMQT 110519
CLIMQT

CLIMATE REPORT
NATIONAL WEATHER SERVICE MARQUETTE MI
1219 AM EST SAT FEB 11 2017


...................................

...THE MARQUETTE MI CLIMATE SUMMARY FOR FEBRUARY 10 2017...

CLIMATE NORMAL PERIOD 1981 TO 2010
CLIMATE RECORD PERIOD 1961 TO 2017


WEATHER ITEM   OBSERVED RECORD YEAR NORMAL DEPARTURE LAST
                VALUE   VALUE       VALUE  FROM      YEAR
                                           NORMAL
...........................................................
TEMPERATURE (F)
 YESTERDAY
  MAXIMUM         28     43    2009  24      4        8
  MINIMUM          4    -27    1994   4      0        2
  AVERAGE         16                 14      2        5

PRECIPITATION (IN)
  YESTERDAY        0.10   0.61 1996   0.07   0.03     0.12
  MONTH TO DATE    1.13               0.73   0.40     1.42
  SINCE DEC 1      5.06               5.71  -0.65     8.25
  SINCE JAN 1      2.87               3.14  -0.27     3.38

SNOWFALL (IN)
  YESTERDAY        0.8    6.4  2012   1.3   -0.5      2.4
  MONTH TO DATE   16.4               12.9    3.5     21.3
  SINCE DEC 1     88.6               98.9  -10.3     77.7
  SINCE JUL 1    102.8              129.4  -26.6     85.6
  SNOW DEPTH      21

DEGREE DAYS
 HEATING
  YESTERDAY       49                 51     -2       60
  MONTH TO DATE  532                513     19      458
  SINCE DEC 1   3396               3548   -152     3046
  SINCE JUL 1   5021               5750   -729     4878

 COOLING
  YESTERDAY        0                  0      0        0
  MONTH TO DATE    0                  0      0        0
  SINCE DEC 1      0                  0      0        0
  SINCE JAN 1      0                  0      0        0
...........................................................


WIND (MPH)
  RESULTANT WIND SPEED  MM   RESULTANT WIND DIRECTION  MM
  HIGHEST WIND SPEED    MM   HIGHEST WIND DIRECTION    MM
  HIGHEST GUST SPEED    28   HIGHEST GUST DIRECTION    SW (225)
  AVERAGE WIND SPEED    MM


SKY COVER
  POSSIBLE SUNSHINE  MM
  AVERAGE SKY COVER  MM


WEATHER CONDITIONS
 THE FOLLOWING WEATHER WAS RECORDED YESTERDAY.
  LT FREEZING RAIN
  LIGHT SNOW
  SLEET


RELATIVE HUMIDITY (PERCENT)
 HIGHEST    MM
 LOWEST     MM
 AVERAGE    MM

..........................................................


THE MARQUETTE MI CLIMATE NORMALS FOR TODAY
                         NORMAL    RECORD    YEAR
 MAXIMUM TEMPERATURE (F)   25        42      1999
 MINIMUM TEMPERATURE (F)    5       -23      2014


SUNRISE AND SUNSET
FEBRUARY 11 2017......SUNRISE   800 AM EST   SUNSET   610 PM EST
FEBRUARY 12 2017......SUNRISE   758 AM EST   SUNSET   611 PM EST


-  INDICATES NEGATIVE NUMBERS.
R  INDICATES RECORD WAS SET OR TIED.
MM INDICATES DATA IS MISSING.
T  INDICATES TRACE AMOUNT.




$$
