000
CDUS43 KMQT 252206
CLIMQT


CLIMATE REPORT
NATIONAL WEATHER SERVICE MARQUETTE MI
503 PM EST SAT NOV 25 2017


...................................

...THE MARQUETTE MI CLIMATE SUMMARY FOR NOVEMBER 25 2017...
VALID TODAY AS OF 0500 PM LOCAL TIME.

CLIMATE NORMAL PERIOD 1981 TO 2010
CLIMATE RECORD PERIOD 1961 TO 2017


WEATHER ITEM   OBSERVED RECORD YEAR NORMAL DEPARTURE LAST
                VALUE   VALUE       VALUE  FROM      YEAR
                                           NORMAL
...........................................................
TEMPERATURE (F)
 TODAY
  MAXIMUM         37     56    1984  33      4       34
  MINIMUM         22     -4    2005  19      3       30
                               1985
  AVERAGE         30                 26      4       32

PRECIPITATION (IN)
  TODAY            0.05   0.44 2009   0.11  -0.06     0.01
  MONTH TO DATE    1.80               2.65  -0.85     1.04
  SINCE SEP 1     13.24              10.21   3.03     9.57
  SINCE JAN 1     40.57              32.58   7.99    37.34

SNOWFALL (IN)
  TODAY            0.5    7.8  1975   1.1   -0.6      0.1
  MONTH TO DATE   16.1               18.7   -2.6     14.2
  SINCE SEP 1     24.9               24.8    0.1     14.2
  SINCE JUL 1     24.9               24.8    0.1     14.2
  SNOW DEPTH       0

DEGREE DAYS
 HEATING
  TODAY           35                 39     -4       33
  MONTH TO DATE  931                840     91      616
  SINCE SEP 1   1691               1816   -125     1370
  SINCE JUL 1   1956               2001    -45     1470

 COOLING
  TODAY            0                  0      0        0
  MONTH TO DATE    0                  0      0        0
  SINCE SEP 1     52                 22     30       10
  SINCE JAN 1    145                242    -97      246
...........................................................


WIND (MPH)
  HIGHEST WIND SPEED    MM   HIGHEST WIND DIRECTION    MM
  HIGHEST GUST SPEED    26   HIGHEST GUST DIRECTION    NW (315)
  AVERAGE WIND SPEED    MM


SKY COVER
  POSSIBLE SUNSHINE  MM
  AVERAGE SKY COVER  MM


WEATHER CONDITIONS
 THE FOLLOWING WEATHER WAS RECORDED TODAY.
  LIGHT SNOW SHOWERS


RELATIVE HUMIDITY (PERCENT)
 HIGHEST    MM
 LOWEST     MM
 AVERAGE    MM

..........................................................


THE MARQUETTE MI CLIMATE NORMALS FOR TOMORROW
                         NORMAL    RECORD    YEAR
 MAXIMUM TEMPERATURE (F)   33        48      1984
 MINIMUM TEMPERATURE (F)   19        -8      2005


SUNRISE AND SUNSET
NOVEMBER 25 2017......SUNRISE   806 AM EST   SUNSET   508 PM EST
NOVEMBER 26 2017......SUNRISE   808 AM EST   SUNSET   507 PM EST


-  INDICATES NEGATIVE NUMBERS.
R  INDICATES RECORD WAS SET OR TIED.
MM INDICATES DATA IS MISSING.
T  INDICATES TRACE AMOUNT.




$$
