000
CDUS43 KMQT 120507
CLIMQT

CLIMATE REPORT
NATIONAL WEATHER SERVICE MARQUETTE MI
1206 AM EST THU JAN 12 2017


...................................

...THE MARQUETTE MI CLIMATE SUMMARY FOR JANUARY 11 2017...

CLIMATE NORMAL PERIOD 1981 TO 2010
CLIMATE RECORD PERIOD 1961 TO 2017


WEATHER ITEM   OBSERVED RECORD YEAR NORMAL DEPARTURE LAST
                VALUE   VALUE       VALUE  FROM      YEAR
                                           NORMAL
...........................................................
TEMPERATURE (F)
 YESTERDAY
  MAXIMUM         14     44    1986  22     -8        8
  MINIMUM          4    -25    1979   6     -2       -2
  AVERAGE          9                 14     -5        3

PRECIPITATION (IN)
  YESTERDAY        0.24   0.36 1983   0.08   0.16     0.02
  MONTH TO DATE    0.98               0.86   0.12     0.84
  SINCE DEC 1      3.17               3.43  -0.26     5.71
  SINCE JAN 1      0.98               0.86   0.12     0.84

SNOWFALL (IN)
  YESTERDAY        6.0    6.6  2010   1.5    4.5      0.4
  MONTH TO DATE   16.4               15.1    1.3     13.7
  SINCE DEC 1     58.4               57.9    0.5     32.6
  SINCE JUL 1     72.6               88.4  -15.8     40.5
  SNOW DEPTH      15

DEGREE DAYS
 HEATING
  YESTERDAY       56                 51      5       62
  MONTH TO DATE  591                557     34      490
  SINCE DEC 1   2024               1997     27     1600
  SINCE JUL 1   3649               4199   -550     3432

 COOLING
  YESTERDAY        0                  0      0        0
  MONTH TO DATE    0                  0      0        0
  SINCE DEC 1      0                  0      0        0
  SINCE JAN 1      0                  0      0        0
...........................................................


WIND (MPH)
  RESULTANT WIND SPEED  MM   RESULTANT WIND DIRECTION  MM
  HIGHEST WIND SPEED    MM   HIGHEST WIND DIRECTION    MM
  HIGHEST GUST SPEED    MM   HIGHEST GUST DIRECTION    MM
  AVERAGE WIND SPEED    MM


SKY COVER
  POSSIBLE SUNSHINE  MM
  AVERAGE SKY COVER  MM


WEATHER CONDITIONS
 THE FOLLOWING WEATHER WAS RECORDED YESTERDAY.
  LIGHT SNOW
  BLOWING SNOW


RELATIVE HUMIDITY (PERCENT)
 HIGHEST    MM
 LOWEST     MM
 AVERAGE    MM

..........................................................


THE MARQUETTE MI CLIMATE NORMALS FOR TODAY
                         NORMAL    RECORD    YEAR
 MAXIMUM TEMPERATURE (F)   22        44      1987
 MINIMUM TEMPERATURE (F)    6       -19      1977


SUNRISE AND SUNSET
JANUARY 12 2017.......SUNRISE   831 AM EST   SUNSET   526 PM EST
JANUARY 13 2017.......SUNRISE   831 AM EST   SUNSET   528 PM EST


-  INDICATES NEGATIVE NUMBERS.
R  INDICATES RECORD WAS SET OR TIED.
MM INDICATES DATA IS MISSING.
T  INDICATES TRACE AMOUNT.




$$
