000
CDUS43 KMQT 102104
CLIMQT


CLIMATE REPORT
NATIONAL WEATHER SERVICE MARQUETTE MI
503 PM EDT WED AUG 10 2016


...................................

...THE MARQUETTE MI CLIMATE SUMMARY FOR AUGUST 10 2016...
VALID TODAY AS OF 0500 PM LOCAL TIME.

CLIMATE NORMAL PERIOD 1981 TO 2010
CLIMATE RECORD PERIOD 1961 TO 2016


WEATHER ITEM   OBSERVED RECORD YEAR NORMAL DEPARTURE LAST
                VALUE   VALUE       VALUE  FROM      YEAR
                                           NORMAL
...........................................................
TEMPERATURE (F)
 TODAY
  MAXIMUM         72     87    1995  75     -3       74
  MINIMUM         61     36    1972  54      7       60
  AVERAGE         67                 65      2       67

PRECIPITATION (IN)
  TODAY            0.00   1.29 1983   0.10  -0.10     0.02
  MONTH TO DATE    0.04               0.98  -0.94     1.53
  SINCE JUN 1      7.07               6.66   0.41     5.72
  SINCE JAN 1     23.28              20.30   2.98    17.04

SNOWFALL (IN)
  TODAY            0.0   MM      MM   0.0    0.0      0.0
  MONTH TO DATE    0.0                0.0    0.0      0.0
  SINCE JUN 1      T                  0.0    0.0      0.0
  SINCE JUL 1      T                  0.0    0.0      0.0
  SNOW DEPTH       0

DEGREE DAYS
 HEATING
  TODAY            0                  3     -3        0
  MONTH TO DATE    0                 30    -30       26
  SINCE JUN 1    237                291    -54      296
  SINCE JUL 1     55                109    -54       94

 COOLING
  TODAY            2                  2      0        2
  MONTH TO DATE   47                 24     23       12
  SINCE JUN 1    190                166     24      118
  SINCE JAN 1    201                178     23      120
...........................................................


WIND (MPH)
  HIGHEST WIND SPEED    MM   HIGHEST WIND DIRECTION    MM
  HIGHEST GUST SPEED    14   HIGHEST GUST DIRECTION     E (90)
  AVERAGE WIND SPEED    MM


SKY COVER
  POSSIBLE SUNSHINE  MM
  AVERAGE SKY COVER  MM


WEATHER CONDITIONS
 THE FOLLOWING WEATHER WAS RECORDED TODAY.
  NO SIGNIFICANT WEATHER WAS OBSERVED.


RELATIVE HUMIDITY (PERCENT)
 HIGHEST    MM
 LOWEST     MM
 AVERAGE    MM

..........................................................


THE MARQUETTE MI CLIMATE NORMALS FOR TOMORROW
                         NORMAL    RECORD    YEAR
 MAXIMUM TEMPERATURE (F)   75        87      1965
 MINIMUM TEMPERATURE (F)   54        38      1967


SUNRISE AND SUNSET
AUGUST 10 2016........SUNRISE   643 AM EDT   SUNSET   907 PM EDT
AUGUST 11 2016........SUNRISE   644 AM EDT   SUNSET   906 PM EDT


-  INDICATES NEGATIVE NUMBERS.
R  INDICATES RECORD WAS SET OR TIED.
MM INDICATES DATA IS MISSING.
T  INDICATES TRACE AMOUNT.




$$
