000
CDUS43 KMQT 100528
CLIMQT


CLIMATE REPORT
NATIONAL WEATHER SERVICE MARQUETTE MI
1220 AM EST FRI NOV 10 2017


...................................

...THE MARQUETTE MI CLIMATE SUMMARY FOR NOVEMBER 9 2017...

CLIMATE NORMAL PERIOD 1981 TO 2010
CLIMATE RECORD PERIOD 1961 TO 2017


WEATHER ITEM   OBSERVED RECORD YEAR NORMAL DEPARTURE LAST
                VALUE   VALUE       VALUE  FROM      YEAR
                                           NORMAL
...........................................................
TEMPERATURE (F)
 YESTERDAY
  MAXIMUM         26     73    1999  41    -15       55
  MINIMUM          8R    10    1995  26    -18       29
  AVERAGE         17                 33    -16       42

PRECIPITATION (IN)
  YESTERDAY        0.16   2.14 1983   0.10   0.06     0.00
  MONTH TO DATE    0.48               0.93  -0.45     0.26
  SINCE SEP 1     11.92               8.49   3.43     8.79
  SINCE JAN 1     39.25              30.86   8.39    36.56

SNOWFALL (IN)
  YESTERDAY        3.8   12.2  1983   0.6    3.2      0.0
  MONTH TO DATE    5.2                4.7    0.5      0.0
  SINCE SEP 1     14.0               10.8    3.2       T
  SINCE JUL 1     14.0               10.8    3.2       T
  SNOW DEPTH       1

DEGREE DAYS
 HEATING
  YESTERDAY       48                 32     16       23
  MONTH TO DATE  329                270     59      156
  SINCE SEP 1   1089               1246   -157      910
  SINCE JUL 1   1354               1431    -77     1010

 COOLING
  YESTERDAY        0                  0      0        0
  MONTH TO DATE    0                  0      0        0
  SINCE SEP 1     52                 22     30       10
  SINCE JAN 1    145                242    -97      246
...........................................................


WIND (MPH)
  RESULTANT WIND SPEED  MM   RESULTANT WIND DIRECTION  MM
  HIGHEST WIND SPEED    MM   HIGHEST WIND DIRECTION    MM
  HIGHEST GUST SPEED    32   HIGHEST GUST DIRECTION    NW (315)
  AVERAGE WIND SPEED    MM


SKY COVER
  POSSIBLE SUNSHINE  MM
  AVERAGE SKY COVER  MM


WEATHER CONDITIONS
 THE FOLLOWING WEATHER WAS RECORDED YESTERDAY.
  SNOW
  LIGHT SNOW


RELATIVE HUMIDITY (PERCENT)
 HIGHEST    MM
 LOWEST     MM
 AVERAGE    MM

..........................................................


THE MARQUETTE MI CLIMATE NORMALS FOR TODAY
                         NORMAL    RECORD    YEAR
 MAXIMUM TEMPERATURE (F)   40        66      2016
 MINIMUM TEMPERATURE (F)   25         1      1979


SUNRISE AND SUNSET
NOVEMBER 10 2017......SUNRISE   745 AM EST   SUNSET   522 PM EST
NOVEMBER 11 2017......SUNRISE   747 AM EST   SUNSET   521 PM EST


-  INDICATES NEGATIVE NUMBERS.
R  INDICATES RECORD WAS SET OR TIED.
MM INDICATES DATA IS MISSING.
T  INDICATES TRACE AMOUNT.




$$
