000
CDUS43 KMQT 100530
CLIMQT


CLIMATE REPORT
NATIONAL WEATHER SERVICE MARQUETTE MI
127 AM EDT TUE MAY 10 2016


...................................

...THE MARQUETTE MI CLIMATE SUMMARY FOR MAY 9 2016...

CLIMATE NORMAL PERIOD 1981 TO 2010
CLIMATE RECORD PERIOD 1961 TO 2016


WEATHER ITEM   OBSERVED RECORD YEAR NORMAL DEPARTURE LAST
                VALUE   VALUE       VALUE  FROM      YEAR
                                           NORMAL
...........................................................
TEMPERATURE (F)
 YESTERDAY
  MAXIMUM         61     86    1985  59      2       44
  MINIMUM         28     17    1983  38    -10       35
  AVERAGE         45                 48     -3       40

PRECIPITATION (IN)
  YESTERDAY        0.00   0.94 1990   0.09  -0.09     0.02
  MONTH TO DATE    0.21               0.79  -0.58     0.87
  SINCE MAR 1      7.38               6.83   0.55     4.63
  SINCE JAN 1     12.00              11.38   0.62     7.55

SNOWFALL (IN)
  YESTERDAY        0.0    8.2  1990   0.1   -0.1      0.0
  MONTH TO DATE    T                  0.9   -0.9       T
  SINCE MAR 1     59.7               50.3    9.4     24.4
  SINCE JUL 1    159.8              202.7  -42.9    178.4
  SNOW DEPTH       0

DEGREE DAYS
 HEATING
  YESTERDAY       20                 17      3       25
  MONTH TO DATE  169                165      4      101
  SINCE MAR 1   2192               2243    -51     2163
  SINCE JUL 1   7959               8867   -908     9474

 COOLING
  YESTERDAY        0                  0      0        0
  MONTH TO DATE    0                  0      0        2
  SINCE MAR 1      0                  1     -1        2
  SINCE JAN 1      0                  1     -1        2
...........................................................


WIND (MPH)
  HIGHEST WIND SPEED    MM   HIGHEST WIND DIRECTION    MM
  HIGHEST GUST SPEED    18   HIGHEST GUST DIRECTION     E (90)
  AVERAGE WIND SPEED    MM


SKY COVER
  POSSIBLE SUNSHINE  MM
  AVERAGE SKY COVER  MM


WEATHER CONDITIONS
 THE FOLLOWING WEATHER WAS RECORDED YESTERDAY.
  NO SIGNIFICANT WEATHER WAS OBSERVED.


RELATIVE HUMIDITY (PERCENT)
 HIGHEST    MM
 LOWEST     MM
 AVERAGE    MM

..........................................................


THE MARQUETTE MI CLIMATE NORMALS FOR TODAY
                         NORMAL    RECORD    YEAR
 MAXIMUM TEMPERATURE (F)   60        85      1993
 MINIMUM TEMPERATURE (F)   38        20      1966


SUNRISE AND SUNSET
MAY 10 2016...........SUNRISE   622 AM EDT   SUNSET   912 PM EDT
MAY 11 2016...........SUNRISE   621 AM EDT   SUNSET   913 PM EDT


-  INDICATES NEGATIVE NUMBERS.
R  INDICATES RECORD WAS SET OR TIED.
MM INDICATES DATA IS MISSING.
T  INDICATES TRACE AMOUNT.




$$
