000
CDUS43 KMQT 062201
CLIMQT


CLIMATE REPORT
NATIONAL WEATHER SERVICE MARQUETTE MI
501 PM EST MON NOV 6 2017


...................................

...THE MARQUETTE MI CLIMATE SUMMARY FOR NOVEMBER 6 2017...
VALID TODAY AS OF 0500 PM LOCAL TIME.

CLIMATE NORMAL PERIOD 1981 TO 2010
CLIMATE RECORD PERIOD 1961 TO 2017


WEATHER ITEM   OBSERVED RECORD YEAR NORMAL DEPARTURE LAST
                VALUE   VALUE       VALUE  FROM      YEAR
                                           NORMAL
...........................................................
TEMPERATURE (F)
 TODAY
  MAXIMUM         33     71    2016  42     -9       71
  MINIMUM         27      6    1991  27      0       34
  AVERAGE         30                 35     -5       53

PRECIPITATION (IN)
  TODAY            T      2.18 1988   0.11  -0.11     0.00
  MONTH TO DATE    0.32               0.63  -0.31     0.14
  SINCE SEP 1     11.76               8.19   3.57     8.67
  SINCE JAN 1     39.09              30.56   8.53    36.44

SNOWFALL (IN)
  TODAY            T     12.8  1988   0.5   -0.5      0.0
  MONTH TO DATE    1.4                2.9   -1.5      0.0
  SINCE SEP 1     10.2                9.0    1.2       T
  SINCE JUL 1     10.2                9.0    1.2       T
  SNOW DEPTH       0

DEGREE DAYS
 HEATING
  TODAY           35                 30      5       12
  MONTH TO DATE  197                176     21      105
  SINCE SEP 1    957               1152   -195      859
  SINCE JUL 1   1222               1337   -115      959

 COOLING
  TODAY            0                  0      0        0
  MONTH TO DATE    0                  0      0        0
  SINCE SEP 1     52                 22     30       10
  SINCE JAN 1    145                242    -97      246
...........................................................


WIND (MPH)
  HIGHEST WIND SPEED    MM   HIGHEST WIND DIRECTION    MM
  HIGHEST GUST SPEED    22   HIGHEST GUST DIRECTION     W (270)
  AVERAGE WIND SPEED    MM


SKY COVER
  POSSIBLE SUNSHINE  MM
  AVERAGE SKY COVER  MM


WEATHER CONDITIONS
 THE FOLLOWING WEATHER WAS RECORDED TODAY.
  LIGHT SNOW


RELATIVE HUMIDITY (PERCENT)
 HIGHEST    MM
 LOWEST     MM
 AVERAGE    MM

..........................................................


THE MARQUETTE MI CLIMATE NORMALS FOR TOMORROW
                         NORMAL    RECORD    YEAR
 MAXIMUM TEMPERATURE (F)   42        64      2016
 MINIMUM TEMPERATURE (F)   27         2      1991


SUNRISE AND SUNSET
NOVEMBER  6 2017......SUNRISE   740 AM EST   SUNSET   528 PM EST
NOVEMBER  7 2017......SUNRISE   741 AM EST   SUNSET   526 PM EST


-  INDICATES NEGATIVE NUMBERS.
R  INDICATES RECORD WAS SET OR TIED.
MM INDICATES DATA IS MISSING.
T  INDICATES TRACE AMOUNT.




$$
