000
CDUS43 KMQT 030523
CLIMQT


CLIMATE REPORT
NATIONAL WEATHER SERVICE MARQUETTE MI
1222 AM EST TUE JAN 3 2017


...................................

...THE MARQUETTE MI CLIMATE SUMMARY FOR JANUARY 2 2017...

CLIMATE NORMAL PERIOD 1981 TO 2010
CLIMATE RECORD PERIOD 1961 TO 2017


WEATHER ITEM   OBSERVED RECORD YEAR NORMAL DEPARTURE LAST
                VALUE   VALUE       VALUE  FROM      YEAR
                                           NORMAL
...........................................................
TEMPERATURE (F)
 YESTERDAY
  MAXIMUM         29     37    1998  23      6       36
  MINIMUM         22    -22    1974   7     15       20
  AVERAGE         26                 15     11       28

PRECIPITATION (IN)
  YESTERDAY        T      1.00 2000   0.07  -0.07      T
  MONTH TO DATE    T                  0.15  -0.15      T
  SINCE DEC 1      2.19               2.72  -0.53     4.87
  SINCE JAN 1      T                  0.15  -0.15      T

SNOWFALL (IN)
  YESTERDAY        T     11.6  1999   1.3   -1.3       T
  MONTH TO DATE    0.2                2.7   -2.5      0.3
  SINCE DEC 1     42.2               45.5   -3.3     19.2
  SINCE JUL 1     56.4               76.0  -19.6     27.1
  SNOW DEPTH       9

DEGREE DAYS
 HEATING
  YESTERDAY       39                 50    -11       37
  MONTH TO DATE   83                100    -17       82
  SINCE DEC 1   1516               1540    -24     1192
  SINCE JUL 1   3141               3742   -601     3024

 COOLING
  YESTERDAY        0                  0      0        0
  MONTH TO DATE    0                  0      0        0
  SINCE DEC 1      0                  0      0        0
  SINCE JAN 1      0                  0      0        0
...........................................................


WIND (MPH)
  RESULTANT WIND SPEED  MM   RESULTANT WIND DIRECTION  MM
  HIGHEST WIND SPEED    MM   HIGHEST WIND DIRECTION    MM
  HIGHEST GUST SPEED    13   HIGHEST GUST DIRECTION     E (90)
  AVERAGE WIND SPEED    MM


SKY COVER
  POSSIBLE SUNSHINE  MM
  AVERAGE SKY COVER  MM


WEATHER CONDITIONS
 THE FOLLOWING WEATHER WAS RECORDED YESTERDAY.
  LIGHT SNOW


RELATIVE HUMIDITY (PERCENT)
 HIGHEST    MM
 LOWEST     MM
 AVERAGE    MM

..........................................................


THE MARQUETTE MI CLIMATE NORMALS FOR TODAY
                         NORMAL    RECORD    YEAR
 MAXIMUM TEMPERATURE (F)   22        41      2007
 MINIMUM TEMPERATURE (F)    7       -19      2014


SUNRISE AND SUNSET
JANUARY  3 2017.......SUNRISE   834 AM EST   SUNSET   516 PM EST
JANUARY  4 2017.......SUNRISE   834 AM EST   SUNSET   517 PM EST


-  INDICATES NEGATIVE NUMBERS.
R  INDICATES RECORD WAS SET OR TIED.
MM INDICATES DATA IS MISSING.
T  INDICATES TRACE AMOUNT.

$$

TITUS
