000
CDUS43 KMQT 182218
CLIMQT


CLIMATE REPORT
NATIONAL WEATHER SERVICE MARQUETTE MI
514 PM EST TUE NOV 18 2014


...................................

...THE MARQUETTE MI CLIMATE SUMMARY FOR NOVEMBER 18 2014...
VALID TODAY AS OF 500 PM LOCAL TIME.

CLIMATE NORMAL PERIOD 1981 TO 2010
CLIMATE RECORD PERIOD 1961 TO 2014


WEATHER ITEM   OBSERVED RECORD YEAR NORMAL DEPARTURE LAST
                VALUE   VALUE       VALUE  FROM      YEAR
                                           NORMAL
...........................................................
TEMPERATURE (F)
 TODAY
  MAXIMUM         17     60    2001  36    -19       35
  MINIMUM         11     -2    1986  22    -11       24
  AVERAGE         14                 29    -15       30

PRECIPITATION (IN)
  TODAY            0.11   0.52 1985   0.11   0.00     0.02
  MONTH TO DATE    4.20               1.90   2.30     2.43
  SINCE SEP 1     14.79               9.46   5.33     8.83
  SINCE JAN 1     41.53              31.83   9.70    36.58

SNOWFALL (IN)
  TODAY            2.9    5.8  2008   0.9    2.0      0.5
  MONTH TO DATE   44.3               11.6   32.7      6.8
  SINCE SEP 1     47.5               17.7   29.8     10.3
  SINCE JUL 1     47.5               17.7   29.8     10.3
  SNOW DEPTH      21

DEGREE DAYS
 HEATING
  TODAY           51                 36     15       35
  MONTH TO DATE  721                576    145      540
  SINCE SEP 1   1706               1552    154     1427
  SINCE JUL 1   1953               1737    216     1641

 COOLING
  TODAY            0                  0      0        0
  MONTH TO DATE    0                  0      0        0
  SINCE SEP 1      5                 22    -17       10
  SINCE JAN 1    152                242    -90      280
...........................................................


WIND (MPH)
  HIGHEST WIND SPEED    MM   HIGHEST WIND DIRECTION    MM
  HIGHEST GUST SPEED    29   HIGHEST GUST DIRECTION    NW (315)
  AVERAGE WIND SPEED    MM


SKY COVER
  POSSIBLE SUNSHINE  MM
  AVERAGE SKY COVER  MM


WEATHER CONDITIONS
 THE FOLLOWING WEATHER WAS RECORDED TODAY.
  SNOW
  LIGHT SNOW
  BLOWING SNOW


RELATIVE HUMIDITY (PERCENT)
 HIGHEST    MM
 LOWEST     MM
 AVERAGE    MM

..........................................................


THE MARQUETTE MI CLIMATE NORMALS FOR TOMORROW
                         NORMAL    RECORD    YEAR
 MAXIMUM TEMPERATURE (F)   36        53      1963
 MINIMUM TEMPERATURE (F)   22        -3      1986


SUNRISE AND SUNSET
NOVEMBER 18 2014......SUNRISE   756 AM EST   SUNSET   514 PM EST
NOVEMBER 19 2014......SUNRISE   758 AM EST   SUNSET   513 PM EST


-  INDICATES NEGATIVE NUMBERS.
R  INDICATES RECORD WAS SET OR TIED.
MM INDICATES DATA IS MISSING.
T  INDICATES TRACE AMOUNT.




$$
