000
CDUS43 KMQT 240519
CLIMQT


CLIMATE REPORT
NATIONAL WEATHER SERVICE MARQUETTE MI
1217 AM EST TUE FEB 24 2015


...................................

...THE MARQUETTE MI CLIMATE SUMMARY FOR FEBRUARY 23 2015...

CLIMATE NORMAL PERIOD 1981 TO 2010
CLIMATE RECORD PERIOD 1961 TO 2015


WEATHER ITEM   OBSERVED RECORD YEAR NORMAL DEPARTURE LAST
                VALUE   VALUE       VALUE  FROM      YEAR
                                           NORMAL
...........................................................
TEMPERATURE (F)
 YESTERDAY
  MAXIMUM         10     49    2000  28    -18       11
                               1984
  MINIMUM        -28R   -15    1965   7    -35        3
  AVERAGE         -9                 17    -26        7

PRECIPITATION (IN)
  YESTERDAY        0.00   0.31 1979   0.08  -0.08      T
  MONTH TO DATE    1.58               1.71  -0.13     1.22
  SINCE DEC 1      5.11               6.69  -1.58     5.98
  SINCE JAN 1      2.83               4.12  -1.29     3.40

SNOWFALL (IN)
  YESTERDAY        0.0    6.0  1990   1.3   -1.3       T
  MONTH TO DATE   38.3               29.4    8.9     18.3
  SINCE DEC 1     95.4              115.4  -20.0    104.4
  SINCE JUL 1    151.6              145.9    5.7    126.9
  SNOW DEPTH      32

DEGREE DAYS
 HEATING
  YESTERDAY       74                 48     26       58
  MONTH TO DATE 1435               1152    283     1308
  SINCE DEC 1   4469               4187    282     4806
  SINCE JUL 1   6999               6389    610     6975

 COOLING
  YESTERDAY        0                  0      0        0
  MONTH TO DATE    0                  0      0        0
  SINCE DEC 1      0                  0      0        0
  SINCE JAN 1      0                  0      0        0
...........................................................


WIND (MPH)
  RESULTANT WIND SPEED  MM   RESULTANT WIND DIRECTION  MM
  HIGHEST WIND SPEED    MM   HIGHEST WIND DIRECTION    MM
  HIGHEST GUST SPEED    29   HIGHEST GUST DIRECTION    SW (225)
  AVERAGE WIND SPEED    MM


SKY COVER
  POSSIBLE SUNSHINE  MM
  AVERAGE SKY COVER  MM


WEATHER CONDITIONS
 THE FOLLOWING WEATHER WAS RECORDED YESTERDAY.
  NO SIGNIFICANT WEATHER WAS OBSERVED.


RELATIVE HUMIDITY (PERCENT)
 HIGHEST    MM
 LOWEST     MM
 AVERAGE    MM

..........................................................


THE MARQUETTE MI CLIMATE NORMALS FOR TODAY
                         NORMAL    RECORD    YEAR
 MAXIMUM TEMPERATURE (F)   28        57      1976
 MINIMUM TEMPERATURE (F)    7       -24      1963


SUNRISE AND SUNSET
FEBRUARY 24 2015......SUNRISE   739 AM EST   SUNSET   629 PM EST
FEBRUARY 25 2015......SUNRISE   737 AM EST   SUNSET   630 PM EST


-  INDICATES NEGATIVE NUMBERS.
R  INDICATES RECORD WAS SET OR TIED.
MM INDICATES DATA IS MISSING.
T  INDICATES TRACE AMOUNT.




$$
