000
CDUS43 KMQT 312106
CLIMQT


CLIMATE REPORT
NATIONAL WEATHER SERVICE MARQUETTE MI
505 PM EDT TUE OCT 31 2017


...................................

...THE MARQUETTE MI CLIMATE SUMMARY FOR OCTOBER 31 2017...
VALID TODAY AS OF 0500 PM LOCAL TIME.

CLIMATE NORMAL PERIOD 1981 TO 2010
CLIMATE RECORD PERIOD 1961 TO 2017


WEATHER ITEM   OBSERVED RECORD YEAR NORMAL DEPARTURE LAST
                VALUE   VALUE       VALUE  FROM      YEAR
                                           NORMAL
...........................................................
TEMPERATURE (F)
 TODAY
  MAXIMUM         33     65    1999  45    -12       48
  MINIMUM         26     14    1984  29     -3       34
  AVERAGE         30                 37     -7       41

PRECIPITATION (IN)
  TODAY            0.18   1.08 1974   0.11   0.07     0.01
  MONTH TO DATE    8.19               3.84   4.35     2.83
  SINCE SEP 1     11.44               7.56   3.88     8.53
  SINCE JAN 1     38.77              29.93   8.84    36.30

SNOWFALL (IN)
  TODAY            2.8    2.9  2012   0.4    2.4      0.0
  MONTH TO DATE    8.8                6.0    2.8       T
  SINCE SEP 1      8.8                6.1    2.7       T
  SINCE JUL 1      8.8                6.1    2.7       T
  SNOW DEPTH       6

DEGREE DAYS
 HEATING
  TODAY           35                 28      7       24
  MONTH TO DATE  543                679   -136      581
  SINCE SEP 1    759                976   -217      754
  SINCE JUL 1   1024               1161   -137      854

 COOLING
  TODAY            0                  0      0        0
  MONTH TO DATE    3                  1      2        0
  SINCE SEP 1     52                 22     30       10
  SINCE JAN 1    145                242    -97      246
...........................................................


WIND (MPH)
  HIGHEST WIND SPEED    MM   HIGHEST WIND DIRECTION    MM
  HIGHEST GUST SPEED    14   HIGHEST GUST DIRECTION    SW (225)
  AVERAGE WIND SPEED    MM


SKY COVER
  POSSIBLE SUNSHINE  MM
  AVERAGE SKY COVER  MM


WEATHER CONDITIONS
 THE FOLLOWING WEATHER WAS RECORDED TODAY.
  HEAVY SNOW
  SNOW
  LIGHT SNOW


RELATIVE HUMIDITY (PERCENT)
 HIGHEST    MM
 LOWEST     MM
 AVERAGE    MM

..........................................................


THE MARQUETTE MI CLIMATE NORMALS FOR TOMORROW
                         NORMAL    RECORD    YEAR
 MAXIMUM TEMPERATURE (F)   45        69      1990
 MINIMUM TEMPERATURE (F)   29        12      1993


SUNRISE AND SUNSET
OCTOBER 31 2017.......SUNRISE   831 AM EDT   SUNSET   636 PM EDT
NOVEMBER  1 2017......SUNRISE   832 AM EDT   SUNSET   635 PM EDT


-  INDICATES NEGATIVE NUMBERS.
R  INDICATES RECORD WAS SET OR TIED.
MM INDICATES DATA IS MISSING.
T  INDICATES TRACE AMOUNT.




$$
