000
CDUS43 KMQT 060522
CLIMQT


CLIMATE REPORT
NATIONAL WEATHER SERVICE MARQUETTE MI
116 AM EDT THU APR 6 2017


...................................

...THE MARQUETTE MI CLIMATE SUMMARY FOR APRIL 5 2017...

CLIMATE NORMAL PERIOD 1981 TO 2010
CLIMATE RECORD PERIOD 1961 TO 2017


WEATHER ITEM   OBSERVED RECORD YEAR NORMAL DEPARTURE LAST
                VALUE   VALUE       VALUE  FROM      YEAR
                                           NORMAL
...........................................................
TEMPERATURE (F)
 YESTERDAY
  MAXIMUM         50     77    1991  43      7       39
  MINIMUM         24     -7    2016  23      1       -7
  AVERAGE         37                 33      4       16

PRECIPITATION (IN)
  YESTERDAY        0.00   1.27 1977   0.10  -0.10     0.22
  MONTH TO DATE    0.05               0.53  -0.48     1.06
  SINCE MAR 1      1.89               3.56  -1.67     4.40
  SINCE JAN 1      6.47               8.11  -1.64     9.02

SNOWFALL (IN)
  YESTERDAY        0.0   15.5  1977   0.7   -0.7      3.3
  MONTH TO DATE    0.0                3.8   -3.8     21.6
  SINCE MAR 1     19.9               38.7  -18.8     40.4
  SINCE JUL 1    141.0              191.1  -50.1    140.5
  SNOW DEPTH       0

DEGREE DAYS
 HEATING
  YESTERDAY       28                 32     -4       49
  MONTH TO DATE  124                166    -42      245
  SINCE MAR 1   1376               1429    -53     1341
  SINCE JUL 1   7060               8053   -993     7108

 COOLING
  YESTERDAY        0                  0      0        0
  MONTH TO DATE    0                  0      0        0
  SINCE MAR 1      0                  0      0        0
  SINCE JAN 1      0                  0      0        0
...........................................................


WIND (MPH)
  RESULTANT WIND SPEED  MM   RESULTANT WIND DIRECTION  MM
  HIGHEST WIND SPEED    MM   HIGHEST WIND DIRECTION    MM
  HIGHEST GUST SPEED    20   HIGHEST GUST DIRECTION     N (360)
  AVERAGE WIND SPEED    MM


SKY COVER
  POSSIBLE SUNSHINE  MM
  AVERAGE SKY COVER  MM


WEATHER CONDITIONS
 THE FOLLOWING WEATHER WAS RECORDED YESTERDAY.
  NO SIGNIFICANT WEATHER WAS OBSERVED.


RELATIVE HUMIDITY (PERCENT)
 HIGHEST    MM
 LOWEST     MM
 AVERAGE    MM

..........................................................


THE MARQUETTE MI CLIMATE NORMALS FOR TODAY
                         NORMAL    RECORD    YEAR
 MAXIMUM TEMPERATURE (F)   43        79      1991
 MINIMUM TEMPERATURE (F)   23        -9      2003


SUNRISE AND SUNSET
APRIL  6 2017.........SUNRISE   720 AM EDT   SUNSET   826 PM EDT
APRIL  7 2017.........SUNRISE   718 AM EDT   SUNSET   828 PM EDT


-  INDICATES NEGATIVE NUMBERS.
R  INDICATES RECORD WAS SET OR TIED.
MM INDICATES DATA IS MISSING.
T  INDICATES TRACE AMOUNT.




$$
