000
CDUS43 KMQT 110512
CLIMQT


CLIMATE REPORT
NATIONAL WEATHER SERVICE MARQUETTE MI
112 AM EDT THU SEP 11 2014


...................................

...THE MARQUETTE MI CLIMATE SUMMARY FOR SEPTEMBER 10 2014...

CLIMATE NORMAL PERIOD 1981 TO 2010
CLIMATE RECORD PERIOD 1961 TO 2014


WEATHER ITEM   OBSERVED RECORD YEAR NORMAL DEPARTURE LAST
                VALUE   VALUE       VALUE  FROM      YEAR
                                           NORMAL
...........................................................
TEMPERATURE (F)
 YESTERDAY
  MAXIMUM         62     83    2005  68     -6       76
                               2003
  MINIMUM         39     27    1967  48     -9       60
  AVERAGE         51                 58     -7       68

PRECIPITATION (IN)
  YESTERDAY        2.34R  1.24 1978   0.12   2.22     0.03
  MONTH TO DATE    2.90               1.12   1.78     0.45
  SINCE SEP 1      2.90               1.12   1.78     0.45
  SINCE JAN 1     29.64              23.49   6.15    28.20

SNOWFALL (IN)
  YESTERDAY        0.0   MM      MM   0.0    0.0      0.0
  MONTH TO DATE    0.0                0.0    0.0      0.0
  SINCE SEP 1      0.0                0.0    0.0      0.0
  SINCE JUL 1      T                  0.0    0.0      0.0
  SNOW DEPTH       0

DEGREE DAYS
 HEATING
  YESTERDAY       14                  8      6        0
  MONTH TO DATE   36                 68    -32       50
  SINCE SEP 1     36                 68    -32       50
  SINCE JUL 1    283                253     30      264

 COOLING
  YESTERDAY        0                  1     -1        3
  MONTH TO DATE    2                 13    -11        5
  SINCE SEP 1      2                 13    -11        5
  SINCE JAN 1    149                233    -84      275
...........................................................


WIND (MPH)
  RESULTANT WIND SPEED  MM   RESULTANT WIND DIRECTION  MM
  HIGHEST WIND SPEED    MM   HIGHEST WIND DIRECTION    MM
  HIGHEST GUST SPEED    33   HIGHEST GUST DIRECTION    NW (315)
  AVERAGE WIND SPEED    MM


SKY COVER
  POSSIBLE SUNSHINE  MM
  AVERAGE SKY COVER  MM


WEATHER CONDITIONS
 THE FOLLOWING WEATHER WAS RECORDED YESTERDAY.
  HEAVY RAIN
  RAIN
  LIGHT RAIN
  FOG
  FOG W/VISIBILITY <= 1/4 MILE


RELATIVE HUMIDITY (PERCENT)
 HIGHEST    MM
 LOWEST     MM
 AVERAGE    MM

..........................................................


THE MARQUETTE MI CLIMATE NORMALS FOR TODAY
                         NORMAL    RECORD    YEAR
 MAXIMUM TEMPERATURE (F)   68        92      1998
 MINIMUM TEMPERATURE (F)   48        30      1992


SUNRISE AND SUNSET
SEPTEMBER 11 2014.....SUNRISE   723 AM EDT   SUNSET   810 PM EDT
SEPTEMBER 12 2014.....SUNRISE   724 AM EDT   SUNSET   808 PM EDT


-  INDICATES NEGATIVE NUMBERS.
R  INDICATES RECORD WAS SET OR TIED.
MM INDICATES DATA IS MISSING.
T  INDICATES TRACE AMOUNT.




$$
