000
CDUS43 KMQT 042107
CLIMQT


CLIMATE REPORT
NATIONAL WEATHER SERVICE MARQUETTE MI
505 PM EDT TUE APR 4 2017


...................................

...THE MARQUETTE MI CLIMATE SUMMARY FOR APRIL 4 2017...
VALID TODAY AS OF 0500 PM LOCAL TIME.

CLIMATE NORMAL PERIOD 1981 TO 2010
CLIMATE RECORD PERIOD 1961 TO 2017


WEATHER ITEM   OBSERVED RECORD YEAR NORMAL DEPARTURE LAST
                VALUE   VALUE       VALUE  FROM      YEAR
                                           NORMAL
...........................................................
TEMPERATURE (F)
 TODAY
  MAXIMUM         47     62    1997  42      5       24
  MINIMUM         34     -5    1964  22     12        1
  AVERAGE         41                 32      9       13

PRECIPITATION (IN)
  TODAY            0.01   1.79 2007   0.11  -0.10     0.09
  MONTH TO DATE    0.05               0.43  -0.38     0.84
  SINCE MAR 1      1.89               3.46  -1.57     4.18
  SINCE JAN 1      6.47               8.01  -1.54     8.80

SNOWFALL (IN)
  TODAY            0.0   24.0  2007   0.7   -0.7      3.0
  MONTH TO DATE    0.0                3.1   -3.1     18.3
  SINCE MAR 1     19.9               38.0  -18.1     37.1
  SINCE JUL 1    141.0              190.4  -49.4    137.2
  SNOW DEPTH       0

DEGREE DAYS
 HEATING
  TODAY           24                 33     -9       52
  MONTH TO DATE   93                134    -41      196
  SINCE MAR 1   1345               1397    -52     1292
  SINCE JUL 1   7029               8021   -992     7059

 COOLING
  TODAY            0                  0      0        0
  MONTH TO DATE    0                  0      0        0
  SINCE MAR 1      0                  0      0        0
  SINCE JAN 1      0                  0      0        0
...........................................................


WIND (MPH)
  HIGHEST WIND SPEED    MM   HIGHEST WIND DIRECTION    MM
  HIGHEST GUST SPEED    26   HIGHEST GUST DIRECTION    NW (315)
  AVERAGE WIND SPEED    MM


SKY COVER
  POSSIBLE SUNSHINE  MM
  AVERAGE SKY COVER  MM


WEATHER CONDITIONS
 THE FOLLOWING WEATHER WAS RECORDED TODAY.
  FOG
  FOG W/VISIBILITY <= 1/4 MILE
  LIGHT DRIZZLE


RELATIVE HUMIDITY (PERCENT)
 HIGHEST    MM
 LOWEST     MM
 AVERAGE    MM

..........................................................


THE MARQUETTE MI CLIMATE NORMALS FOR TOMORROW
                         NORMAL    RECORD    YEAR
 MAXIMUM TEMPERATURE (F)   43        77      1991
 MINIMUM TEMPERATURE (F)   23        -7      2016


SUNRISE AND SUNSET
APRIL  4 2017.........SUNRISE   723 AM EDT   SUNSET   824 PM EDT
APRIL  5 2017.........SUNRISE   721 AM EDT   SUNSET   825 PM EDT


-  INDICATES NEGATIVE NUMBERS.
R  INDICATES RECORD WAS SET OR TIED.
MM INDICATES DATA IS MISSING.
T  INDICATES TRACE AMOUNT.




$$

JSS
