000
CDUS43 KMQT 020619
CLIMQT


CLIMATE REPORT
NATIONAL WEATHER SERVICE MARQUETTE MI
218 AM EDT MON OCT 2 2017


...................................

...THE MARQUETTE MI CLIMATE SUMMARY FOR OCTOBER 1 2017...

CLIMATE NORMAL PERIOD 1981 TO 2010
CLIMATE RECORD PERIOD 1961 TO 2017


WEATHER ITEM   OBSERVED RECORD YEAR NORMAL DEPARTURE LAST
                VALUE   VALUE       VALUE  FROM      YEAR
                                           NORMAL
...........................................................
TEMPERATURE (F)
 YESTERDAY
  MAXIMUM         67     83    1976  59      8       59
  MINIMUM         46     26    2009  40      6       52
  AVERAGE         57                 49      8       56

PRECIPITATION (IN)
  YESTERDAY        0.00   1.66 1981   0.13  -0.13     0.07
  MONTH TO DATE    0.00               0.13  -0.13     0.07
  SINCE SEP 1      3.25               3.85  -0.60     5.77
  SINCE JAN 1     30.58              26.22   4.36    33.54

SNOWFALL (IN)
  YESTERDAY        0.0    7.4  1981   0.1   -0.1      0.0
  MONTH TO DATE    0.0                0.1   -0.1      0.0
  SINCE SEP 1      T                  0.2   -0.2      0.0
  SINCE JUL 1      T                  0.2   -0.2       T
  SNOW DEPTH       0

DEGREE DAYS
 HEATING
  YESTERDAY        8                 16     -8        9
  MONTH TO DATE    8                 16     -8        9
  SINCE SEP 1    224                313    -89      182
  SINCE JUL 1    489                498     -9      282

 COOLING
  YESTERDAY        0                  0      0        0
  MONTH TO DATE    0                  0      0        0
  SINCE SEP 1     49                 21     28       10
  SINCE JAN 1    142                241    -99      246
...........................................................


WIND (MPH)
  RESULTANT WIND SPEED  MM   RESULTANT WIND DIRECTION  MM
  HIGHEST WIND SPEED    MM   HIGHEST WIND DIRECTION    MM
  HIGHEST GUST SPEED    24   HIGHEST GUST DIRECTION    SW (210)
  AVERAGE WIND SPEED    MM


SKY COVER
  POSSIBLE SUNSHINE  MM
  AVERAGE SKY COVER  MM


WEATHER CONDITIONS
 THE FOLLOWING WEATHER WAS RECORDED YESTERDAY.
  NO SIGNIFICANT WEATHER WAS OBSERVED.


RELATIVE HUMIDITY (PERCENT)
 HIGHEST    MM
 LOWEST     MM
 AVERAGE    MM

..........................................................


THE MARQUETTE MI CLIMATE NORMALS FOR TODAY
                         NORMAL    RECORD    YEAR
 MAXIMUM TEMPERATURE (F)   59        87      1992
 MINIMUM TEMPERATURE (F)   39        24      1975


SUNRISE AND SUNSET
OCTOBER  2 2017.......SUNRISE   750 AM EDT   SUNSET   728 PM EDT
OCTOBER  3 2017.......SUNRISE   752 AM EDT   SUNSET   726 PM EDT


-  INDICATES NEGATIVE NUMBERS.
R  INDICATES RECORD WAS SET OR TIED.
MM INDICATES DATA IS MISSING.
T  INDICATES TRACE AMOUNT.




$$
