000
CDUS43 KMQT 080455
CLIMQT


CLIMATE REPORT
NATIONAL WEATHER SERVICE MARQUETTE MI
1255 AM EDT SAT APR 8 2017


...................................

...THE MARQUETTE MI CLIMATE SUMMARY FOR APRIL 7 2017...

CLIMATE NORMAL PERIOD 1981 TO 2010
CLIMATE RECORD PERIOD 1961 TO 2017


WEATHER ITEM   OBSERVED RECORD YEAR NORMAL DEPARTURE LAST
                VALUE   VALUE       VALUE  FROM      YEAR
                                           NORMAL
...........................................................
TEMPERATURE (F)
 YESTERDAY
  MAXIMUM         49     77    1991  43      6       30
  MINIMUM         28     -5    1979  24      4       16
  AVERAGE         39                 34      5       23

PRECIPITATION (IN)
  YESTERDAY        0.00   0.55 2001   0.11  -0.11     0.20
                               1964
  MONTH TO DATE    0.05               0.75  -0.70     2.24
  SINCE MAR 1      1.89               3.78  -1.89     5.58
  SINCE JAN 1      6.47               8.33  -1.86    10.20

SNOWFALL (IN)
  YESTERDAY        0.0    7.5  2007   0.7   -0.7      1.7
  MONTH TO DATE    0.0                5.2   -5.2     32.2
  SINCE MAR 1     19.9               40.1  -20.2     51.0
  SINCE JUL 1    141.0              192.5  -51.5    151.1
  SNOW DEPTH       0

DEGREE DAYS
 HEATING
  YESTERDAY       26                 31     -5       42
  MONTH TO DATE  180                229    -49      323
  SINCE MAR 1   1432               1492    -60     1419
  SINCE JUL 1   7116               8116  -1000     7186

 COOLING
  YESTERDAY        0                  0      0        0
  MONTH TO DATE    0                  0      0        0
  SINCE MAR 1      0                  0      0        0
  SINCE JAN 1      0                  0      0        0
...........................................................


WIND (MPH)
  RESULTANT WIND SPEED  MM   RESULTANT WIND DIRECTION  MM
  HIGHEST WIND SPEED    MM   HIGHEST WIND DIRECTION    MM
  HIGHEST GUST SPEED    19   HIGHEST GUST DIRECTION    NW (315)
  AVERAGE WIND SPEED    MM


SKY COVER
  POSSIBLE SUNSHINE  MM
  AVERAGE SKY COVER  MM


WEATHER CONDITIONS
 THE FOLLOWING WEATHER WAS RECORDED YESTERDAY.
  NO SIGNIFICANT WEATHER WAS OBSERVED.


RELATIVE HUMIDITY (PERCENT)
 HIGHEST    MM
 LOWEST     MM
 AVERAGE    MM

..........................................................


THE MARQUETTE MI CLIMATE NORMALS FOR TODAY
                         NORMAL    RECORD    YEAR
 MAXIMUM TEMPERATURE (F)   44        58      2011
                                             2005
 MINIMUM TEMPERATURE (F)   24        -5      1977


SUNRISE AND SUNSET
APRIL  8 2017.........SUNRISE   716 AM EDT   SUNSET   829 PM EDT
APRIL  9 2017.........SUNRISE   714 AM EDT   SUNSET   830 PM EDT


-  INDICATES NEGATIVE NUMBERS.
R  INDICATES RECORD WAS SET OR TIED.
MM INDICATES DATA IS MISSING.
T  INDICATES TRACE AMOUNT.

$$
