000
CDUS43 KMQT 030527 CCA
CLIMQT

CLIMATE REPORT
NATIONAL WEATHER SERVICE MARQUETTE MI
120 AM EDT MON APR 3 2017


...................................

...THE MARQUETTE MI CLIMATE SUMMARY FOR APRIL 2 2017...

CLIMATE NORMAL PERIOD 1981 TO 2010
CLIMATE RECORD PERIOD 1961 TO 2017


WEATHER ITEM   OBSERVED RECORD YEAR NORMAL DEPARTURE LAST
                VALUE   VALUE       VALUE  FROM      YEAR
                                           NORMAL
...........................................................
TEMPERATURE (F)
 YESTERDAY
  MAXIMUM         60     75    2010  41     19       21
  MINIMUM         27      2    2013  21      6       10
  AVERAGE         44                 31     13       16

PRECIPITATION (IN)
  YESTERDAY        T      0.64 1963   0.11  -0.11     0.32
  MONTH TO DATE    T                  0.22  -0.22     0.34
  SINCE MAR 1      1.84               3.25  -1.41     3.68
  SINCE JAN 1      6.42               7.80  -1.38     8.30

SNOWFALL (IN)
  YESTERDAY        0.0    7.7  2016   0.8   -0.8      7.7
  MONTH TO DATE    0.0                1.6   -1.6      8.1
  SINCE MAR 1     19.9               36.5  -16.6     26.9
  SINCE JUL 1    141.0              188.9  -47.9    127.0
  SNOW DEPTH       1

DEGREE DAYS
 HEATING
  YESTERDAY       21                 34    -13       49
  MONTH TO DATE   45                 68    -23       90
  SINCE MAR 1   1297               1331    -34     1186
  SINCE JUL 1   6981               7955   -974     6953

 COOLING
  YESTERDAY        0                  0      0        0
  MONTH TO DATE    0                  0      0        0
  SINCE MAR 1      0                  0      0        0
  SINCE JAN 1      0                  0      0        0
...........................................................


WIND (MPH)
  RESULTANT WIND SPEED  MM   RESULTANT WIND DIRECTION  MM
  HIGHEST WIND SPEED    MM   HIGHEST WIND DIRECTION    MM
  HIGHEST GUST SPEED    19   HIGHEST GUST DIRECTION    SW (225)
  AVERAGE WIND SPEED    MM


SKY COVER
  POSSIBLE SUNSHINE  MM
  AVERAGE SKY COVER  MM


WEATHER CONDITIONS
 THE FOLLOWING WEATHER WAS RECORDED YESTERDAY.
  LIGHT RAIN


RELATIVE HUMIDITY (PERCENT)
 HIGHEST    MM
 LOWEST     MM
 AVERAGE    MM

..........................................................


THE MARQUETTE MI CLIMATE NORMALS FOR TODAY
                         NORMAL    RECORD    YEAR
 MAXIMUM TEMPERATURE (F)   42        65      1963
 MINIMUM TEMPERATURE (F)   22         1      2016


SUNRISE AND SUNSET
APRIL  3 2017.........SUNRISE   725 AM EDT   SUNSET   822 PM EDT
APRIL  4 2017.........SUNRISE   723 AM EDT   SUNSET   824 PM EDT


-  INDICATES NEGATIVE NUMBERS.
R  INDICATES RECORD WAS SET OR TIED.
MM INDICATES DATA IS MISSING.
T  INDICATES TRACE AMOUNT.




$$
