000
CDUS43 KMQT 040525
CLIMQT


CLIMATE REPORT
NATIONAL WEATHER SERVICE MARQUETTE MI
119 AM EDT FRI JUL 4 2014


...................................

...THE MARQUETTE MI CLIMATE SUMMARY FOR JULY 3 2014...

CLIMATE NORMAL PERIOD 1981 TO 2010
CLIMATE RECORD PERIOD 1961 TO 2014


WEATHER ITEM   OBSERVED RECORD YEAR NORMAL DEPARTURE LAST
                VALUE   VALUE       VALUE  FROM      YEAR
                                           NORMAL
...........................................................
TEMPERATURE (F)
 YESTERDAY
  MAXIMUM         68     91    2012  76     -8       78
  MINIMUM         47     36    1986  54     -7       44
  AVERAGE         58                 65     -7       61

PRECIPITATION (IN)
  YESTERDAY        0.00   0.90 1983   0.09  -0.09     0.00
  MONTH TO DATE    0.04               0.26  -0.22     0.00
  SINCE JUN 1      5.67               3.10   2.57     3.31
  SINCE JAN 1     18.13              16.74   1.39    20.65

SNOWFALL (IN)
  YESTERDAY        0.0   MM      MM   0.0    0.0      0.0
  MONTH TO DATE    0.0                0.0    0.0      0.0
  SINCE JUN 1      0.0                0.0    0.0      0.0
  SINCE JUL 1      0.0                0.0    0.0      0.0
  SNOW DEPTH       0

DEGREE DAYS
 HEATING
  YESTERDAY        7                  3      4        4
  MONTH TO DATE   13                  9      4       26
  SINCE JUN 1    176                191    -15      224
  SINCE JUL 1     13                  9      4       26

 COOLING
  YESTERDAY        0                  3     -3        0
  MONTH TO DATE    0                  9     -9        0
  SINCE JUN 1     54                 57     -3       39
  SINCE JAN 1     74                 69      5       52
...........................................................


WIND (MPH)
  RESULTANT WIND SPEED  MM   RESULTANT WIND DIRECTION  MM
  HIGHEST WIND SPEED    MM   HIGHEST WIND DIRECTION    MM
  HIGHEST GUST SPEED    19   HIGHEST GUST DIRECTION     E (90)
  AVERAGE WIND SPEED    MM


SKY COVER
  POSSIBLE SUNSHINE  MM
  AVERAGE SKY COVER  MM


WEATHER CONDITIONS
 THE FOLLOWING WEATHER WAS RECORDED YESTERDAY.
  NO SIGNIFICANT WEATHER WAS OBSERVED.


RELATIVE HUMIDITY (PERCENT)
 HIGHEST    MM
 LOWEST     MM
 AVERAGE    MM

..........................................................


THE MARQUETTE MI CLIMATE NORMALS FOR TODAY
                         NORMAL    RECORD    YEAR
 MAXIMUM TEMPERATURE (F)   76        91      1988
 MINIMUM TEMPERATURE (F)   54        36      1972


SUNRISE AND SUNSET
JULY  4 2014..........SUNRISE   603 AM EDT   SUNSET   946 PM EDT
JULY  5 2014..........SUNRISE   604 AM EDT   SUNSET   946 PM EDT


-  INDICATES NEGATIVE NUMBERS.
R  INDICATES RECORD WAS SET OR TIED.
MM INDICATES DATA IS MISSING.
T  INDICATES TRACE AMOUNT.




$$
