000
CDUS43 KMQT 232243 CCA
CLIMQT

CLIMATE REPORT...CORRECTED
NATIONAL WEATHER SERVICE MARQUETTE MI
543 PM EST WED NOV 23 2016

...CORRECTED DAILY SNOWFALL AMOUNT...

...................................

...THE MARQUETTE MI CLIMATE SUMMARY FOR NOVEMBER 23 2016...
VALID TODAY AS OF 0500 PM LOCAL TIME.

CLIMATE NORMAL PERIOD 1981 TO 2010
CLIMATE RECORD PERIOD 1961 TO 2016


WEATHER ITEM   OBSERVED RECORD YEAR NORMAL DEPARTURE LAST
                VALUE   VALUE       VALUE  FROM      YEAR
                                           NORMAL
...........................................................
TEMPERATURE (F)
 TODAY
  MAXIMUM         31     54    2001  34     -3       32
  MINIMUM         25      1    1981  20      5       18
  AVERAGE         28                 27      1       25

PRECIPITATION (IN)
  TODAY            0.11   1.65 1999   0.11   0.00     0.01
  MONTH TO DATE    0.79               2.44  -1.65     1.56
  SINCE SEP 1      9.32              10.00  -0.68     6.10
  SINCE JAN 1     37.09              32.37   4.72    24.31

SNOWFALL (IN)
  TODAY            1.6   18.1  1991   1.1    0.5      0.5
  MONTH TO DATE   11.1               16.5   -5.4      2.6
  SINCE SEP 1     11.1               22.6  -11.5      3.8
  SINCE JUL 1     11.1               22.6  -11.5      3.8
  SNOW DEPTH       4

DEGREE DAYS
 HEATING
  TODAY           37                 38     -1       40
  MONTH TO DATE  551                762   -211      577
  SINCE SEP 1   1305               1738   -433     1395
  SINCE JUL 1   1405               1923   -518     1563

 COOLING
  TODAY            0                  0      0        0
  MONTH TO DATE    0                  0      0        0
  SINCE SEP 1     10                 22    -12       68
  SINCE JAN 1    246                242      4      250
...........................................................


WIND (MPH)
  HIGHEST WIND SPEED    MM   HIGHEST WIND DIRECTION    MM
  HIGHEST GUST SPEED    14   HIGHEST GUST DIRECTION     S (180)
  AVERAGE WIND SPEED    MM


SKY COVER
  POSSIBLE SUNSHINE  MM
  AVERAGE SKY COVER  MM


WEATHER CONDITIONS
 THE FOLLOWING WEATHER WAS RECORDED TODAY.
  LIGHT SNOW


RELATIVE HUMIDITY (PERCENT)
 HIGHEST    MM
 LOWEST     MM
 AVERAGE    MM

..........................................................


THE MARQUETTE MI CLIMATE NORMALS FOR TOMORROW
                         NORMAL    RECORD    YEAR
 MAXIMUM TEMPERATURE (F)   33        55      1984
 MINIMUM TEMPERATURE (F)   19         0      1995


SUNRISE AND SUNSET
NOVEMBER 23 2016......SUNRISE   804 AM EST   SUNSET   509 PM EST
NOVEMBER 24 2016......SUNRISE   805 AM EST   SUNSET   508 PM EST


-  INDICATES NEGATIVE NUMBERS.
R  INDICATES RECORD WAS SET OR TIED.
MM INDICATES DATA IS MISSING.
T  INDICATES TRACE AMOUNT.

$$

TITUS
