594
CDUS43 KMQT 110542
CLIMQT


CLIMATE REPORT
NATIONAL WEATHER SERVICE MARQUETTE MI
142 AM EDT THU MAY 11 2017


...................................

...THE MARQUETTE MI CLIMATE SUMMARY FOR MAY 10 2017...

CLIMATE NORMAL PERIOD 1981 TO 2010
CLIMATE RECORD PERIOD 1961 TO 2017


WEATHER ITEM   OBSERVED RECORD YEAR NORMAL DEPARTURE LAST
                VALUE   VALUE       VALUE  FROM      YEAR
                                           NORMAL
...........................................................
TEMPERATURE (F)
 YESTERDAY
  MAXIMUM         69     85    1993  60      9       66
  MINIMUM         44     20    1966  38      6       40
  AVERAGE         57                 49      8       53

PRECIPITATION (IN)
  YESTERDAY        0.04   1.95 1990   0.09  -0.05     0.00
  MONTH TO DATE    0.66               0.88  -0.22     0.21
  SINCE MAR 1      7.90               6.92   0.98     7.38
  SINCE JAN 1     12.48              11.47   1.01    12.00

SNOWFALL (IN)
  YESTERDAY        0.0   14.2  1990   0.1   -0.1      0.0
  MONTH TO DATE    0.9                1.0   -0.1       T
  SINCE MAR 1     32.9               50.4  -17.5     59.7
  SINCE JUL 1    154.0              202.8  -48.8    159.8
  SNOW DEPTH       0

DEGREE DAYS
 HEATING
  YESTERDAY        8                 16     -8       12
  MONTH TO DATE  235                181     54      181
  SINCE MAR 1   2235               2259    -24     2204
  SINCE JUL 1   7919               8883   -964     7971

 COOLING
  YESTERDAY        0                  0      0        0
  MONTH TO DATE    0                  0      0        0
  SINCE MAR 1      0                  1     -1        0
  SINCE JAN 1      0                  1     -1        0
...........................................................


WIND (MPH)
  RESULTANT WIND SPEED  MM   RESULTANT WIND DIRECTION  MM
  HIGHEST WIND SPEED    MM   HIGHEST WIND DIRECTION    MM
  HIGHEST GUST SPEED    17   HIGHEST GUST DIRECTION    SE (135)
  AVERAGE WIND SPEED    MM


SKY COVER
  POSSIBLE SUNSHINE  MM
  AVERAGE SKY COVER  MM


WEATHER CONDITIONS
 THE FOLLOWING WEATHER WAS RECORDED YESTERDAY.
  LIGHT RAIN


RELATIVE HUMIDITY (PERCENT)
 HIGHEST    MM
 LOWEST     MM
 AVERAGE    MM

..........................................................


THE MARQUETTE MI CLIMATE NORMALS FOR TODAY
                         NORMAL    RECORD    YEAR
 MAXIMUM TEMPERATURE (F)   60        82      1991
 MINIMUM TEMPERATURE (F)   38        23      1990


SUNRISE AND SUNSET
MAY 11 2017...........SUNRISE   621 AM EDT   SUNSET   913 PM EDT
MAY 12 2017...........SUNRISE   620 AM EDT   SUNSET   914 PM EDT


-  INDICATES NEGATIVE NUMBERS.
R  INDICATES RECORD WAS SET OR TIED.
MM INDICATES DATA IS MISSING.
T  INDICATES TRACE AMOUNT.




$$
