000
CDUS43 KMQT 202115
CLIMQT


CLIMATE REPORT
NATIONAL WEATHER SERVICE MARQUETTE MI
515 PM EDT MON JUL 20 2015


...................................

...THE MARQUETTE MI CLIMATE SUMMARY FOR JULY 20 2015...
VALID TODAY AS OF 0500 PM LOCAL TIME.

CLIMATE NORMAL PERIOD 1981 TO 2010
CLIMATE RECORD PERIOD 1961 TO 2015


WEATHER ITEM   OBSERVED RECORD YEAR NORMAL DEPARTURE LAST
                VALUE   VALUE       VALUE  FROM      YEAR
                                           NORMAL
...........................................................
TEMPERATURE (F)
 TODAY
  MAXIMUM         77     94    2011  77      0       81
  MINIMUM         64     39    1992  55      9       64
  AVERAGE         71                 66      5       73

PRECIPITATION (IN)
  TODAY            0.00   0.96 1991   0.10  -0.10     0.00
  MONTH TO DATE    1.66               1.80  -0.14     3.23
  SINCE JUN 1      4.15               4.64  -0.49     8.86
  SINCE JAN 1     15.47              18.28  -2.81    21.32

SNOWFALL (IN)
  TODAY            0.0   MM      MM   0.0    0.0      0.0
  MONTH TO DATE    0.0                0.0    0.0       T
  SINCE JUN 1      0.0                0.0    0.0       T
  SINCE JUL 1      0.0                0.0    0.0       T
  SNOW DEPTH       0

DEGREE DAYS
 HEATING
  TODAY            0                  2     -2        0
  MONTH TO DATE   61                 52      9       78
  SINCE JUN 1    263                234     29      241
  SINCE JUL 1     61                 52      9       78

 COOLING
  TODAY            6                  3      3        8
  MONTH TO DATE   50                 60    -10       24
  SINCE JUN 1     50                108    -58       78
  SINCE JAN 1     52                120    -68       98
...........................................................


WIND (MPH)
  HIGHEST WIND SPEED    MM   HIGHEST WIND DIRECTION    MM
  HIGHEST GUST SPEED    31   HIGHEST GUST DIRECTION     W (270)
  AVERAGE WIND SPEED    MM


SKY COVER
  POSSIBLE SUNSHINE  MM
  AVERAGE SKY COVER  MM


WEATHER CONDITIONS
 THE FOLLOWING WEATHER WAS RECORDED TODAY.
  NO SIGNIFICANT WEATHER WAS OBSERVED.


RELATIVE HUMIDITY (PERCENT)
 HIGHEST    MM
 LOWEST     MM
 AVERAGE    MM

..........................................................


THE MARQUETTE MI CLIMATE NORMALS FOR TOMORROW
                         NORMAL    RECORD    YEAR
 MAXIMUM TEMPERATURE (F)   77        91      2002
 MINIMUM TEMPERATURE (F)   55        37      1992


SUNRISE AND SUNSET
JULY 20 2015..........SUNRISE   617 AM EDT   SUNSET   935 PM EDT
JULY 21 2015..........SUNRISE   618 AM EDT   SUNSET   934 PM EDT


-  INDICATES NEGATIVE NUMBERS.
R  INDICATES RECORD WAS SET OR TIED.
MM INDICATES DATA IS MISSING.
T  INDICATES TRACE AMOUNT.




$$
