000
CDUS43 KMQT 152109
CLIMQT


CLIMATE REPORT
NATIONAL WEATHER SERVICE MARQUETTE MI
508 PM EDT FRI JUL 15 2016


...................................

...THE MARQUETTE MI CLIMATE SUMMARY FOR JULY 15 2016...
VALID TODAY AS OF 0500 PM LOCAL TIME.

CLIMATE NORMAL PERIOD 1981 TO 2010
CLIMATE RECORD PERIOD 1961 TO 2016


WEATHER ITEM   OBSERVED RECORD YEAR NORMAL DEPARTURE LAST
                VALUE   VALUE       VALUE  FROM      YEAR
                                           NORMAL
...........................................................
TEMPERATURE (F)
 TODAY
  MAXIMUM         61     96    2006  77    -16       71
  MINIMUM         53     36    1989  55     -2       43
  AVERAGE         57                 66     -9       57

PRECIPITATION (IN)
  TODAY            0.00   1.23 1970   0.09  -0.09     0.00
  MONTH TO DATE    1.38               1.34   0.04     1.44
  SINCE JUN 1      4.92               4.18   0.74     3.93
  SINCE JAN 1     21.13              17.82   3.31    15.25

SNOWFALL (IN)
  TODAY            0.0   MM      MM   0.0    0.0      0.0
  MONTH TO DATE    0.0                0.0    0.0      0.0
  SINCE JUN 1      T                  0.0    0.0      0.0
  SINCE JUL 1      0.0                0.0    0.0      0.0
  SNOW DEPTH       0

DEGREE DAYS
 HEATING
  TODAY            8                  2      6        8
  MONTH TO DATE   30                 42    -12       61
  SINCE JUN 1    212                224    -12      263
  SINCE JUL 1     30                 42    -12       61

 COOLING
  TODAY            0                  3     -3        0
  MONTH TO DATE   33                 45    -12       26
  SINCE JUN 1     74                 93    -19       26
  SINCE JAN 1     85                105    -20       28
...........................................................


WIND (MPH)
  HIGHEST WIND SPEED    MM   HIGHEST WIND DIRECTION    MM
  HIGHEST GUST SPEED    21   HIGHEST GUST DIRECTION     N (360)
  AVERAGE WIND SPEED    MM


SKY COVER
  POSSIBLE SUNSHINE  MM
  AVERAGE SKY COVER  MM


WEATHER CONDITIONS
 THE FOLLOWING WEATHER WAS RECORDED TODAY.
  LIGHT RAIN


RELATIVE HUMIDITY (PERCENT)
 HIGHEST    MM
 LOWEST     MM
 AVERAGE    MM

..........................................................


THE MARQUETTE MI CLIMATE NORMALS FOR TOMORROW
                         NORMAL    RECORD    YEAR
 MAXIMUM TEMPERATURE (F)   77        93      2006
 MINIMUM TEMPERATURE (F)   55        43      1974
                                             1973
                                             1963


SUNRISE AND SUNSET
JULY 15 2016..........SUNRISE   613 AM EDT   SUNSET   939 PM EDT
JULY 16 2016..........SUNRISE   614 AM EDT   SUNSET   938 PM EDT


-  INDICATES NEGATIVE NUMBERS.
R  INDICATES RECORD WAS SET OR TIED.
MM INDICATES DATA IS MISSING.
T  INDICATES TRACE AMOUNT.




$$
