000
CDUS43 KMQT 010508
CLIMQT


CLIMATE REPORT
NATIONAL WEATHER SERVICE MARQUETTE MI
107 AM EDT FRI SEP 1 2017


...................................

...THE MARQUETTE MI CLIMATE SUMMARY FOR AUGUST 31 2017...

CLIMATE NORMAL PERIOD 1981 TO 2010
CLIMATE RECORD PERIOD 1961 TO 2017


WEATHER ITEM   OBSERVED RECORD YEAR NORMAL DEPARTURE LAST
                VALUE   VALUE       VALUE  FROM      YEAR
                                           NORMAL
...........................................................
TEMPERATURE (F)
 YESTERDAY
  MAXIMUM         57     90    2008  72    -15       65
                               2000
  MINIMUM         37     34    1963  51    -14       50
  AVERAGE         47                 61    -14       58

PRECIPITATION (IN)
  YESTERDAY        0.00   1.39 1977   0.11  -0.11     0.08
  MONTH TO DATE    4.54               3.05   1.49     4.53
  SINCE JUN 1     12.49               8.73   3.76    11.56
  SINCE JAN 1     27.33              22.37   4.96    27.77

SNOWFALL (IN)
  YESTERDAY        0.0   MM      MM   0.0    0.0      0.0
  MONTH TO DATE    0.0                0.0    0.0      0.0
  SINCE JUN 1      T                  0.0    0.0       T
  SINCE JUL 1      T                  0.0    0.0       T
  SNOW DEPTH       0

DEGREE DAYS
 HEATING
  YESTERDAY       18                  5     13        7
  MONTH TO DATE  186                106     80       45
  SINCE JUN 1    406                367     39      282
  SINCE JUL 1    265                185     80      100

 COOLING
  YESTERDAY        0                  2     -2        0
  MONTH TO DATE   16                 66    -50       82
  SINCE JUN 1     93                208   -115      225
  SINCE JAN 1     93                220   -127      236
...........................................................


WIND (MPH)
  RESULTANT WIND SPEED  MM   RESULTANT WIND DIRECTION  MM
  HIGHEST WIND SPEED    MM   HIGHEST WIND DIRECTION    MM
  HIGHEST GUST SPEED    19   HIGHEST GUST DIRECTION     E (90)
  AVERAGE WIND SPEED    MM


SKY COVER
  POSSIBLE SUNSHINE  MM
  AVERAGE SKY COVER  MM


WEATHER CONDITIONS
 THE FOLLOWING WEATHER WAS RECORDED YESTERDAY.
  NO SIGNIFICANT WEATHER WAS OBSERVED.


RELATIVE HUMIDITY (PERCENT)
 HIGHEST    MM
 LOWEST     MM
 AVERAGE    MM

..........................................................


THE MARQUETTE MI CLIMATE NORMALS FOR TODAY
                         NORMAL    RECORD    YEAR
 MAXIMUM TEMPERATURE (F)   71        88      2008
 MINIMUM TEMPERATURE (F)   51        31      1976


SUNRISE AND SUNSET
SEPTEMBER  1 2017.....SUNRISE   711 AM EDT   SUNSET   829 PM EDT
SEPTEMBER  2 2017.....SUNRISE   712 AM EDT   SUNSET   827 PM EDT


-  INDICATES NEGATIVE NUMBERS.
R  INDICATES RECORD WAS SET OR TIED.
MM INDICATES DATA IS MISSING.
T  INDICATES TRACE AMOUNT.

$$

TITUS
