000
CDUS43 KMQT 050503
CLIMQT


CLIMATE REPORT
NATIONAL WEATHER SERVICE MARQUETTE MI
103 AM EDT FRI SEP 5 2014


...................................

...THE MARQUETTE MI CLIMATE SUMMARY FOR SEPTEMBER 4 2014...

CLIMATE NORMAL PERIOD 1981 TO 2010
CLIMATE RECORD PERIOD 1961 TO 2014


WEATHER ITEM   OBSERVED RECORD YEAR NORMAL DEPARTURE LAST
                VALUE   VALUE       VALUE  FROM      YEAR
                                           NORMAL
...........................................................
TEMPERATURE (F)
 YESTERDAY
  MAXIMUM         70     88    1999  70      0       64
  MINIMUM         59     34    1997  50      9       42
                               1963
  AVERAGE         65                 60      5       53

PRECIPITATION (IN)
  YESTERDAY        0.35   4.29 2007   0.11   0.24     0.01
  MONTH TO DATE    0.56               0.43   0.13     0.28
  SINCE SEP 1      0.56               0.43   0.13     0.28
  SINCE JAN 1     27.30              22.80   4.50    28.03

SNOWFALL (IN)
  YESTERDAY        0.0   MM      MM   0.0    0.0      0.0
  MONTH TO DATE    0.0                0.0    0.0      0.0
  SINCE SEP 1      0.0                0.0    0.0      0.0
  SINCE JUL 1      T                  0.0    0.0      0.0
  SNOW DEPTH       0

DEGREE DAYS
 HEATING
  YESTERDAY        0                  6     -6       12
  MONTH TO DATE    5                 24    -19       30
  SINCE SEP 1      5                 24    -19       30
  SINCE JUL 1    252                209     43      244

 COOLING
  YESTERDAY        0                  1     -1        0
  MONTH TO DATE    1                  7     -6        0
  SINCE SEP 1      1                  7     -6        0
  SINCE JAN 1    148                227    -79      270
...........................................................


WIND (MPH)
  RESULTANT WIND SPEED  MM   RESULTANT WIND DIRECTION  MM
  HIGHEST WIND SPEED    MM   HIGHEST WIND DIRECTION    MM
  HIGHEST GUST SPEED    32   HIGHEST GUST DIRECTION    SW (225)
  AVERAGE WIND SPEED    MM


SKY COVER
  POSSIBLE SUNSHINE  MM
  AVERAGE SKY COVER  MM


WEATHER CONDITIONS
 THE FOLLOWING WEATHER WAS RECORDED YESTERDAY.
  THUNDERSTORM
  FOG


RELATIVE HUMIDITY (PERCENT)
 HIGHEST    MM
 LOWEST     MM
 AVERAGE    MM

..........................................................


THE MARQUETTE MI CLIMATE NORMALS FOR TODAY
                         NORMAL    RECORD    YEAR
 MAXIMUM TEMPERATURE (F)   70        88      2007
                                             1998
 MINIMUM TEMPERATURE (F)   50        32      1984
                                             1962


SUNRISE AND SUNSET
SEPTEMBER  5 2014.....SUNRISE   715 AM EDT   SUNSET   821 PM EDT
SEPTEMBER  6 2014.....SUNRISE   717 AM EDT   SUNSET   820 PM EDT


-  INDICATES NEGATIVE NUMBERS.
R  INDICATES RECORD WAS SET OR TIED.
MM INDICATES DATA IS MISSING.
T  INDICATES TRACE AMOUNT.

$$
