000
CDUS43 KMQT 292219
CLIMQT


CLIMATE REPORT
NATIONAL WEATHER SERVICE MARQUETTE MI
514 PM EST THU DEC 29 2016


...................................

...THE MARQUETTE MI CLIMATE SUMMARY FOR DECEMBER 29 2016...
VALID TODAY AS OF 500 PM LOCAL TIME.

CLIMATE NORMAL PERIOD 1981 TO 2010
CLIMATE RECORD PERIOD 1961 TO 2016


WEATHER ITEM   OBSERVED RECORD YEAR NORMAL DEPARTURE LAST
                VALUE   VALUE       VALUE  FROM      YEAR
                                           NORMAL
...........................................................
TEMPERATURE (F)
 TODAY
  MAXIMUM         27     43    1979  23      4       23
  MINIMUM         23    -20    1976   8     15       19
  AVERAGE         25                 15     10       21

PRECIPITATION (IN)
  TODAY            T      0.59 1978   0.08  -0.08     0.38
  MONTH TO DATE    2.05               2.43  -0.38     4.80
  SINCE DEC 1      2.05               2.43  -0.38     4.80
  SINCE JAN 1     40.13              35.54   4.59    29.70

SNOWFALL (IN)
  TODAY            T     11.5  2001   1.4   -1.4      3.6
  MONTH TO DATE   37.6               40.0   -2.4     17.7
  SINCE DEC 1     37.6               40.0   -2.4     17.7
  SINCE JUL 1     51.8               70.5  -18.7     25.6
  SNOW DEPTH       8

DEGREE DAYS
 HEATING
  TODAY           40                 50    -10       44
  MONTH TO DATE 1339               1340     -1     1023
  SINCE DEC 1   1339               1340     -1     1023
  SINCE JUL 1   2964               3542   -578     2855

 COOLING
  TODAY            0                  0      0        0
  MONTH TO DATE    0                  0      0        0
  SINCE DEC 1      0                  0      0        0
  SINCE JAN 1    246                242      4      250
...........................................................


WIND (MPH)
  HIGHEST WIND SPEED    MM   HIGHEST WIND DIRECTION    MM
  HIGHEST GUST SPEED    31   HIGHEST GUST DIRECTION    NW (315)
  AVERAGE WIND SPEED    MM


SKY COVER
  POSSIBLE SUNSHINE  MM
  AVERAGE SKY COVER  MM


WEATHER CONDITIONS
 THE FOLLOWING WEATHER WAS RECORDED TODAY.
  LIGHT SNOW


RELATIVE HUMIDITY (PERCENT)
 HIGHEST    MM
 LOWEST     MM
 AVERAGE    MM

..........................................................


THE MARQUETTE MI CLIMATE NORMALS FOR TOMORROW
                         NORMAL    RECORD    YEAR
 MAXIMUM TEMPERATURE (F)   23        43      1979
 MINIMUM TEMPERATURE (F)    8       -25      1976


SUNRISE AND SUNSET
DECEMBER 29 2016......SUNRISE   834 AM EST   SUNSET   511 PM EST
DECEMBER 30 2016......SUNRISE   834 AM EST   SUNSET   512 PM EST


-  INDICATES NEGATIVE NUMBERS.
R  INDICATES RECORD WAS SET OR TIED.
MM INDICATES DATA IS MISSING.
T  INDICATES TRACE AMOUNT.




$$
