000
CDUS43 KMQT 062211
CLIMQT


CLIMATE REPORT
NATIONAL WEATHER SERVICE MARQUETTE MI
511 PM EST THU NOV 6 2014


...................................

...THE MARQUETTE MI CLIMATE SUMMARY FOR NOVEMBER 6 2014...
VALID TODAY AS OF 0500 PM LOCAL TIME.

CLIMATE NORMAL PERIOD 1981 TO 2010
CLIMATE RECORD PERIOD 1961 TO 2014


WEATHER ITEM   OBSERVED RECORD YEAR NORMAL DEPARTURE LAST
                VALUE   VALUE       VALUE  FROM      YEAR
                                           NORMAL
...........................................................
TEMPERATURE (F)
 TODAY
  MAXIMUM         34     66    2001  42     -8       36
  MINIMUM         31      6    1991  27      4       30
  AVERAGE         33                 35     -2       33

PRECIPITATION (IN)
  TODAY            0.03   2.18 1988   0.11  -0.08     0.69
  MONTH TO DATE    0.32               0.63  -0.31     1.30
  SINCE SEP 1     10.91               8.19   2.72     7.70
  SINCE JAN 1     37.65              30.56   7.09    35.45

SNOWFALL (IN)
  TODAY            0.8   12.8  1988   0.5    0.3      0.8
  MONTH TO DATE    0.9                2.9   -2.0      0.8
  SINCE SEP 1      4.1                9.0   -4.9      4.3
  SINCE JUL 1      4.1                9.0   -4.9      4.3
  SNOW DEPTH       1

DEGREE DAYS
 HEATING
  TODAY           32                 30      2       32
  MONTH TO DATE  170                176     -6      162
  SINCE SEP 1   1155               1152      3     1049
  SINCE JUL 1   1402               1337     65     1263

 COOLING
  TODAY            0                  0      0        0
  MONTH TO DATE    0                  0      0        0
  SINCE SEP 1      5                 22    -17       10
  SINCE JAN 1    152                242    -90      280
...........................................................


WIND (MPH)
  HIGHEST WIND SPEED    MM   HIGHEST WIND DIRECTION    MM
  HIGHEST GUST SPEED    22   HIGHEST GUST DIRECTION     N (360)
  AVERAGE WIND SPEED    MM


SKY COVER
  POSSIBLE SUNSHINE  MM
  AVERAGE SKY COVER  MM


WEATHER CONDITIONS
 THE FOLLOWING WEATHER WAS RECORDED TODAY.
  LIGHT SNOW


RELATIVE HUMIDITY (PERCENT)
 HIGHEST    MM
 LOWEST     MM
 AVERAGE    MM

..........................................................


THE MARQUETTE MI CLIMATE NORMALS FOR TOMORROW
                         NORMAL    RECORD    YEAR
 MAXIMUM TEMPERATURE (F)   42        63      2009
 MINIMUM TEMPERATURE (F)   27         2      1991


SUNRISE AND SUNSET
NOVEMBER  6 2014......SUNRISE   739 AM EST   SUNSET   528 PM EST
NOVEMBER  7 2014......SUNRISE   741 AM EST   SUNSET   527 PM EST


-  INDICATES NEGATIVE NUMBERS.
R  INDICATES RECORD WAS SET OR TIED.
MM INDICATES DATA IS MISSING.
T  INDICATES TRACE AMOUNT.




$$
