000
CDUS43 KMQT 080457
CLIMQT


CLIMATE REPORT
NATIONAL WEATHER SERVICE MARQUETTE MI
1257 AM EDT MON AUG 8 2016


...................................

...THE MARQUETTE MI CLIMATE SUMMARY FOR AUGUST 7 2016...

CLIMATE NORMAL PERIOD 1981 TO 2010
CLIMATE RECORD PERIOD 1961 TO 2016


WEATHER ITEM   OBSERVED RECORD YEAR NORMAL DEPARTURE LAST
                VALUE   VALUE       VALUE  FROM      YEAR
                                           NORMAL
...........................................................
TEMPERATURE (F)
 YESTERDAY
  MAXIMUM         76     95    2001  76      0       65
  MINIMUM         53     38    1990  54     -1       58
  AVERAGE         65                 65      0       62

PRECIPITATION (IN)
  YESTERDAY        0.00   0.65 1986   0.10  -0.10     0.31
  MONTH TO DATE    0.04               0.68  -0.64     0.80
  SINCE JUN 1      7.07               6.36   0.71     4.99
  SINCE JAN 1     23.28              20.00   3.28    16.31

SNOWFALL (IN)
  YESTERDAY        0.0   MM      MM   0.0    0.0      0.0
  MONTH TO DATE    0.0                0.0    0.0      0.0
  SINCE JUN 1      T                  0.0    0.0      0.0
  SINCE JUL 1      T                  0.0    0.0      0.0
  SNOW DEPTH       0

DEGREE DAYS
 HEATING
  YESTERDAY        0                  3     -3        3
  MONTH TO DATE    0                 21    -21       26
  SINCE JUN 1    237                282    -45      296
  SINCE JUL 1     55                100    -45       94

 COOLING
  YESTERDAY        0                  2     -2        0
  MONTH TO DATE   33                 18     15        2
  SINCE JUN 1    176                160     16      108
  SINCE JAN 1    187                172     15      110
...........................................................


WIND (MPH)
  RESULTANT WIND SPEED  MM   RESULTANT WIND DIRECTION  MM
  HIGHEST WIND SPEED    MM   HIGHEST WIND DIRECTION    MM
  HIGHEST GUST SPEED    14   HIGHEST GUST DIRECTION     E (90)
  AVERAGE WIND SPEED    MM


SKY COVER
  POSSIBLE SUNSHINE  MM
  AVERAGE SKY COVER  MM


WEATHER CONDITIONS
 THE FOLLOWING WEATHER WAS RECORDED YESTERDAY.
  NO SIGNIFICANT WEATHER WAS OBSERVED.


RELATIVE HUMIDITY (PERCENT)
 HIGHEST    MM
 LOWEST     MM
 AVERAGE    MM

..........................................................


THE MARQUETTE MI CLIMATE NORMALS FOR TODAY
                         NORMAL    RECORD    YEAR
 MAXIMUM TEMPERATURE (F)   76        91      2005
 MINIMUM TEMPERATURE (F)   54        40      1964


SUNRISE AND SUNSET
AUGUST  8 2016........SUNRISE   640 AM EDT   SUNSET   910 PM EDT
AUGUST  9 2016........SUNRISE   642 AM EDT   SUNSET   909 PM EDT


-  INDICATES NEGATIVE NUMBERS.
R  INDICATES RECORD WAS SET OR TIED.
MM INDICATES DATA IS MISSING.
T  INDICATES TRACE AMOUNT.

$$
