000
CDUS43 KMQT 152207
CLIMQT


CLIMATE REPORT
NATIONAL WEATHER SERVICE MARQUETTE MI
507 PM EST SUN FEB 15 2015


...................................

...THE MARQUETTE MI CLIMATE SUMMARY FOR FEBRUARY 15 2015...
VALID TODAY AS OF 0500 PM LOCAL TIME.

CLIMATE NORMAL PERIOD 1981 TO 2010
CLIMATE RECORD PERIOD 1961 TO 2015


WEATHER ITEM   OBSERVED RECORD YEAR NORMAL DEPARTURE LAST
                VALUE   VALUE       VALUE  FROM      YEAR
                                           NORMAL
...........................................................
TEMPERATURE (F)
 TODAY
  MAXIMUM          5     46    1981  26    -21       13
  MINIMUM         -5    -21    1974   5    -10       -2
  AVERAGE          0                 15    -15        6

PRECIPITATION (IN)
  TODAY            0.14   0.72 2010   0.08   0.06     0.10
  MONTH TO DATE    1.54               1.09   0.45     0.47
  SINCE DEC 1      5.07               6.07  -1.00     5.23
  SINCE JAN 1      2.79               3.50  -0.71     2.65

SNOWFALL (IN)
  TODAY            2.1   12.4  1988   1.2    0.9      1.0
  MONTH TO DATE   36.6               19.0   17.6     10.0
  SINCE DEC 1     93.7              105.0  -11.3     96.1
  SINCE JUL 1    149.9              135.5   14.4    118.6
  SNOW DEPTH      34

DEGREE DAYS
 HEATING
  TODAY           65                 50     15       59
  MONTH TO DATE  874                763    111      914
  SINCE DEC 1   3908               3798    110     4412
  SINCE JUL 1   6438               6000    438     6581

 COOLING
  TODAY            0                  0      0        0
  MONTH TO DATE    0                  0      0        0
  SINCE DEC 1      0                  0      0        0
  SINCE JAN 1      0                  0      0        0
...........................................................


WIND (MPH)
  HIGHEST WIND SPEED    MM   HIGHEST WIND DIRECTION    MM
  HIGHEST GUST SPEED    20   HIGHEST GUST DIRECTION     N (360)
  AVERAGE WIND SPEED    MM


SKY COVER
  POSSIBLE SUNSHINE  MM
  AVERAGE SKY COVER  MM


WEATHER CONDITIONS
 THE FOLLOWING WEATHER WAS RECORDED TODAY.
  LIGHT SNOW


RELATIVE HUMIDITY (PERCENT)
 HIGHEST    MM
 LOWEST     MM
 AVERAGE    MM

..........................................................


THE MARQUETTE MI CLIMATE NORMALS FOR TOMORROW
                         NORMAL    RECORD    YEAR
 MAXIMUM TEMPERATURE (F)   26        57      2011
 MINIMUM TEMPERATURE (F)    5       -25      1963


SUNRISE AND SUNSET
FEBRUARY 15 2015......SUNRISE   754 AM EST   SUNSET   615 PM EST
FEBRUARY 16 2015......SUNRISE   753 AM EST   SUNSET   617 PM EST


-  INDICATES NEGATIVE NUMBERS.
R  INDICATES RECORD WAS SET OR TIED.
MM INDICATES DATA IS MISSING.
T  INDICATES TRACE AMOUNT.




$$
