000
CDUS43 KMQT 272211
CLIMQT


CLIMATE REPORT
NATIONAL WEATHER SERVICE MARQUETTE MI
510 PM EST MON NOV 27 2017


...................................

...THE MARQUETTE MI CLIMATE SUMMARY FOR NOVEMBER 27 2017...
VALID TODAY AS OF 0500 PM LOCAL TIME.

CLIMATE NORMAL PERIOD 1981 TO 2010
CLIMATE RECORD PERIOD 1961 TO 2017


WEATHER ITEM   OBSERVED RECORD YEAR NORMAL DEPARTURE LAST
                VALUE   VALUE       VALUE  FROM      YEAR
                                           NORMAL
...........................................................
TEMPERATURE (F)
 TODAY
  MAXIMUM         32     53    1998  32      0       38
  MINIMUM         26     -4    2014  18      8       23
  AVERAGE         29                 25      4       31

PRECIPITATION (IN)
  TODAY            0.00   2.16 2001   0.11  -0.11     0.00
  MONTH TO DATE    1.80               2.86  -1.06     1.04
  SINCE SEP 1     13.24              10.42   2.82     9.57
  SINCE JAN 1     40.57              32.79   7.78    37.34

SNOWFALL (IN)
  TODAY            0.0   19.2  2001   1.1   -1.1      0.0
  MONTH TO DATE   16.1               20.9   -4.8     14.2
  SINCE SEP 1     24.9               27.0   -2.1     14.2
  SINCE JUL 1     24.9               27.0   -2.1     14.2
  SNOW DEPTH       T

DEGREE DAYS
 HEATING
  TODAY           36                 40     -4       34
  MONTH TO DATE 1006                919     87      684
  SINCE SEP 1   1766               1895   -129     1438
  SINCE JUL 1   2031               2080    -49     1538

 COOLING
  TODAY            0                  0      0        0
  MONTH TO DATE    0                  0      0        0
  SINCE SEP 1     52                 22     30       10
  SINCE JAN 1    145                242    -97      246
...........................................................


WIND (MPH)
  HIGHEST WIND SPEED    MM   HIGHEST WIND DIRECTION    MM
  HIGHEST GUST SPEED    26   HIGHEST GUST DIRECTION     S (180)
  AVERAGE WIND SPEED    MM


SKY COVER
  POSSIBLE SUNSHINE  MM
  AVERAGE SKY COVER  MM


WEATHER CONDITIONS
 THE FOLLOWING WEATHER WAS RECORDED TODAY.
  NO SIGNIFICANT WEATHER WAS OBSERVED.


RELATIVE HUMIDITY (PERCENT)
 HIGHEST    MM
 LOWEST     MM
 AVERAGE    MM

..........................................................


THE MARQUETTE MI CLIMATE NORMALS FOR TOMORROW
                         NORMAL    RECORD    YEAR
 MAXIMUM TEMPERATURE (F)   32        51      2006
 MINIMUM TEMPERATURE (F)   18        -8      1976


SUNRISE AND SUNSET
NOVEMBER 27 2017......SUNRISE   809 AM EST   SUNSET   507 PM EST
NOVEMBER 28 2017......SUNRISE   810 AM EST   SUNSET   506 PM EST


-  INDICATES NEGATIVE NUMBERS.
R  INDICATES RECORD WAS SET OR TIED.
MM INDICATES DATA IS MISSING.
T  INDICATES TRACE AMOUNT.




$$
