000
CDUS43 KMQT 272114
CLIMQT


CLIMATE REPORT
NATIONAL WEATHER SERVICE MARQUETTE MI
514 PM EDT WED SEP 27 2017


...................................

...THE MARQUETTE MI CLIMATE SUMMARY FOR SEPTEMBER 27 2017...
VALID TODAY AS OF 0500 PM LOCAL TIME.

CLIMATE NORMAL PERIOD 1981 TO 2010
CLIMATE RECORD PERIOD 1961 TO 2017


WEATHER ITEM   OBSERVED RECORD YEAR NORMAL DEPARTURE LAST
                VALUE   VALUE       VALUE  FROM      YEAR
                                           NORMAL
...........................................................
TEMPERATURE (F)
 TODAY
  MAXIMUM         57     79    2014  61     -4       53
  MINIMUM         48     21    1965  41      7       47
  AVERAGE         53                 51      2       50

PRECIPITATION (IN)
  TODAY            T      1.19 2011   0.14  -0.14     0.23
  MONTH TO DATE    2.95               3.32  -0.37     5.21
  SINCE SEP 1      2.95               3.32  -0.37     5.21
  SINCE JAN 1     30.28              25.69   4.59    32.98

SNOWFALL (IN)
  TODAY            0.0   MM      MM   0.0    0.0      0.0
  MONTH TO DATE    T                  0.0    0.0      0.0
  SINCE SEP 1      T                  0.0    0.0      0.0
  SINCE JUL 1      T                  0.0    0.0       T
  SNOW DEPTH       0

DEGREE DAYS
 HEATING
  TODAY           12                 14     -2       15
  MONTH TO DATE  164                252    -88      146
  SINCE SEP 1    164                252    -88      146
  SINCE JUL 1    429                437     -8      246

 COOLING
  TODAY            0                  0      0        0
  MONTH TO DATE   49                 21     28       10
  SINCE SEP 1     49                 21     28       10
  SINCE JAN 1    142                241    -99      246
...........................................................


WIND (MPH)
  HIGHEST WIND SPEED    MM   HIGHEST WIND DIRECTION    MM
  HIGHEST GUST SPEED    MM   HIGHEST GUST DIRECTION    MM
  AVERAGE WIND SPEED    MM


SKY COVER
  POSSIBLE SUNSHINE  MM
  AVERAGE SKY COVER  MM


WEATHER CONDITIONS
 THE FOLLOWING WEATHER WAS RECORDED TODAY.
  LIGHT RAIN


RELATIVE HUMIDITY (PERCENT)
 HIGHEST    MM
 LOWEST     MM
 AVERAGE    MM

..........................................................


THE MARQUETTE MI CLIMATE NORMALS FOR TOMORROW
                         NORMAL    RECORD    YEAR
 MAXIMUM TEMPERATURE (F)   60        79      2014
 MINIMUM TEMPERATURE (F)   41        24      1991


SUNRISE AND SUNSET
SEPTEMBER 27 2017.....SUNRISE   744 AM EDT   SUNSET   737 PM EDT
SEPTEMBER 28 2017.....SUNRISE   745 AM EDT   SUNSET   735 PM EDT


-  INDICATES NEGATIVE NUMBERS.
R  INDICATES RECORD WAS SET OR TIED.
MM INDICATES DATA IS MISSING.
T  INDICATES TRACE AMOUNT.




$$
