000
CDUS43 KMQT 110520
CLIMQT


CLIMATE REPORT
NATIONAL WEATHER SERVICE MARQUETTE MI
114 AM EDT MON AUG 11 2014


...................................

...THE MARQUETTE MI CLIMATE SUMMARY FOR AUGUST 10 2014...

CLIMATE NORMAL PERIOD 1981 TO 2010
CLIMATE RECORD PERIOD 1961 TO 2014


WEATHER ITEM   OBSERVED RECORD YEAR NORMAL DEPARTURE LAST
                VALUE   VALUE       VALUE  FROM      YEAR
                                           NORMAL
...........................................................
TEMPERATURE (F)
 YESTERDAY
  MAXIMUM         81     87    1995  75      6       69
  MINIMUM         57     36    1972  54      3       47
  AVERAGE         69                 65      4       58

PRECIPITATION (IN)
  YESTERDAY        0.00   1.29 1983   0.10  -0.10     0.00
  MONTH TO DATE    0.00               0.98  -0.98     0.35
  SINCE JUN 1      9.81               6.66   3.15     8.44
  SINCE JAN 1     22.27              20.30   1.97    25.78

SNOWFALL (IN)
  YESTERDAY        0.0   MM      MM   0.0    0.0      0.0
  MONTH TO DATE    0.0                0.0    0.0      0.0
  SINCE JUN 1      T                  0.0    0.0      0.0
  SINCE JUL 1      T                  0.0    0.0      0.0
  SNOW DEPTH       0

DEGREE DAYS
 HEATING
  YESTERDAY        0                  3     -3        7
  MONTH TO DATE   20                 30    -10       58
  SINCE JUN 1    304                291     13      368
  SINCE JUL 1    141                109     32      170

 COOLING
  YESTERDAY        4                  2      2        0
  MONTH TO DATE    9                 24    -15        2
  SINCE JUN 1    105                166    -61      169
  SINCE JAN 1    125                178    -53      182
...........................................................


WIND (MPH)
  RESULTANT WIND SPEED  MM   RESULTANT WIND DIRECTION  MM
  HIGHEST WIND SPEED    MM   HIGHEST WIND DIRECTION    MM
  HIGHEST GUST SPEED    13   HIGHEST GUST DIRECTION    SW (225)
  AVERAGE WIND SPEED    MM


SKY COVER
  POSSIBLE SUNSHINE  MM
  AVERAGE SKY COVER  MM


WEATHER CONDITIONS
 THE FOLLOWING WEATHER WAS RECORDED YESTERDAY.
  NO SIGNIFICANT WEATHER WAS OBSERVED.


RELATIVE HUMIDITY (PERCENT)
 HIGHEST    MM
 LOWEST     MM
 AVERAGE    MM

..........................................................


THE MARQUETTE MI CLIMATE NORMALS FOR TODAY
                         NORMAL    RECORD    YEAR
 MAXIMUM TEMPERATURE (F)   75        87      1965
 MINIMUM TEMPERATURE (F)   54        38      1967


SUNRISE AND SUNSET
AUGUST 11 2014........SUNRISE   643 AM EDT   SUNSET   906 PM EDT
AUGUST 12 2014........SUNRISE   645 AM EDT   SUNSET   905 PM EDT


-  INDICATES NEGATIVE NUMBERS.
R  INDICATES RECORD WAS SET OR TIED.
MM INDICATES DATA IS MISSING.
T  INDICATES TRACE AMOUNT.




$$
