000
CDUS43 KMQT 180515
CLIMQT


CLIMATE REPORT
NATIONAL WEATHER SERVICE MARQUETTE MI
115 AM EDT THU JUN 18 2015


...................................

...THE MARQUETTE MI CLIMATE SUMMARY FOR JUNE 17 2015...

CLIMATE NORMAL PERIOD 1981 TO 2010
CLIMATE RECORD PERIOD 1961 TO 2015


WEATHER ITEM   OBSERVED RECORD YEAR NORMAL DEPARTURE LAST
                VALUE   VALUE       VALUE  FROM      YEAR
                                           NORMAL
...........................................................
TEMPERATURE (F)
 YESTERDAY
  MAXIMUM         71     92    1995  72     -1       77
  MINIMUM         51     30    1972  50      1       60
  AVERAGE         61                 61      0       69

PRECIPITATION (IN)
  YESTERDAY        0.03   0.86 1978   0.09  -0.06     0.01
  MONTH TO DATE    0.90               1.69  -0.79     2.48
  SINCE JUN 1      0.90               1.69  -0.79     2.48
  SINCE JAN 1     12.22              15.33  -3.11    14.94

SNOWFALL (IN)
  YESTERDAY        0.0   MM      MM   0.0    0.0      0.0
  MONTH TO DATE    0.0                0.0    0.0      0.0
  SINCE JUN 1      0.0                0.0    0.0      0.0
  SINCE JUL 1    178.7              203.3  -24.6    198.9
  SNOW DEPTH       0

DEGREE DAYS
 HEATING
  YESTERDAY        4                  6     -2        0
  MONTH TO DATE  136                126     10      103
  SINCE JUN 1    136                126     10      103
  SINCE JUL 1   9921               9278    643    10339

 COOLING
  YESTERDAY        0                  2     -2        4
  MONTH TO DATE    0                 19    -19       15
  SINCE JUN 1      0                 19    -19       15
  SINCE JAN 1      2                 31    -29       35
...........................................................


WIND (MPH)
  RESULTANT WIND SPEED  MM   RESULTANT WIND DIRECTION  MM
  HIGHEST WIND SPEED    MM   HIGHEST WIND DIRECTION    MM
  HIGHEST GUST SPEED    14   HIGHEST GUST DIRECTION    SE (135)
  AVERAGE WIND SPEED    MM


SKY COVER
  POSSIBLE SUNSHINE  MM
  AVERAGE SKY COVER  MM


WEATHER CONDITIONS
 THE FOLLOWING WEATHER WAS RECORDED YESTERDAY.
  LIGHT RAIN


RELATIVE HUMIDITY (PERCENT)
 HIGHEST    MM
 LOWEST     MM
 AVERAGE    MM

..........................................................


THE MARQUETTE MI CLIMATE NORMALS FOR TODAY
                         NORMAL    RECORD    YEAR
 MAXIMUM TEMPERATURE (F)   73        96      1995
 MINIMUM TEMPERATURE (F)   50        36      2013


SUNRISE AND SUNSET
JUNE 18 2015..........SUNRISE   557 AM EDT   SUNSET   946 PM EDT
JUNE 19 2015..........SUNRISE   557 AM EDT   SUNSET   946 PM EDT


-  INDICATES NEGATIVE NUMBERS.
R  INDICATES RECORD WAS SET OR TIED.
MM INDICATES DATA IS MISSING.
T  INDICATES TRACE AMOUNT.




$$
