000
CDUS43 KMQT 050549
CLIMQT


CLIMATE REPORT
NATIONAL WEATHER SERVICE MARQUETTE MI
1248 AM EST FRI JAN 5 2018


...................................

...THE MARQUETTE MI CLIMATE SUMMARY FOR JANUARY 4 2018...

CLIMATE NORMAL PERIOD 1981 TO 2010
CLIMATE RECORD PERIOD 1961 TO 2018


WEATHER ITEM   OBSERVED RECORD YEAR NORMAL DEPARTURE LAST
                VALUE   VALUE       VALUE  FROM      YEAR
                                           NORMAL
...........................................................
TEMPERATURE (F)
 YESTERDAY
  MAXIMUM          4     41    2007  22    -18       12
  MINIMUM         -1    -16    1968   7     -8       -1
  AVERAGE          2                 14    -12        6

PRECIPITATION (IN)
  YESTERDAY        0.09   1.86 1971   0.07   0.02     0.06
  MONTH TO DATE    0.25               0.30  -0.05     0.10
  SINCE DEC 1      2.39               2.87  -0.48     2.29
  SINCE JAN 1      0.25               0.30  -0.05     0.10

SNOWFALL (IN)
  YESTERDAY        1.8   18.7  1971   1.3    0.5      1.2
  MONTH TO DATE    4.8                5.3   -0.5      2.4
  SINCE DEC 1     42.8               48.1   -5.3     44.4
  SINCE JUL 1     67.8               78.6  -10.8     58.6
  SNOW DEPTH      10

DEGREE DAYS
 HEATING
  YESTERDAY       63                 50     13       59
  MONTH TO DATE  243                200     43      185
  SINCE DEC 1   1822               1640    182     1618
  SINCE JUL 1   3949               3842    107     3243

 COOLING
  YESTERDAY        0                  0      0        0
  MONTH TO DATE    0                  0      0        0
  SINCE DEC 1      0                  0      0        0
  SINCE JAN 1      0                  0      0        0
...........................................................


WIND (MPH)
  RESULTANT WIND SPEED  MM   RESULTANT WIND DIRECTION  MM
  HIGHEST WIND SPEED    MM   HIGHEST WIND DIRECTION    MM
  HIGHEST GUST SPEED    20   HIGHEST GUST DIRECTION    NW (315)
  AVERAGE WIND SPEED    MM


SKY COVER
  POSSIBLE SUNSHINE  MM
  AVERAGE SKY COVER  MM


WEATHER CONDITIONS
 THE FOLLOWING WEATHER WAS RECORDED YESTERDAY.
  LIGHT SNOW


RELATIVE HUMIDITY (PERCENT)
 HIGHEST    MM
 LOWEST     MM
 AVERAGE    MM

..........................................................


THE MARQUETTE MI CLIMATE NORMALS FOR TODAY
                         NORMAL    RECORD    YEAR
 MAXIMUM TEMPERATURE (F)   22        39      2007
 MINIMUM TEMPERATURE (F)    7       -20      1972


SUNRISE AND SUNSET
JANUARY  5 2018.......SUNRISE   834 AM EST   SUNSET   518 PM EST
JANUARY  6 2018.......SUNRISE   834 AM EST   SUNSET   519 PM EST


-  INDICATES NEGATIVE NUMBERS.
R  INDICATES RECORD WAS SET OR TIED.
MM INDICATES DATA IS MISSING.
T  INDICATES TRACE AMOUNT.




$$
