000
CDUS43 KMQT 202128
CLIMQT


CLIMATE REPORT
NATIONAL WEATHER SERVICE MARQUETTE MI
528 PM EDT WED AUG 20 2014


...................................

...THE MARQUETTE MI CLIMATE SUMMARY FOR AUGUST 20 2014...
VALID TODAY AS OF 0500 PM LOCAL TIME.

CLIMATE NORMAL PERIOD 1981 TO 2010
CLIMATE RECORD PERIOD 1961 TO 2014


WEATHER ITEM   OBSERVED RECORD YEAR NORMAL DEPARTURE LAST
                VALUE   VALUE       VALUE  FROM      YEAR
                                           NORMAL
...........................................................
TEMPERATURE (F)
 TODAY
  MAXIMUM         65     91    1976  74     -9       87
  MINIMUM         56     37    2000  53      3       63
                               1991
  AVERAGE         61                 63     -2       75

PRECIPITATION (IN)
  TODAY            0.01   0.48 1997   0.09  -0.08     0.00
  MONTH TO DATE    3.04               1.96   1.08     0.57
  SINCE JUN 1     12.85               7.64   5.21     8.66
  SINCE JAN 1     25.31              21.28   4.03    26.00

SNOWFALL (IN)
  TODAY            0.0   MM      MM   0.0    0.0      0.0
  MONTH TO DATE    0.0                0.0    0.0      0.0
  SINCE JUN 1      T                  0.0    0.0      0.0
  SINCE JUL 1      T                  0.0    0.0      0.0
  SNOW DEPTH       0

DEGREE DAYS
 HEATING
  TODAY            4                  3      1        0
  MONTH TO DATE   91                 60     31       97
  SINCE JUN 1    375                321     54      407
  SINCE JUL 1    212                139     73      209

 COOLING
  TODAY            0                  2     -2       10
  MONTH TO DATE    9                 44    -35       22
  SINCE JUN 1    105                186    -81      189
  SINCE JAN 1    125                198    -73      202
...........................................................


WIND (MPH)
  HIGHEST WIND SPEED    MM   HIGHEST WIND DIRECTION    MM
  HIGHEST GUST SPEED    15   HIGHEST GUST DIRECTION     W (270)
  AVERAGE WIND SPEED    MM


SKY COVER
  POSSIBLE SUNSHINE  MM
  AVERAGE SKY COVER  MM


WEATHER CONDITIONS
 THE FOLLOWING WEATHER WAS RECORDED TODAY.
  LIGHT RAIN
  FOG


RELATIVE HUMIDITY (PERCENT)
 HIGHEST    MM
 LOWEST     MM
 AVERAGE    MM

..........................................................


THE MARQUETTE MI CLIMATE NORMALS FOR TOMORROW
                         NORMAL    RECORD    YEAR
 MAXIMUM TEMPERATURE (F)   74        91      1976
 MINIMUM TEMPERATURE (F)   53        36      1969


SUNRISE AND SUNSET
AUGUST 20 2014........SUNRISE   655 AM EDT   SUNSET   851 PM EDT
AUGUST 21 2014........SUNRISE   656 AM EDT   SUNSET   850 PM EDT


-  INDICATES NEGATIVE NUMBERS.
R  INDICATES RECORD WAS SET OR TIED.
MM INDICATES DATA IS MISSING.
T  INDICATES TRACE AMOUNT.




$$
