000
CDUS43 KMQT 272217
CLIMQT


CLIMATE REPORT
NATIONAL WEATHER SERVICE MARQUETTE MI
515 PM EST TUE DEC 27 2016


...................................

...THE MARQUETTE MI CLIMATE SUMMARY FOR DECEMBER 27 2016...
VALID TODAY AS OF 0500 PM LOCAL TIME.

CLIMATE NORMAL PERIOD 1981 TO 2010
CLIMATE RECORD PERIOD 1961 TO 2016


WEATHER ITEM   OBSERVED RECORD YEAR NORMAL DEPARTURE LAST
                VALUE   VALUE       VALUE  FROM      YEAR
                                           NORMAL
...........................................................
TEMPERATURE (F)
 TODAY
  MAXIMUM         20     42    2008  23     -3       29
                               1994
  MINIMUM         14    -13    1993   8      6       14
  AVERAGE         17                 16      1       22

PRECIPITATION (IN)
  TODAY            T      0.67 2014   0.08  -0.08     0.11
  MONTH TO DATE    2.05               2.28  -0.23     4.42
  SINCE DEC 1      2.05               2.28  -0.23     4.42
  SINCE JAN 1     40.13              35.39   4.74    29.32

SNOWFALL (IN)
  TODAY            T      8.1  1971   1.4   -1.4      2.0
  MONTH TO DATE   37.4               37.2    0.2     13.8
  SINCE DEC 1     37.4               37.2    0.2     13.8
  SINCE JUL 1     51.6               67.7  -16.1     21.7
  SNOW DEPTH       8

DEGREE DAYS
 HEATING
  TODAY           48                 49     -1       43
  MONTH TO DATE 1246               1241      5      931
  SINCE DEC 1   1246               1241      5      931
  SINCE JUL 1   2871               3443   -572     2763

 COOLING
  TODAY            0                  0      0        0
  MONTH TO DATE    0                  0      0        0
  SINCE DEC 1      0                  0      0        0
  SINCE JAN 1    246                242      4      250
...........................................................


WIND (MPH)
  HIGHEST WIND SPEED    MM   HIGHEST WIND DIRECTION    MM
  HIGHEST GUST SPEED    32   HIGHEST GUST DIRECTION     W (270)
  AVERAGE WIND SPEED    MM


SKY COVER
  POSSIBLE SUNSHINE  MM
  AVERAGE SKY COVER  MM


WEATHER CONDITIONS
 THE FOLLOWING WEATHER WAS RECORDED TODAY.
  LIGHT SNOW


RELATIVE HUMIDITY (PERCENT)
 HIGHEST    MM
 LOWEST     MM
 AVERAGE    MM

..........................................................


THE MARQUETTE MI CLIMATE NORMALS FOR TOMORROW
                         NORMAL    RECORD    YEAR
 MAXIMUM TEMPERATURE (F)   23        42      1979
 MINIMUM TEMPERATURE (F)    8       -17      1976


SUNRISE AND SUNSET
DECEMBER 27 2016......SUNRISE   834 AM EST   SUNSET   510 PM EST
DECEMBER 28 2016......SUNRISE   834 AM EST   SUNSET   510 PM EST


-  INDICATES NEGATIVE NUMBERS.
R  INDICATES RECORD WAS SET OR TIED.
MM INDICATES DATA IS MISSING.
T  INDICATES TRACE AMOUNT.




$$
