000
CDUS43 KMQT 062120
CLIMQT


CLIMATE REPORT
NATIONAL WEATHER SERVICE MARQUETTE MI
519 PM EDT TUE SEP 6 2016


...................................

...THE MARQUETTE MI CLIMATE SUMMARY FOR SEPTEMBER 6 2016...
VALID TODAY AS OF 0500 PM LOCAL TIME.

CLIMATE NORMAL PERIOD 1981 TO 2010
CLIMATE RECORD PERIOD 1961 TO 2016


WEATHER ITEM   OBSERVED RECORD YEAR NORMAL DEPARTURE LAST
                VALUE   VALUE       VALUE  FROM      YEAR
                                           NORMAL
...........................................................
TEMPERATURE (F)
 TODAY
  MAXIMUM         74     88    1996  70      4       84
                               1978
  MINIMUM         66     32    1962  49     17       67
  AVERAGE         70                 60     10       76

PRECIPITATION (IN)
  TODAY            1.00   1.87 1995   0.11   0.89     0.34
  MONTH TO DATE    1.05               0.65   0.40     0.65
  SINCE SEP 1      1.05               0.65   0.40     0.65
  SINCE JAN 1     28.82              23.02   5.80    18.86

SNOWFALL (IN)
  TODAY            0.0   MM      MM   0.0    0.0      0.0
  MONTH TO DATE    0.0                0.0    0.0      0.0
  SINCE SEP 1      0.0                0.0    0.0      0.0
  SINCE JUL 1      T                  0.0    0.0      0.0
  SNOW DEPTH       0

DEGREE DAYS
 HEATING
  TODAY            0                  7     -7        0
  MONTH TO DATE   18                 38    -20        0
  SINCE SEP 1     18                 38    -20        0
  SINCE JUL 1    118                223   -105      168

 COOLING
  TODAY            5                  1      4       11
  MONTH TO DATE   11                  9      2       36
  SINCE SEP 1     11                  9      2       36
  SINCE JAN 1    247                229     18      218
...........................................................


WIND (MPH)
  HIGHEST WIND SPEED    MM   HIGHEST WIND DIRECTION    MM
  HIGHEST GUST SPEED    24   HIGHEST GUST DIRECTION     W (270)
  AVERAGE WIND SPEED    MM


SKY COVER
  POSSIBLE SUNSHINE  MM
  AVERAGE SKY COVER  MM


WEATHER CONDITIONS
 THE FOLLOWING WEATHER WAS RECORDED TODAY.
  THUNDERSTORM
  HEAVY RAIN
  RAIN
  LIGHT RAIN
  FOG


RELATIVE HUMIDITY (PERCENT)
 HIGHEST    MM
 LOWEST     MM
 AVERAGE    MM

..........................................................


THE MARQUETTE MI CLIMATE NORMALS FOR TOMORROW
                         NORMAL    RECORD    YEAR
 MAXIMUM TEMPERATURE (F)   69        91      2002
 MINIMUM TEMPERATURE (F)   49        29      1982


SUNRISE AND SUNSET
SEPTEMBER  6 2016.....SUNRISE   717 AM EDT   SUNSET   819 PM EDT
SEPTEMBER  7 2016.....SUNRISE   718 AM EDT   SUNSET   817 PM EDT


-  INDICATES NEGATIVE NUMBERS.
R  INDICATES RECORD WAS SET OR TIED.
MM INDICATES DATA IS MISSING.
T  INDICATES TRACE AMOUNT.




$$
