000
CDUS43 KMQT 300505
CLIMQT


CLIMATE REPORT
NATIONAL WEATHER SERVICE MARQUETTE MI
103 AM EDT MON JUN 30 2014


...................................

...THE MARQUETTE MI CLIMATE SUMMARY FOR JUNE 29 2014...

CLIMATE NORMAL PERIOD 1981 TO 2010
CLIMATE RECORD PERIOD 1961 TO 2014


WEATHER ITEM   OBSERVED RECORD YEAR NORMAL DEPARTURE LAST
                VALUE   VALUE       VALUE  FROM      YEAR
                                           NORMAL
...........................................................
TEMPERATURE (F)
 YESTERDAY
  MAXIMUM         82     92    1996  75      7       65
                               1970
  MINIMUM         66     35    1989  53     13       55
  AVERAGE         74                 64     10       60

PRECIPITATION (IN)
  YESTERDAY        0.12   0.86 1971   0.09   0.03     0.07
  MONTH TO DATE    5.63               2.76   2.87     3.31
  SINCE JUN 1      5.63               2.76   2.87     3.31
  SINCE JAN 1     18.09              16.40   1.69    20.65

SNOWFALL (IN)
  YESTERDAY        0.0   MM      MM   0.0    0.0      0.0
  MONTH TO DATE    0.0                0.0    0.0      0.0
  SINCE JUN 1      0.0                0.0    0.0      0.0
  SINCE JUL 1    198.9              203.3   -4.4    214.7
  SNOW DEPTH       0

DEGREE DAYS
 HEATING
  YESTERDAY        0                  3     -3        5
  MONTH TO DATE  163                179    -16      196
  SINCE JUN 1    163                179    -16      196
  SINCE JUL 1  10399               9331   1068     9339

 COOLING
  YESTERDAY        9                  3      6        0
  MONTH TO DATE   43                 45     -2       39
  SINCE JUN 1     43                 45     -2       39
  SINCE JAN 1     63                 57      6       52
...........................................................


WIND (MPH)
  RESULTANT WIND SPEED  MM   RESULTANT WIND DIRECTION  MM
  HIGHEST WIND SPEED    MM   HIGHEST WIND DIRECTION    MM
  HIGHEST GUST SPEED    27   HIGHEST GUST DIRECTION    SW (225)
  AVERAGE WIND SPEED    MM


SKY COVER
  POSSIBLE SUNSHINE  MM
  AVERAGE SKY COVER  MM


WEATHER CONDITIONS
 THE FOLLOWING WEATHER WAS RECORDED YESTERDAY.
  THUNDERSTORM
  LIGHT RAIN


RELATIVE HUMIDITY (PERCENT)
 HIGHEST    MM
 LOWEST     MM
 AVERAGE    MM

..........................................................


THE MARQUETTE MI CLIMATE NORMALS FOR TODAY
                         NORMAL    RECORD    YEAR
 MAXIMUM TEMPERATURE (F)   75        99      1963
 MINIMUM TEMPERATURE (F)   53        34      1965


SUNRISE AND SUNSET
JUNE 30 2014..........SUNRISE   601 AM EDT   SUNSET   947 PM EDT
JULY  1 2014..........SUNRISE   601 AM EDT   SUNSET   947 PM EDT


-  INDICATES NEGATIVE NUMBERS.
R  INDICATES RECORD WAS SET OR TIED.
MM INDICATES DATA IS MISSING.
T  INDICATES TRACE AMOUNT.




$$
