000
CDUS43 KMQT 172116
CLIMQT


CLIMATE REPORT
NATIONAL WEATHER SERVICE MARQUETTE MI
515 PM EDT SUN APR 17 2016


...................................

...THE MARQUETTE MI CLIMATE SUMMARY FOR APRIL 17 2016...
VALID TODAY AS OF 0500 PM LOCAL TIME.

CLIMATE NORMAL PERIOD 1981 TO 2010
CLIMATE RECORD PERIOD 1961 TO 2016


WEATHER ITEM   OBSERVED RECORD YEAR NORMAL DEPARTURE LAST
                VALUE   VALUE       VALUE  FROM      YEAR
                                           NORMAL
...........................................................
TEMPERATURE (F)
 TODAY
  MAXIMUM         78R    73    2009  49     29       62
                               2002
  MINIMUM         43     15    1983  29     14       39
  AVERAGE         61                 39     22       51

PRECIPITATION (IN)
  TODAY            0.00   0.85 1975   0.10  -0.10     0.00
  MONTH TO DATE    2.59               1.81   0.78     1.88
  SINCE MAR 1      5.93               4.84   1.09     3.14
  SINCE JAN 1     10.55               9.39   1.16     6.06

SNOWFALL (IN)
  TODAY            0.0    3.9  2014   0.5   -0.5      0.0
  MONTH TO DATE   40.8               10.8   30.0      9.7
  SINCE MAR 1     59.6               45.7   13.9     21.0
  SINCE JUL 1    159.7              198.1  -38.4    175.0
  SNOW DEPTH       T

DEGREE DAYS
 HEATING
  TODAY            4                 26    -22       14
  MONTH TO DATE  599                514     85      445
  SINCE MAR 1   1695               1777    -82     1694
  SINCE JUL 1   7462               8401   -939     9005

 COOLING
  TODAY            0                  0      0        0
  MONTH TO DATE    0                  0      0        0
  SINCE MAR 1      0                  0      0        0
  SINCE JAN 1      0                  0      0        0
...........................................................

WIND (MPH)
  HIGHEST WIND SPEED    MM   HIGHEST WIND DIRECTION    MM
  HIGHEST GUST SPEED    18   HIGHEST GUST DIRECTION    SW (225)
  AVERAGE WIND SPEED    MM

SKY COVER
  POSSIBLE SUNSHINE  MM
  AVERAGE SKY COVER  MM

WEATHER CONDITIONS
 THE FOLLOWING WEATHER WAS RECORDED TODAY.
  NO SIGNIFICANT WEATHER WAS OBSERVED.

RELATIVE HUMIDITY (PERCENT)
 HIGHEST    MM
 LOWEST     MM
 AVERAGE    MM
..........................................................

THE MARQUETTE MI CLIMATE NORMALS FOR TOMORROW
                         NORMAL    RECORD    YEAR
 MAXIMUM TEMPERATURE (F)   49        79      2005
 MINIMUM TEMPERATURE (F)   29        15      1983
                                             1974


SUNRISE AND SUNSET
APRIL 17 2016.........SUNRISE   659 AM EDT   SUNSET   841 PM EDT
APRIL 18 2016.........SUNRISE   657 AM EDT   SUNSET   843 PM EDT


-  INDICATES NEGATIVE NUMBERS.
R  INDICATES RECORD WAS SET OR TIED.
MM INDICATES DATA IS MISSING.
T  INDICATES TRACE AMOUNT.




$$
