000
CDUS43 KMQT 282109
CLIMQT


CLIMATE REPORT
NATIONAL WEATHER SERVICE MARQUETTE MI
506 PM EDT SAT JUN 28 2014


...................................

...THE MARQUETTE MI CLIMATE SUMMARY FOR JUNE 28 2014...
VALID TODAY AS OF 500 PM LOCAL TIME.

CLIMATE NORMAL PERIOD 1981 TO 2010
CLIMATE RECORD PERIOD 1961 TO 2014


WEATHER ITEM   OBSERVED RECORD YEAR NORMAL DEPARTURE LAST
                VALUE   VALUE       VALUE  FROM      YEAR
                                           NORMAL
...........................................................
TEMPERATURE (F)
 TODAY
  MAXIMUM         85     93    1996  75     10       64
  MINIMUM         63     36    2003  53     10       56
  AVERAGE         74                 64     10       60

PRECIPITATION (IN)
  TODAY            T      0.75 1981   0.08  -0.08     0.17
  MONTH TO DATE    5.51               2.67   2.84     3.24
  SINCE JUN 1      5.51               2.67   2.84     3.24
  SINCE JAN 1     17.97              16.31   1.66    20.58

SNOWFALL (IN)
  TODAY            0.0   MM      MM   0.0    0.0      0.0
  MONTH TO DATE    0.0                0.0    0.0      0.0
  SINCE JUN 1      0.0                0.0    0.0      0.0
  SINCE JUL 1    198.9              203.3   -4.4    214.7
  SNOW DEPTH       0

DEGREE DAYS
 HEATING
  TODAY            0                  4     -4        5
  MONTH TO DATE  163                176    -13      191
  SINCE JUN 1    163                176    -13      191
  SINCE JUL 1  10399               9328   1071     9334

 COOLING
  TODAY            9                  3      6        0
  MONTH TO DATE   34                 42     -8       39
  SINCE JUN 1     34                 42     -8       39
  SINCE JAN 1     54                 54      0       52
...........................................................


WIND (MPH)
  HIGHEST WIND SPEED    MM   HIGHEST WIND DIRECTION    MM
  HIGHEST GUST SPEED    29   HIGHEST GUST DIRECTION     S (180)
  AVERAGE WIND SPEED    MM


SKY COVER
  POSSIBLE SUNSHINE  MM
  AVERAGE SKY COVER  MM


WEATHER CONDITIONS
 THE FOLLOWING WEATHER WAS RECORDED TODAY.
  LIGHT RAIN


RELATIVE HUMIDITY (PERCENT)
 HIGHEST    MM
 LOWEST     MM
 AVERAGE    MM

..........................................................


THE MARQUETTE MI CLIMATE NORMALS FOR TOMORROW
                         NORMAL    RECORD    YEAR
 MAXIMUM TEMPERATURE (F)   75        92      1996
                                             1970
 MINIMUM TEMPERATURE (F)   53        35      1989


SUNRISE AND SUNSET
JUNE 28 2014..........SUNRISE   600 AM EDT   SUNSET   947 PM EDT
JUNE 29 2014..........SUNRISE   600 AM EDT   SUNSET   947 PM EDT


-  INDICATES NEGATIVE NUMBERS.
R  INDICATES RECORD WAS SET OR TIED.
MM INDICATES DATA IS MISSING.
T  INDICATES TRACE AMOUNT.




$$
