833
CDUS43 KMQT 120459
CLIMQT


CLIMATE REPORT
NATIONAL WEATHER SERVICE MARQUETTE MI
100 AM EDT WED APR 12 2017


...................................

...THE MARQUETTE MI CLIMATE SUMMARY FOR APRIL 11 2017...

CLIMATE NORMAL PERIOD 1981 TO 2010
CLIMATE RECORD PERIOD 1961 TO 2017


WEATHER ITEM   OBSERVED RECORD YEAR NORMAL DEPARTURE LAST
                VALUE   VALUE       VALUE  FROM      YEAR
                                           NORMAL
...........................................................
TEMPERATURE (F)
 YESTERDAY
  MAXIMUM         30     78    1977  45    -15       32
  MINIMUM         26      7    1973  26      0       25
  AVERAGE         28                 36     -8       29

PRECIPITATION (IN)
  YESTERDAY        0.89   2.22 2008   0.10   0.79     0.04
  MONTH TO DATE    2.09               1.18   0.91     2.57
  SINCE MAR 1      3.93               4.21  -0.28     5.91
  SINCE JAN 1      8.51               8.76  -0.25    10.53

SNOWFALL (IN)
  YESTERDAY        9.0   13.6  2008   0.6    8.4      1.0
  MONTH TO DATE    9.0                7.7    1.3     40.2
  SINCE MAR 1     28.9               42.6  -13.7     59.0
  SINCE JUL 1    150.0              195.0  -45.0    159.1
  SNOW DEPTH       7

DEGREE DAYS
 HEATING
  YESTERDAY       37                 29      8       36
  MONTH TO DATE  270                349    -79      488
  SINCE MAR 1   1522               1612    -90     1584
  SINCE JUL 1   7206               8236  -1030     7351

 COOLING
  YESTERDAY        0                  0      0        0
  MONTH TO DATE    0                  0      0        0
  SINCE MAR 1      0                  0      0        0
  SINCE JAN 1      0                  0      0        0
...........................................................


WIND (MPH)
  RESULTANT WIND SPEED  MM   RESULTANT WIND DIRECTION  MM
  HIGHEST WIND SPEED    MM   HIGHEST WIND DIRECTION    MM
  HIGHEST GUST SPEED    19   HIGHEST GUST DIRECTION     E (90)
  AVERAGE WIND SPEED    MM


SKY COVER
  POSSIBLE SUNSHINE  MM
  AVERAGE SKY COVER  MM


WEATHER CONDITIONS
 THE FOLLOWING WEATHER WAS RECORDED YESTERDAY.
  HEAVY SNOW
  SNOW
  LIGHT SNOW
  SLEET


RELATIVE HUMIDITY (PERCENT)
 HIGHEST    MM
 LOWEST     MM
 AVERAGE    MM

..........................................................


THE MARQUETTE MI CLIMATE NORMALS FOR TODAY
                         NORMAL    RECORD    YEAR
 MAXIMUM TEMPERATURE (F)   46        80      1968
 MINIMUM TEMPERATURE (F)   26         9      1992


SUNRISE AND SUNSET
APRIL 12 2017.........SUNRISE   708 AM EDT   SUNSET   834 PM EDT
APRIL 13 2017.........SUNRISE   706 AM EDT   SUNSET   836 PM EDT


-  INDICATES NEGATIVE NUMBERS.
R  INDICATES RECORD WAS SET OR TIED.
MM INDICATES DATA IS MISSING.
T  INDICATES TRACE AMOUNT.

$$
