000
CDUS43 KMQT 252210
CLIMQT


CLIMATE REPORT
NATIONAL WEATHER SERVICE MARQUETTE MI
509 PM EST THU JAN 25 2018


...................................

...THE MARQUETTE MI CLIMATE SUMMARY FOR JANUARY 25 2018...
VALID TODAY AS OF 0500 PM LOCAL TIME.

CLIMATE NORMAL PERIOD 1981 TO 2010
CLIMATE RECORD PERIOD 1961 TO 2018


WEATHER ITEM   OBSERVED RECORD YEAR NORMAL DEPARTURE LAST
                VALUE   VALUE       VALUE  FROM      YEAR
                                           NORMAL
...........................................................
TEMPERATURE (F)
 TODAY
  MAXIMUM         24     49    1973  22      2       32
  MINIMUM          5    -19    1963   4      1       30
  AVERAGE         15                 13      2       31

PRECIPITATION (IN)
  TODAY            T      0.78 1975   0.08  -0.08     0.02
  MONTH TO DATE    2.61               1.95   0.66     1.24
  SINCE DEC 1      4.75               4.52   0.23     3.43
  SINCE JAN 1      2.61               1.95   0.66     1.24

SNOWFALL (IN)
  TODAY            T     14.8  1988   1.4   -1.4      0.2
  MONTH TO DATE   33.2               35.0   -1.8     16.6
  SINCE DEC 1     71.2               77.8   -6.6     58.6
  SINCE JUL 1     96.2              108.3  -12.1     72.8
  SNOW DEPTH      20

DEGREE DAYS
 HEATING
  TODAY           50                 52     -2       34
  MONTH TO DATE 1280               1283     -3     1147
  SINCE DEC 1   2859               2723    136     2580
  SINCE JUL 1   4986               4925     61     4205

 COOLING
  TODAY            0                  0      0        0
  MONTH TO DATE    0                  0      0        0
  SINCE DEC 1      0                  0      0        0
  SINCE JAN 1      0                  0      0        0
...........................................................


WIND (MPH)
  HIGHEST WIND SPEED    MM   HIGHEST WIND DIRECTION    MM
  HIGHEST GUST SPEED    14   HIGHEST GUST DIRECTION     S (180)
  AVERAGE WIND SPEED    MM


SKY COVER
  POSSIBLE SUNSHINE  MM
  AVERAGE SKY COVER  MM


WEATHER CONDITIONS
 THE FOLLOWING WEATHER WAS RECORDED TODAY.
  LIGHT SNOW


RELATIVE HUMIDITY (PERCENT)
 HIGHEST    MM
 LOWEST     MM
 AVERAGE    MM

..........................................................


THE MARQUETTE MI CLIMATE NORMALS FOR TOMORROW
                         NORMAL    RECORD    YEAR
 MAXIMUM TEMPERATURE (F)   22        53      1973
 MINIMUM TEMPERATURE (F)    4       -30      1963


SUNRISE AND SUNSET
JANUARY 25 2018.......SUNRISE   822 AM EST   SUNSET   544 PM EST
JANUARY 26 2018.......SUNRISE   821 AM EST   SUNSET   545 PM EST


-  INDICATES NEGATIVE NUMBERS.
R  INDICATES RECORD WAS SET OR TIED.
MM INDICATES DATA IS MISSING.
T  INDICATES TRACE AMOUNT.




$$
