492
CDUS43 KMQT 130515
CLIMQT


CLIMATE REPORT
NATIONAL WEATHER SERVICE MARQUETTE MI
114 AM EDT THU JUL 13 2017


...................................

...THE MARQUETTE MI CLIMATE SUMMARY FOR JULY 12 2017...

CLIMATE NORMAL PERIOD 1981 TO 2010
CLIMATE RECORD PERIOD 1961 TO 2017


WEATHER ITEM   OBSERVED RECORD YEAR NORMAL DEPARTURE LAST
                VALUE   VALUE       VALUE  FROM      YEAR
                                           NORMAL
...........................................................
TEMPERATURE (F)
 YESTERDAY
  MAXIMUM         60     91    1966  77    -17       84
  MINIMUM         54     43    1988  55     -1       65
  AVERAGE         57                 66     -9       75

PRECIPITATION (IN)
  YESTERDAY        0.30   1.52 1971   0.09   0.21     0.08
  MONTH TO DATE    0.99               1.07  -0.08     1.04
  SINCE JUN 1      6.96               3.91   3.05     4.58
  SINCE JAN 1     21.80              17.55   4.25    20.79

SNOWFALL (IN)
  YESTERDAY        0.0   MM      MM   0.0    0.0      0.0
  MONTH TO DATE    T                  0.0    0.0      0.0
  SINCE JUN 1      T                  0.0    0.0       T
  SINCE JUL 1      T                  0.0    0.0      0.0
  SNOW DEPTH       0

DEGREE DAYS
 HEATING
  YESTERDAY        8                  3      5        0
  MONTH TO DATE   28                 36     -8       18
  SINCE JUN 1    169                218    -49      200
  SINCE JUL 1     28                 36     -8       18

 COOLING
  YESTERDAY        0                  3     -3       10
  MONTH TO DATE   15                 36    -21       22
  SINCE JUN 1     36                 84    -48       63
  SINCE JAN 1     36                 96    -60       74
...........................................................

WIND (MPH)
  RESULTANT WIND SPEED  MM   RESULTANT WIND DIRECTION  MM
  HIGHEST WIND SPEED    MM   HIGHEST WIND DIRECTION    MM
  HIGHEST GUST SPEED    16   HIGHEST GUST DIRECTION     E (90)
  AVERAGE WIND SPEED    MM

SKY COVER
  POSSIBLE SUNSHINE  MM
  AVERAGE SKY COVER  MM

WEATHER CONDITIONS
 THE FOLLOWING WEATHER WAS RECORDED YESTERDAY.
  RAIN
  LIGHT RAIN
  FOG
  FOG W/VISIBILITY <= 1/4 MILE

RELATIVE HUMIDITY (PERCENT)
 HIGHEST    MM
 LOWEST     MM
 AVERAGE    MM
..........................................................

THE MARQUETTE MI CLIMATE NORMALS FOR TODAY
                         NORMAL    RECORD    YEAR
 MAXIMUM TEMPERATURE (F)   77        93      1974
 MINIMUM TEMPERATURE (F)   55        42      1975


SUNRISE AND SUNSET
JULY 13 2017..........SUNRISE   611 AM EDT   SUNSET   941 PM EDT
JULY 14 2017..........SUNRISE   611 AM EDT   SUNSET   940 PM EDT


-  INDICATES NEGATIVE NUMBERS.
R  INDICATES RECORD WAS SET OR TIED.
MM INDICATES DATA IS MISSING.
T  INDICATES TRACE AMOUNT.




$$
