000
CDUS43 KMQT 090457
CLIMQT


CLIMATE REPORT
NATIONAL WEATHER SERVICE MARQUETTE MI
1257 AM EDT FRI SEP 9 2016


...................................

...THE MARQUETTE MI CLIMATE SUMMARY FOR SEPTEMBER 8 2016...

CLIMATE NORMAL PERIOD 1981 TO 2010
CLIMATE RECORD PERIOD 1961 TO 2016


WEATHER ITEM   OBSERVED RECORD YEAR NORMAL DEPARTURE LAST
                VALUE   VALUE       VALUE  FROM      YEAR
                                           NORMAL
...........................................................
TEMPERATURE (F)
 YESTERDAY
  MAXIMUM         75     91    2002  69      6       71
  MINIMUM         55     34    1995  49      6       54
  AVERAGE         65                 59      6       63

PRECIPITATION (IN)
  YESTERDAY        0.07   1.10 1968   0.12  -0.05     0.18
  MONTH TO DATE    1.75               0.89   0.86     1.31
  SINCE SEP 1      1.75               0.89   0.86     1.31
  SINCE JAN 1     29.52              23.26   6.26    19.52

SNOWFALL (IN)
  YESTERDAY        0.0   MM      MM   0.0    0.0      0.0
  MONTH TO DATE    0.0                0.0    0.0      0.0
  SINCE SEP 1      0.0                0.0    0.0      0.0
  SINCE JUL 1      T                  0.0    0.0      0.0
  SNOW DEPTH       0

DEGREE DAYS
 HEATING
  YESTERDAY        0                  7     -7        2
  MONTH TO DATE   20                 52    -32        2
  SINCE SEP 1     20                 52    -32        2
  SINCE JUL 1    120                237   -117      170

 COOLING
  YESTERDAY        0                  1     -1        0
  MONTH TO DATE   10                 11     -1       44
  SINCE SEP 1     10                 11     -1       44
  SINCE JAN 1    246                231     15      226
...........................................................


WIND (MPH)
  RESULTANT WIND SPEED  MM   RESULTANT WIND DIRECTION  MM
  HIGHEST WIND SPEED    MM   HIGHEST WIND DIRECTION    MM
  HIGHEST GUST SPEED    25   HIGHEST GUST DIRECTION     W (270)
  AVERAGE WIND SPEED    MM


SKY COVER
  POSSIBLE SUNSHINE  MM
  AVERAGE SKY COVER  MM


WEATHER CONDITIONS
 THE FOLLOWING WEATHER WAS RECORDED YESTERDAY.
  LIGHT RAIN
  FOG
  FOG W/VISIBILITY <= 1/4 MILE


RELATIVE HUMIDITY (PERCENT)
 HIGHEST    MM
 LOWEST     MM
 AVERAGE    MM

..........................................................


THE MARQUETTE MI CLIMATE NORMALS FOR TODAY
                         NORMAL    RECORD    YEAR
 MAXIMUM TEMPERATURE (F)   69        93      2002
 MINIMUM TEMPERATURE (F)   48        30      1975
                                             1967


SUNRISE AND SUNSET
SEPTEMBER  9 2016.....SUNRISE   721 AM EDT   SUNSET   813 PM EDT
SEPTEMBER 10 2016.....SUNRISE   722 AM EDT   SUNSET   811 PM EDT


-  INDICATES NEGATIVE NUMBERS.
R  INDICATES RECORD WAS SET OR TIED.
MM INDICATES DATA IS MISSING.
T  INDICATES TRACE AMOUNT.

$$
