000
CDUS43 KMQT 090521
CLIMQT


CLIMATE REPORT
NATIONAL WEATHER SERVICE MARQUETTE MI
120 AM EDT SAT AUG 9 2014


...................................

...THE MARQUETTE MI CLIMATE SUMMARY FOR AUGUST 8 2014...

CLIMATE NORMAL PERIOD 1981 TO 2010
CLIMATE RECORD PERIOD 1961 TO 2014


WEATHER ITEM   OBSERVED RECORD YEAR NORMAL DEPARTURE LAST
                VALUE   VALUE       VALUE  FROM      YEAR
                                           NORMAL
...........................................................
TEMPERATURE (F)
 YESTERDAY
  MAXIMUM         79     91    2005  76      3       69
  MINIMUM         55     40    1964  54      1       46
  AVERAGE         67                 65      2       58

PRECIPITATION (IN)
  YESTERDAY        0.00   0.75 1984   0.10  -0.10     0.01
  MONTH TO DATE    0.00               0.78  -0.78     0.35
  SINCE JUN 1      9.81               6.46   3.35     8.44
  SINCE JAN 1     22.27              20.10   2.17    25.78

SNOWFALL (IN)
  YESTERDAY        0.0   MM      MM   0.0    0.0      0.0
  MONTH TO DATE    0.0                0.0    0.0      0.0
  SINCE JUN 1      T                  0.0    0.0      0.0
  SINCE JUL 1      T                  0.0    0.0      0.0
  SNOW DEPTH       0

DEGREE DAYS
 HEATING
  YESTERDAY        0                  3     -3        7
  MONTH TO DATE   20                 24     -4       44
  SINCE JUN 1    304                285     19      354
  SINCE JUL 1    141                103     38      156

 COOLING
  YESTERDAY        2                  2      0        0
  MONTH TO DATE    2                 20    -18        2
  SINCE JUN 1     98                162    -64      169
  SINCE JAN 1    118                174    -56      182
...........................................................


WIND (MPH)
  RESULTANT WIND SPEED  MM   RESULTANT WIND DIRECTION  MM
  HIGHEST WIND SPEED    MM   HIGHEST WIND DIRECTION    MM
  HIGHEST GUST SPEED    16   HIGHEST GUST DIRECTION    NE (45)
  AVERAGE WIND SPEED    MM


SKY COVER
  POSSIBLE SUNSHINE  MM
  AVERAGE SKY COVER  MM


WEATHER CONDITIONS
 THE FOLLOWING WEATHER WAS RECORDED YESTERDAY.
  NO SIGNIFICANT WEATHER WAS OBSERVED.


RELATIVE HUMIDITY (PERCENT)
 HIGHEST    MM
 LOWEST     MM
 AVERAGE    MM

..........................................................


THE MARQUETTE MI CLIMATE NORMALS FOR TODAY
                         NORMAL    RECORD    YEAR
 MAXIMUM TEMPERATURE (F)   75        87      1998
 MINIMUM TEMPERATURE (F)   54        35      1964


SUNRISE AND SUNSET
AUGUST  9 2014........SUNRISE   641 AM EDT   SUNSET   910 PM EDT
AUGUST 10 2014........SUNRISE   642 AM EDT   SUNSET   908 PM EDT


-  INDICATES NEGATIVE NUMBERS.
R  INDICATES RECORD WAS SET OR TIED.
MM INDICATES DATA IS MISSING.
T  INDICATES TRACE AMOUNT.




$$
