000
CDUS43 KMQT 140530
CLIMQT


CLIMATE REPORT
NATIONAL WEATHER SERVICE MARQUETTE MI
1228 AM EST WED JAN 14 2015


...................................

...THE MARQUETTE MI CLIMATE SUMMARY FOR JANUARY 13 2015...

CLIMATE NORMAL PERIOD 1981 TO 2010
CLIMATE RECORD PERIOD 1961 TO 2015


WEATHER ITEM   OBSERVED RECORD YEAR NORMAL DEPARTURE LAST
                VALUE   VALUE       VALUE  FROM      YEAR
                                           NORMAL
...........................................................
TEMPERATURE (F)
 YESTERDAY
  MAXIMUM         13     43    1987  22     -9       30
  MINIMUM         -9    -19    1977   5    -14       23
  AVERAGE          2                 14    -12       27

PRECIPITATION (IN)
  YESTERDAY        T      0.70 1993   0.08  -0.08      T
  MONTH TO DATE    0.76               1.02  -0.26     0.62
  SINCE DEC 1      3.04               3.59  -0.55     3.20
  SINCE JAN 1      0.76               1.02  -0.26     0.62

SNOWFALL (IN)
  YESTERDAY        T     10.4  1993   1.5   -1.5       T
  MONTH TO DATE   14.6               18.1   -3.5      9.4
  SINCE DEC 1     41.6               60.9  -19.3     56.3
  SINCE JUL 1     97.8               91.4    6.4     78.8
  SNOW DEPTH      23

DEGREE DAYS
 HEATING
  YESTERDAY       63                 51     12       38
  MONTH TO DATE  791                659    132      756
  SINCE DEC 1   2156               2099     57     2427
  SINCE JUL 1   4686               4301    385     4596

 COOLING
  YESTERDAY        0                  0      0        0
  MONTH TO DATE    0                  0      0        0
  SINCE DEC 1      0                  0      0        0
  SINCE JAN 1      0                  0      0        0
...........................................................

WIND (MPH)
  RESULTANT WIND SPEED  MM   RESULTANT WIND DIRECTION  MM
  HIGHEST WIND SPEED    MM   HIGHEST WIND DIRECTION    MM
  HIGHEST GUST SPEED    27   HIGHEST GUST DIRECTION    SW (225)
  AVERAGE WIND SPEED    MM

SKY COVER
  POSSIBLE SUNSHINE  MM
  AVERAGE SKY COVER  MM

WEATHER CONDITIONS
 THE FOLLOWING WEATHER WAS RECORDED YESTERDAY.
  LIGHT SNOW

RELATIVE HUMIDITY (PERCENT)
 HIGHEST    MM
 LOWEST     MM
 AVERAGE    MM
..........................................................

THE MARQUETTE MI CLIMATE NORMALS FOR TODAY
                         NORMAL    RECORD    YEAR
 MAXIMUM TEMPERATURE (F)   22        41      1987
 MINIMUM TEMPERATURE (F)    5       -22      1965


SUNRISE AND SUNSET
JANUARY 14 2015.......SUNRISE   831 AM EST   SUNSET   528 PM EST
JANUARY 15 2015.......SUNRISE   830 AM EST   SUNSET   529 PM EST


-  INDICATES NEGATIVE NUMBERS.
R  INDICATES RECORD WAS SET OR TIED.
MM INDICATES DATA IS MISSING.
T  INDICATES TRACE AMOUNT.




$$
