855
CDUS43 KMQT 250530
CLIMQT


CLIMATE REPORT
NATIONAL WEATHER SERVICE MARQUETTE MI
1228 AM EST MON JAN 25 2016


...................................

...THE MARQUETTE MI CLIMATE SUMMARY FOR JANUARY 24 2016...

CLIMATE NORMAL PERIOD 1981 TO 2010
CLIMATE RECORD PERIOD 1961 TO 2016


WEATHER ITEM   OBSERVED RECORD YEAR NORMAL DEPARTURE LAST
                VALUE   VALUE       VALUE  FROM      YEAR
                                           NORMAL
...........................................................
TEMPERATURE (F)
 YESTERDAY
  MAXIMUM         25     39    1981  22      3       33
  MINIMUM         21    -17    2000   4     17       15
  AVERAGE         23                 13     10       24

PRECIPITATION (IN)
  YESTERDAY        T      0.90 1967   0.07  -0.07     0.02
  MONTH TO DATE    1.22               1.87  -0.65     0.93
  SINCE DEC 1      6.09               4.44   1.65     3.21
  SINCE JAN 1      1.22               1.87  -0.65     0.93

SNOWFALL (IN)
  YESTERDAY        T      7.8  1997   1.4   -1.4      0.7
  MONTH TO DATE   24.2               33.6   -9.4     21.2
  SINCE DEC 1     43.1               76.4  -33.3     48.2
  SINCE JUL 1     51.0              106.9  -55.9    104.4
  SNOW DEPTH      12

DEGREE DAYS
 HEATING
  YESTERDAY       42                 52    -10       41
  MONTH TO DATE 1189               1231    -42     1306
  SINCE DEC 1   2299               2671   -372     2671
  SINCE JUL 1   4131               4873   -742     5201

 COOLING
  YESTERDAY        0                  0      0        0
  MONTH TO DATE    0                  0      0        0
  SINCE DEC 1      0                  0      0        0
  SINCE JAN 1      0                  0      0        0
...........................................................


WIND (MPH)
  RESULTANT WIND SPEED  MM   RESULTANT WIND DIRECTION  MM
  HIGHEST WIND SPEED    MM   HIGHEST WIND DIRECTION    MM
  HIGHEST GUST SPEED    21   HIGHEST GUST DIRECTION    SW (225)
  AVERAGE WIND SPEED    MM


SKY COVER
  POSSIBLE SUNSHINE  MM
  AVERAGE SKY COVER  MM


WEATHER CONDITIONS
 THE FOLLOWING WEATHER WAS RECORDED YESTERDAY.
  LT FREEZING RAIN
  LIGHT SNOW


RELATIVE HUMIDITY (PERCENT)
 HIGHEST    MM
 LOWEST     MM
 AVERAGE    MM

..........................................................


THE MARQUETTE MI CLIMATE NORMALS FOR TODAY
                         NORMAL    RECORD    YEAR
 MAXIMUM TEMPERATURE (F)   22        49      1973
 MINIMUM TEMPERATURE (F)    4       -19      1963


SUNRISE AND SUNSET
JANUARY 25 2016.......SUNRISE   822 AM EST   SUNSET   543 PM EST
JANUARY 26 2016.......SUNRISE   821 AM EST   SUNSET   545 PM EST


-  INDICATES NEGATIVE NUMBERS.
R  INDICATES RECORD WAS SET OR TIED.
MM INDICATES DATA IS MISSING.
T  INDICATES TRACE AMOUNT.




$$
